NOAA-Style Climate Reports


Report for 2020 July
                  MONTHLY CLIMATOLOGICAL SUMMARY FOR 7/2020
                                        HEAT  COOL        
     MEAN                               DEG   DEG       WIND SPEED       DOM MEAN  MEAN
DAY  TEMP  HIGH   TIME     LOW   TIME   DAYS  DAYS RAIN AVG  HI  TIME    DIR BAROM HUM
---------------------------------------------------------------------------------------
1    78.0  84.5   4:36pm  71.6   6:42am    0   13  0.00   0   8   4:09pm  NW  1013   78
2    82.3  93.7   4:34pm  71.6   6:43am    0   17  0.00   0   1  12:02am  NW  1012   71
3    83.5  94.3   4:36pm  73.1   6:33am    0   18  0.00   0   2   1:14pm   E  1014   69
4    83.2  94.8   5:40pm  73.0   6:44am    0   18  0.00   0   0  12:00am   N  1013   71
5    83.7  93.7   2:40pm  73.5   6:47am    0   19  0.00   0   3   1:07pm   E  1014   66
6    75.6  83.2   3:13pm  72.7   6:33am    0   11  0.27   0   3   3:49pm ENE  1016   88
7    76.0  82.7   5:44pm  72.7   5:31am    0   11  0.02   0   6   4:57am   E  1015   90
8    80.6  91.1   4:58pm  72.0   6:05am    0   16  0.00   0   1   2:19am   N  1014   77
9    81.1  92.0   6:24pm  74.0   6:36am    0   16  0.00   0   5   4:37pm   E  1013   77
10   81.6  92.8   3:51pm  73.6   6:32am    0   17  0.00   0  20   5:12pm  NW  1013   78
11   82.6  91.8   4:08pm  73.5   7:00am    0   18  0.00   0  10   4:41pm  NW  1012   66
12   80.7  91.9   2:38pm  69.3   6:43am    0   16  0.00   0   5   2:55pm  NW  1011   67
13   82.8  93.6   5:07pm  71.4   6:59am    0   18  0.00   0   8   1:09pm  NW  1011   69
14   84.7  96.7   3:16pm  72.4   6:28am    0   20  0.00   0   3  12:48pm SSW  1015   61
15   85.6  97.9   4:32pm  73.6   6:58am    0   21  0.00   0   4   2:49pm SSW  1017   65
16   84.6  95.9   3:17pm  74.9   6:36am    0   20  0.00   0  10   3:49pm  SW  1020   72
17   85.6  96.3   3:00pm  75.0   6:48am    0   21  0.00   0   3   9:35am SSW  1021   68
18   84.5  95.3   2:30pm  76.6   6:46am    0   20  0.00   0   9   3:50pm SSW  1019   71
19   85.4  98.8   5:03pm  74.1   6:45am    0   20  0.00   0   7   2:42pm SSW  1018   68
20   86.5  98.8   3:43pm  74.9   6:44am    0   22  0.00   0   2   2:46pm SSW  1017   65
21   79.9  96.2   1:36pm  73.1  11:56pm    0   15  0.60   0  21   3:57pm SSW  1018   80
22   80.9  93.6   6:15pm  71.2   6:28am    0   16  0.05   0   1   3:18pm SSW  1020   78
23   84.1  95.4   6:01pm  73.5   7:04am    0   19  0.00   0  15   9:51pm SSW  1020   69
24   80.2  90.2   5:03pm  73.3   6:48am    0   15  0.00   0   3   8:50pm   N  1021   77
25   79.1  94.1   3:01pm  72.7   6:47am    0   14  0.00   0   3   3:34pm SSW  1021   79
26   82.3  94.9   5:46pm  70.9   6:32am    0   17  0.00   0   3   6:14pm SSW  1020   71
27   84.4  95.2   5:32pm  74.9   6:52am    0   19  0.00   0  10   8:03pm SSW  1017   68
28   82.4  93.3   3:09pm  74.8   6:39am    0   17  0.00   0  14   4:00pm SSW  1016   75
29   81.7  89.1   3:45pm  75.2   6:26am    0   17  0.00   0  10   2:33pm SSW  1016   77
30   80.3  89.5   5:48pm  75.5   4:49am    0   15  0.25   0  10   6:16pm SSW  1014   85
31   83.2  93.0   3:07pm  75.4   5:53am    0   18  0.00   0  13   4:17pm SSW  1013   78
---------------------------------------------------------------------------------------
TOT  82.2  98.8  7/19/20  69.3  7/12/20    0  532  1.19   0  16  7/10/20 SSW  1016   73

HEAT BASE: 65.0
COOL BASE: 65.0