NOAA-Style Climate Reports


Report for 2020 June
                  MONTHLY CLIMATOLOGICAL SUMMARY FOR 6/2020
                                        HEAT  COOL        
     MEAN                               DEG   DEG       WIND SPEED       DOM MEAN  MEAN
DAY  TEMP  HIGH   TIME     LOW   TIME   DAYS  DAYS RAIN AVG  HI  TIME    DIR BAROM HUM
---------------------------------------------------------------------------------------
1    74.4  82.3   5:52pm  68.2   6:13am    0    9  0.00   0  10   8:52am ENE  1023   67
2    75.0  86.2   5:34pm  63.6   6:37am    0   10  0.00   0   7   5:47pm SSW  1022   70
3    79.1  89.0   5:52pm  69.2   6:44am    0   14  0.00   0   8  10:59am SSW  1017   71
4    77.9  89.7   4:05pm  71.5   6:24am    0   13  0.00   0  18   4:39pm SSW  1014   79
5    75.1  83.2   5:01pm  69.3   6:09am    0   10  0.00   0   7   7:17pm SSW  1015   86
6    78.2  87.2   3:10pm  69.9   6:29am    0   13  0.00   0   1   5:58am   N  1016   81
7    78.9  88.5   3:42pm  70.8   6:54am    0   14  0.00   0   1  10:55am SSW  1015   80
8    77.7  86.5   4:16pm  73.1   5:42am    0   13  0.00   0   7   7:23pm   E  1015   87
9    77.5  88.5   2:50pm  72.9  10:49pm    0   13  0.00   0  13   5:26pm SSW  1015   85
10   77.2  85.5   5:45pm  72.9   7:34am    0   12  0.00   0   9   5:45pm SSW  1016   87
11   79.9  88.4   5:08pm  72.1   6:38am    0   15  0.00   0   8   2:14pm SSW  1018   72
12   77.8  86.8   5:06pm  68.9   5:02am    0   13  0.00   0  12   8:56am   E  1020   65
13   77.4  87.6   3:04pm  66.3   6:10am    0   12  0.00   0   7  12:48pm   E  1019   60
14   73.9  84.8   4:26pm  64.7  11:59pm    0    9  0.13   0  13   7:07pm   E  1022   72
15   68.9  79.4   3:05pm  61.7   6:44am    1    5  0.01   0  11  10:43am   E  1022   78
16   64.5  70.0   5:55pm  60.7  11:39pm    1    1  0.00   0  11   6:48pm   E  1023   78
17   66.3  75.2   6:06pm  56.6   6:36am    2    4  0.00   0   5  12:43pm SSW  1020   78
18   72.7  82.7   3:51pm  62.4   6:46am    0    8  0.00   0   3  12:07pm SSW  1018   73
19   75.6  88.8   5:29pm  65.5   5:33am    0   11  0.20   0  11   7:55pm SSW  1019   74
20   77.8  91.0   4:58pm  64.8   7:12am    0   13  0.01   0   3   4:38pm SSW  1018   71
21   79.7  92.8   3:35pm  67.6   6:23am    0   15  0.02   0  11   7:30pm SSW  1016   71
22   74.9  89.5   1:53pm  68.4   5:46am    0   10  1.23   0  21   5:02pm SSW  1017   84
23   76.6  86.4   6:58pm  69.0   3:28am    0   12  0.06   0  14   2:08pm  SW  1013   82
24   75.2  84.1   2:25pm  70.3   6:11am    0   10  0.12   0  10   2:30pm SSW  1014   85
25   75.6  85.4   3:07pm  68.5   3:37am    0   11  0.09   0  12   6:20pm SSW  1018   83
26   77.8  87.7   2:57pm  70.6   6:40am    0   13  0.00   0  12   5:55pm  NW  1021   77
27   75.1  87.9   3:37pm  68.3   6:03pm    0   10  0.01   0  29   5:24pm  SW  1019   77
28   79.9  90.4   4:47pm  69.7  12:06am    0   15  0.00   0  15   2:08pm  SW  1015   79
29   83.4  93.0   4:33pm  75.4   6:41am    0   18  0.00   0   9  11:25am  NW  1015   73
30   81.0  92.4   4:39pm  72.6   6:40am    0   16  0.00   0  20   5:55pm  NW  1014   71
---------------------------------------------------------------------------------------
TOT  76.2  93.0  6/29/20  56.6  6/17/20    5  340  1.88   0  29  6/27/20 SSW  1018   77

HEAT BASE: 65.0
COOL BASE: 65.0