NOAA-Style Climate Reports


Report for 2020 May
                  MONTHLY CLIMATOLOGICAL SUMMARY FOR 5/2020
                                        HEAT  COOL        
     MEAN                               DEG   DEG       WIND SPEED       DOM MEAN  MEAN
DAY  TEMP  HIGH   TIME     LOW   TIME   DAYS  DAYS RAIN AVG  HI  TIME    DIR BAROM HUM
---------------------------------------------------------------------------------------
1    62.1  76.0   6:04pm  49.6   5:46am    6    3  0.00   0  16  10:56am  NW  1016   60
2    66.5  82.3   5:48pm  48.4   7:01am    4    6  0.00   0   4   2:21pm SSW  1021   56
3    72.5  85.6   5:22pm  55.4   6:54am    2    9  0.00   0  14   4:46pm SSW  1017   57
4    76.2  85.7   2:53pm  64.6   6:58am    0   11  0.00   0  11   1:12pm  NW  1013   64
5    76.6  84.5   5:00pm  67.5   7:01am    0   12  0.00   0  14   4:22pm SSW  1011   71
6    63.8  73.8   1:45pm  50.6  11:59pm    4    2  0.00   1  28   4:56pm  NW  1013   57
7    57.8  70.7   5:21pm  45.0   6:16am    8    1  0.00   0  11   3:35pm  NW  1020   54
8    55.5  66.2  11:44am  50.1   3:01am   10    0  0.20   0  17  12:28pm  SW  1017   80
9    55.9  68.5   5:48pm  43.4   6:58am    9    0  0.01   0   9   1:45pm  NW  1022   61
10   59.4  74.9   6:45pm  42.1   6:58am    8    2  0.00   0  10   4:55pm SSW  1023   56
11   61.0  69.5   5:45pm  53.9   6:58am    5    1  0.00   0  18  12:55pm  NW  1021   43
12   59.2  72.0   6:24pm  46.0   6:26am    7    1  0.00   0   3   1:21pm SSW  1025   55
13   64.8  76.5   4:23pm  54.3   2:35am    4    3  0.00   0   1   9:17am ENE  1025   71
14   70.7  84.0   5:19pm  59.6   5:39am    1    7  0.00   0   7   1:35pm   E  1025   69
15   71.8  84.6   3:36pm  60.4   6:52am    1    7  0.00   0   6   4:15pm SSW  1021   70
16   73.5  86.8   4:43pm  59.5   6:30am    1    9  0.00   0   4   1:36pm ENE  1017   68
17   76.2  87.5   4:21pm  63.9   6:52am    0   11  0.00   0   8   4:23pm   E  1015   67
18   71.2  78.4  12:56pm  65.3  11:37pm    0    6  1.03   0  15   6:45pm SSW  1011   88
19   69.4  76.8   5:28pm  60.4  11:44pm    0    5  0.18   0  10   4:02pm SSW  1009   80
20   56.0  60.5  12:30am  54.2  11:08pm    9    0  0.06   0  16   5:11am   E  1015   92
21   63.1  75.5   5:35pm  54.4  12:00am    4    2  0.04   0   1   6:07am WNW  1018   84
22   71.6  84.3   2:07pm  62.7   3:31am    1    7  0.00   0  16   2:28pm  NW  1019   80
23   77.6  90.0   5:50pm  66.0   6:19am    0   13  0.01   0   6   3:11pm SSW  1018   72
24   80.0  91.8   5:10pm  69.8   6:50am    0   15  0.00   0  23  10:07pm  SW  1018   70
25   73.6  85.1   4:03pm  68.1   5:42am    0    9  0.00   0  13   6:16pm   E  1019   85
26   72.2  77.4   4:47pm  69.7   4:03am    0    7  0.00   0   7   3:49pm   E  1018   83
27   70.2  72.4   2:46pm  68.6   5:57am    0    5  0.01   0   6   3:18pm ENE  1016   89
28   75.6  86.2   6:37pm  69.7   2:06am    0   11  0.00   0   2   4:15pm SSW  1017   84
29   74.3  83.8   2:38pm  71.0   4:43am    0    9  0.00   0  10   2:53pm  NW  1017   89
30   77.4  88.1   4:42pm  67.7   6:32am    0   12  0.00   0   9   3:58pm  NW  1016   71
31   75.2  85.5   4:54pm  63.5   6:37am    0   10  0.00   0  11  10:15am   E  1018   66
---------------------------------------------------------------------------------------
TOT  68.7  91.8  5/24/20  42.1  5/10/20   83  199  1.54   0  23   5/6/20  NW  1018   71

HEAT BASE: 65.0
COOL BASE: 65.0