NOAA-Style Climate Reports


Report for 2020 April
                  MONTHLY CLIMATOLOGICAL SUMMARY FOR 4/2020
                                        HEAT  COOL        
     MEAN                               DEG   DEG       WIND SPEED       DOM MEAN  MEAN
DAY  TEMP  HIGH   TIME     LOW   TIME   DAYS  DAYS RAIN AVG  HI  TIME    DIR BAROM HUM
---------------------------------------------------------------------------------------
1    53.0  62.1   4:18pm  44.5   7:30am   12    0  0.01   0  12   9:37am  NW  1013   61
2    55.5  70.7   5:42pm  40.5   7:19am   10    1  0.00   0   4   3:07pm  NW  1019   58
3    63.1  79.9   5:32pm  44.6   7:36am    6    4  0.00   0   5   5:52pm SSW  1017   51
4    65.7  78.1   5:28pm  56.3   2:19am    3    4  0.00   0   7  12:03pm ENE  1015   48
5    67.8  82.3   4:28pm  55.8   7:54am    3    5  0.00   0   7   2:30pm SSW  1017   57
6    70.9  84.4   4:39pm  57.6   7:28am    1    7  0.00   0  12   2:17pm SSW  1019   64
7    70.0  80.5   2:07pm  63.0   7:04am    0    5  0.01   0  11   2:24pm  SW  1017   70
8    71.2  81.6   4:13pm  62.0   4:57am    1    7  0.00   0  18   2:26pm  NW  1011   77
9    71.4  80.7   3:06pm  62.1   6:24am    0    7  0.08   0  21   4:41am  NW  1007   62
10   60.3  66.4   5:23pm  50.9  11:58pm    5    0  0.00   1  24  10:17am  NW  1013   31
11   56.3  72.9   5:18pm  38.9   7:12am   10    1  0.00   0   5   1:34pm   E  1019   48
12   57.1  72.4  11:51pm  47.4   7:10am    9    1  0.31   0   8   8:13pm   E  1016   88
13   69.8  76.7   4:15pm  60.6  11:59pm    0    5  0.41   0  19  11:02am SSW  1011   72
14   62.5  76.4   4:33pm  50.7   7:14am    5    3  0.03   0  12   7:24pm SSW  1017   67
15   57.9  68.4   5:20pm  48.8   7:48am    7    0  0.01   0   8   1:54am  NW  1017   48
16   56.9  71.7   5:43pm  41.4   7:02am    9    1  0.00   0   4   2:05pm WNW  1025   43
17   60.2  74.4   4:55pm  43.6   7:12am    7    2  0.00   0  11  12:09pm SSW  1023   59
18   65.0  74.2   5:46pm  57.4  11:58pm    2    2  0.05   0  12   1:18pm  NW  1015   58
19   51.5  57.3  12:00am  46.4   6:57am   13    0  0.79   0   1  11:01am   E  1014   82
20   62.5  75.6   4:49pm  52.7   2:58am    5    2  0.90   0  10  10:41am  NW  1007   73
21   65.0  76.2   4:03pm  51.9   6:54am    4    4  0.00   0  17  11:52am  NW  1013   57
22   63.7  75.0   4:15pm  51.4   6:46am    4    3  0.00   0   4   3:12am  NW  1018   49
23   60.3  65.9   4:38pm  55.1   7:13am    5    0  0.58   0  17   9:11pm SSW  1013   89
24   66.9  74.6   3:06pm  61.0  11:56pm    1    3  0.06   0  12   3:09pm  NW  1009   77
25   67.0  80.2   5:37pm  54.5   6:48am    3    5  0.00   0   9  11:34pm SSW  1012   72
26   61.5  69.5  12:00am  53.1  11:30pm    4    1  0.00   0  21   5:19pm  NW  1015   61
27   61.5  76.4   5:58pm  48.2   7:00am    6    3  0.00   0   8   4:28pm  NW  1021   53
28   65.2  80.1   5:22pm  49.4   6:06am    5    5  0.00   0   7  12:33pm  SW  1022   56
29   64.9  75.2   1:01pm  56.2   6:39am    3    3  0.50   0  19   8:39pm SSW  1013   82
30   59.1  63.0   1:12pm  53.7  11:59pm    6    0  0.35   0  13   4:50pm  NW  1011   80
---------------------------------------------------------------------------------------
TOT  62.8  84.4   4/6/20  38.9  4/11/20  150   84  4.09   0  21   4/9/20  NW  1015   63

HEAT BASE: 65.0
COOL BASE: 65.0