NOAA-Style Climate Reports


Report for 2020 March
                  MONTHLY CLIMATOLOGICAL SUMMARY FOR 3/2020
                                        HEAT  COOL        
     MEAN                               DEG   DEG       WIND SPEED       DOM MEAN  MEAN
DAY  TEMP  HIGH   TIME     LOW   TIME   DAYS  DAYS RAIN AVG  HI  TIME    DIR BAROM HUM
---------------------------------------------------------------------------------------
1    49.0  64.4   2:38pm  31.2   6:54am   16    0  0.00   0   5  12:58pm SSW  1026   51
2    52.2  58.6  12:57pm  44.7   5:49am   13    0  0.46   0   7   9:58am SSW  1020   76
3    62.1  71.0   3:29pm  54.3   3:09am    4    1  0.52   0  25  12:31pm SSW  1012   90
4    58.0  63.0  12:00am  54.9  11:57pm    7    0  0.60   0   4   7:13am  NW  1016   92
5    51.2  54.9  12:00am  47.8  11:52pm   14    0  1.19   0  15  11:22am   E  1019   93
6    49.5  56.9   2:26pm  41.7  11:58pm   16    0  0.24   1  25  11:50am  NW  1022   64
7    46.7  60.7   4:41pm  35.3   6:46am   18    0  0.01   0   8   7:47am  NW  1031   53
8    49.1  64.7   5:04pm  34.6   7:54am   15    0  0.00   0   4   1:05pm SSW  1036   59
9    54.3  68.6   3:57pm  38.5   7:17am   11    1  0.00   0   9   4:05pm SSW  1035   68
10   61.3  67.1   2:53pm  57.4   8:17am    4    0  0.03   0  14   4:06pm  SW  1028   79
11   60.3  73.3   3:10pm  52.4   7:02am    6    1  0.49   0  11   4:20pm SSW  1021   85
12   63.7  71.9   5:20pm  56.4   2:46am    3    2  0.00   0   4   4:20pm SSW  1017   88
13   69.6  76.3   3:00pm  64.0   7:52am    0    5  0.00   0   8   3:39pm  NW  1019   78
14   64.3  69.8   2:42pm  56.8  11:41pm    2    1  0.00   0   9   5:14pm   E  1025   70
15   60.8  68.1   6:46pm  54.5   2:38am    4    0  0.02   0   6   4:55pm WNW  1026   81
16   54.6  62.7  12:00am  51.5  11:09am   10    0  0.00   0   7   6:54am ENE  1028   84
17   56.7  67.7   6:32pm  50.4   5:45am    9    0  0.01   0   1   1:51am   N  1026   88
18   61.0  71.7   3:39pm  51.8   7:10am    5    1  0.03   0   6   7:29pm  NW  1026   89
19   68.3  82.5   4:44pm  59.9   7:30am    2    5  0.01   0  11   4:34pm SSW  1025   80
20   72.6  84.8   4:12pm  60.8   7:56am    0    8  0.00   1  15   6:08pm SSW  1023   69
21   68.6  78.2   3:04pm  61.0  11:56pm    0    4  0.02   0  13   4:45pm  NW  1024   70
22   56.9  60.9  12:00am  52.6  11:58pm    8    0  0.00   0   9  11:43am   E  1027   80
23   52.7  55.8   7:16pm  50.5   7:32am   12    0  0.13   0   5   4:34am   E  1025   93
24   56.7  59.2   6:00pm  54.2   1:44am    8    0  0.03   0   5   1:18pm  NW  1018   94
25   64.5  76.5   5:31pm  55.3   6:07am    4    3  0.05   0  17   1:06am  NW  1012   76
26   63.2  77.2   5:09pm  51.2   5:52am    5    3  0.01   0   5   8:41am SSW  1017   74
27   72.2  86.2   6:03pm  59.5   6:30am    1    9  0.02   0  13   3:56pm SSW  1014   71
28   74.8  86.8   4:48pm  63.8   7:40am    0   10  0.02   0  12   5:13pm SSW  1015   70
29   73.6  81.4   2:21pm  67.0  11:46pm    0    9  0.01   0  13  11:56am SSW  1017   66
30   69.1  79.8   4:18pm  61.6   8:19am    0    5  0.01   0   8   2:50pm  NW  1019   41
31   59.8  66.6  10:17am  50.9  11:57pm    5    0  0.00   0  17  10:39am  NW  1009   63
---------------------------------------------------------------------------------------
TOT  60.6  86.8  3/28/20  31.2   3/1/20  205   68  3.91   0  25   3/3/20 SSW  1022   75

HEAT BASE: 65.0
COOL BASE: 65.0