NOAA-Style Climate Reports


Report for 2020 January
                  MONTHLY CLIMATOLOGICAL SUMMARY FOR 1/2020
                                        HEAT  COOL        
     MEAN                               DEG   DEG       WIND SPEED       DOM MEAN  MEAN
DAY  TEMP  HIGH   TIME     LOW   TIME   DAYS  DAYS RAIN AVG  HI  TIME    DIR BAROM HUM
---------------------------------------------------------------------------------------
1    47.9  58.4   4:06pm  39.0   7:44am   34    0  0.00   0  11  12:50pm WNW  1018   48
2    47.1  49.2  12:37pm  45.3   4:32am   36    0  1.01   0   2   4:45pm WNW  1018   79
3    52.5  58.3  11:18pm  47.7  12:00am   25    0  1.02   0  15  10:33am WNW  1014   93
4    54.4  60.7  12:41pm  40.0  11:58pm   21    0  0.11   1  26   4:44pm WNW  1015   76
5    44.0  55.8   4:00pm  35.5   8:00am   42    0  0.00   0  13  11:00am WNW  1026   61
6    49.9  64.4   3:33pm  39.8   2:00am   30    0  0.00   0   6   1:00pm WNW  1023   63
7    51.8  60.1   1:37pm  44.6   2:37am   26    0  0.01   0  22   2:44pm WNW  1020   63
8    48.3  63.5   4:37pm  34.9   7:26am   33    0  0.00   0   7  11:07am WNW  1030   52
9    50.0  64.8   4:26pm  33.6   7:02am   30    0  0.00   0   9   1:49pm WNW  1035   61
10   57.5  64.3   2:42pm  50.9   7:54am   15    0  0.00   0   3   4:10pm WNW  1032   71
11   66.5  70.5   4:29pm  61.7  12:00am    1    4  1.11   0  20   7:24pm WNW  1021   90
12   62.4  71.0   3:51pm  51.4   8:14am    7    2  0.01   0   7  12:00am WNW  1025   78
13   62.3  66.5   2:46pm  59.5  10:36am    6    0  1.52   0   0  12:00am WNW  1028   91
14   61.6  62.5   1:39pm  60.4  11:59pm    7    0  1.26   0  11   7:44pm WNW  1025   93
15   63.9  73.2   3:44pm  56.1   6:59am    6    4  0.01   0   2   3:22pm WNW  1023   87
16   63.4  70.9   2:52pm  52.8  11:57pm    5    2  0.28   0  15   2:59pm WNW  1026   62
17   48.7  52.8  12:00am  43.2  11:58pm   33    0  0.00   0  15   1:06pm WNW  1036   44
18   43.9  47.5   1:16pm  42.4   1:29am   42    0  0.26   0   3   3:35am WNW  1030   70
19   45.9  51.5   5:02am  36.4  11:58pm   38    0  0.07   0  20  12:28pm WNW  1020   65
20   35.4  43.6   3:42pm  29.2   7:38am   59    0  0.00   0   7   2:12pm WNW  1028   57
21   35.6  43.6   3:56pm  29.4   1:51am   59    0  0.00   0   9  12:51pm WNW  1031   54
22   37.1  50.7   3:26pm  24.6   7:07am   56    0  0.00   0  13   9:21am WNW  1030   51
23   43.5  49.8   2:23pm  38.3   6:06am   43    0  0.03   0  13  10:37am WNW  1026   50
24   45.4  49.2   4:58pm  41.5   1:22am   39    0  1.14   0   2   6:02am WNW  1018   92
25   44.4  50.4   4:24pm  39.7   7:32am   41    0  0.00   0  15  10:10am WNW  1019   75
26   45.9  56.3   2:49pm  36.3   7:59am   38    0  0.00   0   9   2:52pm WNW  1020   66
27   49.3  54.8   3:01pm  45.1  11:00pm   31    0  0.00   0  12   3:15pm WNW  1016   76
28   49.6  61.7   3:14pm  38.0   8:00am   31    0  0.01   0   6   3:31pm WNW  1017   64
29   45.5  51.6   2:08pm  37.7   6:17am   39    0  0.00   0   7  11:48am WNW  1019   72
30   47.5  58.7   2:56pm  37.8   7:19am   35    0  0.00   0   4   1:34pm WNW  1022   75
31   41.3  45.1  12:00am  39.4  10:56am   47    0  0.23   0   5  10:28am WNW  1024   88
---------------------------------------------------------------------------------------
TOT  49.8  73.2  1/15/20  24.6  1/22/20  956   12  8.08   0  26   1/4/20 SSW  1024   70

HEAT BASE: 65.0
COOL BASE: 65.0