NOAA-Style Climate Reports


Report for 2019 December
                  MONTHLY CLIMATOLOGICAL SUMMARY FOR 12/2019
                                        HEAT  COOL        
     MEAN                               DEG   DEG       WIND SPEED       DOM MEAN  MEAN
DAY  TEMP  HIGH   TIME     LOW   TIME   DAYS  DAYS RAIN AVG  HI  TIME    DIR BAROM HUM
---------------------------------------------------------------------------------------
1    62.4  68.6   3:08pm  50.7  11:59pm    3    0  0.46   0  17   2:40pm SSW  1006   59
2    44.9  50.7  12:00am  37.7  11:55pm   20    0  0.00   1  19   1:44am  NW  1013   58
3    41.9  51.9   1:54pm  35.0   5:53am   23    0  0.00   0   8   8:59am  NW  1014   67
4    48.8  61.3   3:46pm  37.6   7:37am   16    0  0.00   0  13   1:19pm WNW  1013   57
5    53.7  67.2   3:25pm  45.2  10:17pm   11    0  0.00   0   6   4:02am  NW  1020   48
6    51.5  60.8   2:20pm  43.7   4:24am   13    0  0.00   0   1  10:13pm   N  1024   63
7    54.9  64.2   3:30pm  49.9   2:06am   10    0  0.00   0   9  11:53am ENE  1026   66
8    49.7  55.1   3:49pm  44.4   8:15am   15    0  0.00   0  10   9:27am ENE  1028   63
9    48.7  52.3   2:24pm  44.8   8:57am   16    0  0.00   0   4   5:19am   E  1020   71
10   56.2  70.0  11:48am  48.3  12:00am    9    0  0.04   0  20  10:30am SSW  1018   86
11   48.2  55.9   4:03pm  41.6  11:49pm   17    0  0.02   0   8   1:31am  NW  1030   60
12   42.5  52.1   1:25pm  32.7   5:29am   22    0  0.16   0  17   1:04pm   E  1034   63
13   40.6  45.2  11:46pm  37.5   6:17am   24    0  2.69   0   9   1:00am ENE  1020   92
14   49.0  55.5   3:25pm  45.2  12:00am   16    0  0.21   0  17  11:11am WNW  1010   81
15   50.9  63.1   2:34pm  40.5   2:38am   14    0  0.00   0   5   1:04pm SSW  1020   79
16   60.7  71.7   2:33pm  51.5   7:05am    5    1  0.00   0  11   1:10pm SSW  1020   79
17   56.4  64.7   3:06am  41.0  11:58pm    9    0  0.50   0  18   3:30pm WNW  1012   87
18   41.8  51.8   3:16pm  33.3   7:42am   23    0  0.00   0  11   4:17pm WNW  1023   53
19   40.1  53.0   3:35pm  29.8   7:25am   25    0  0.00   0   5  10:07am   E  1031   60
20   42.4  56.7   3:04pm  29.2   7:13am   23    0  0.00   0   1  11:22am ENE  1035   61
21   47.8  52.1   1:05pm  43.3   2:21am   17    0  0.00   0   3  12:09pm ENE  1034   54
22   43.9  47.6  12:00am  41.8   9:15am   21    0  1.00   0  19   6:44pm ENE  1026   80
23   51.6  55.5  11:13pm  45.2  12:00am   13    0  0.77   1  24   2:40am ENE  1015   92
24   60.0  69.9   2:43pm  49.0  11:47pm    6    1  0.00   0  13   1:48pm ENE  1017   79
25   51.8  64.4   2:57pm  42.4   7:28am   13    0  0.01   0   6  10:02am ENE  1022   74
26   50.5  66.5   3:50pm  37.3   8:11am   15    0  0.00   0   0  12:00am   N  1025   75
27   58.3  67.6   3:22pm  47.4   1:06am   12    1  0.00   0   1   2:49am ENE  1026   76
28   60.1  68.4   3:29pm  53.2   7:08am   11    1  0.02   0   3   3:33pm ENE  1023   87
29   66.3  70.1   4:15pm  62.9  12:00am    1    4  0.29   0  12  11:48pm ENE  1015   92
30   59.3  69.7   3:27am  48.3  11:56pm   13    1  0.08   0  20   3:30am ENE  1011   67
31   48.3  55.9   3:23pm  41.6   7:58am   33    0  0.00   0  17  10:16am WNW  1016   59
---------------------------------------------------------------------------------------
TOT  52.1  71.7 12/16/19  29.2 12/20/19  472   10  0.39   0  20 12/30/19 SSW  1021   71

HEAT BASE: 65.0
COOL BASE: 65.0