NOAA-Style Climate Reports


Report for 2019 November
                  MONTHLY CLIMATOLOGICAL SUMMARY FOR 11/2019
                                        HEAT  COOL        
     MEAN                               DEG   DEG       WIND SPEED       DOM MEAN  MEAN
DAY  TEMP  HIGH   TIME     LOW   TIME   DAYS  DAYS RAIN AVG  HI  TIME    DIR BAROM HUM
---------------------------------------------------------------------------------------
1    46.9  61.6   4:45pm  36.5   7:23am   18    0  0.00   0  11  12:31am  NW  1025   71
2    49.8  64.1   4:20pm  38.5   7:40am   15    0  0.01   0   9   3:15pm  NW  1024   69
3    48.9  63.1   4:17pm  36.8   6:56am   16    0  0.00   0   1  10:18am ENE  1026   65
4    50.4  61.3   1:17pm  37.5   5:38am   15    0  0.00   0   1   9:45am NNE  1026   72
5    59.4  67.5  11:34am  53.5   6:53am    6    0  0.04   0   3  12:46pm  NW  1025   77
6    57.8  71.1   3:34pm  45.4   6:55am    8    1  0.00   0   7  10:09am ENE  1028   73
7    60.6  69.9   3:05pm  53.9   4:37am    5    1  0.57   0   8   8:04pm  NW  1024   81
8    55.1  61.1   1:26pm  44.0  11:59pm   10    0  0.05   0   5   9:47pm  NW  1022   80
9    43.9  54.2   4:00pm  35.4   7:06am   21    0  0.00   0   7  10:59am ENE  1026   65
10   49.8  67.3   3:55pm  35.6   5:41am   15    0  0.00   0   7  11:45am SSW  1024   74
11   54.6  68.1   3:21pm  41.8   7:19am   11    0  0.00   0   9   2:02pm SSW  1021   74
12   47.6  56.9  12:00am  31.6  11:47pm   17    0  0.49   0  17   8:37am  NW  1018   78
13   35.8  46.0   3:35pm  28.2   7:13am   29    0  0.00   0  10   8:07am ENE  1029   60
14   40.2  45.7   2:46pm  33.7   1:08am   25    0  0.11   0   3   8:39am NNE  1029   71
15   45.3  49.6   1:09pm  42.4  12:00am   20    0  0.28   0  11   1:09pm ENE  1022   89
16   53.2  64.1   3:19pm  44.7   1:53am   12    0  0.03   0  14   1:13pm ENE  1019   66
17   55.8  65.8   3:28pm  46.7   7:29am    9    0  0.00   0   9  12:41am   E  1017   62
18   54.8  65.1   3:32pm  49.1  11:59pm   10    0  0.01   0   8   3:57pm SSW  1011   72
19   52.7  62.8   3:51pm  45.7   1:57am   12    0  0.00   0  11   1:05pm WNW  1012   66
20   52.9  65.0   3:00pm  44.7   6:23am   12    0  0.00   0   4   9:27am  NW  1022   68
21   53.2  67.4   3:21pm  41.0   7:03am   12    0  0.00   0   4  12:20pm SSW  1026   71
22   57.6  67.0   4:09pm  46.9   6:45am    8    0  0.00   0  10   1:21pm SSW  1020   77
23   60.8  65.5   5:01pm  50.4  11:58pm    4    0  0.64   0  20   7:27pm WNW  1012   88
24   49.5  58.2   3:12pm  42.3  11:57pm   16    0  0.00   0  15   4:32am  NW  1012   71
25   48.8  66.4   3:52pm  35.3   7:34am   16    0  0.00   0   1   2:02pm   N  1014   72
26   51.0  66.1   3:21pm  37.4   7:11am   14    0  0.00   0   3   1:46pm SSW  1019   74
27   63.0  77.3   3:33pm  53.1  12:00am    5    3  0.08   0  13   3:04pm SSW  1019   64
28   56.7  71.3   4:04pm  45.4   7:24am    9    1  0.00   0   7  10:30am  NW  1024   44
29   58.7  68.7   4:10pm  52.9   7:13am    7    0  0.00   0   1   4:17pm SSW  1024   53
30   62.7  74.1   3:31pm  53.2   4:22am    4    2  0.00   0   7   2:44pm SSW  1016   60
---------------------------------------------------------------------------------------
TOT  52.6  77.3 11/27/19  28.2 11/13/19  381    9  2.31   0  20 11/23/19  NW  1021   70

HEAT BASE: 65.0
COOL BASE: 65.0