NOAA-Style Climate Reports


Report for 2019 October
                  MONTHLY CLIMATOLOGICAL SUMMARY FOR 10/2019
                                        HEAT  COOL        
     MEAN                               DEG   DEG       WIND SPEED       DOM MEAN  MEAN
DAY  TEMP  HIGH   TIME     LOW   TIME   DAYS  DAYS RAIN AVG  HI  TIME    DIR BAROM HUM
---------------------------------------------------------------------------------------
1    82.5  93.7   5:10pm  73.0   7:05am    0   18  0.00   0   7  12:46pm SSW  1019   70
2    83.8  97.1   3:18pm  72.8   7:35am    0   19  0.00   0   1  10:37am WNW  1016   66
3    84.3  99.2   5:06pm  72.2   7:14am    0   19  0.00   0   2   5:33pm ESE  1016   64
4    83.5  97.9   4:06pm  70.2   7:50am    0   18  0.00   0   1   1:43pm ENE  1016   60
5    72.0  81.2  12:00am  63.7  11:42pm    0    7  0.00   0  18  10:46am   E  1020   76
6    69.3  81.7   4:36pm  61.6   2:41am    1    5  0.00   0   6  12:00am ENE  1023   78
7    74.1  83.6   4:39pm  66.0   7:03am    0    9  0.00   0   1   2:59pm   E  1019   73
8    72.7  83.1   2:35pm  65.7  11:59pm    0    8  0.00   0   8   4:31pm ENE  1017   79
9    66.7  74.6   4:55pm  63.2  10:04am    0    2  0.00   0  10   9:10am ENE  1021   82
10   68.2  79.7   5:04pm  60.9   5:50am    1    4  0.00   0   6   9:04am ENE  1022   76
11   67.9  81.3   5:10pm  56.0   7:38am    2    5  0.00   0   1   4:30pm   N  1020   72
12   71.1  83.8   2:45pm  60.4   7:52am    1    7  0.00   0   7   3:20pm SSW  1017   68
13   67.0  71.1  12:00am  63.9  11:34pm    0    2  0.04   0   9   4:32pm WNW  1017   86
14   67.0  80.8   5:31pm  55.3   8:04am    2    4  0.02   0   4   2:15pm WNW  1019   66
15   66.1  73.5   2:57pm  61.7   6:23am    1    2  0.01   0   2  10:06pm ENE  1018   77
16   64.7  74.5   1:50pm  56.2  11:56pm    2    2  0.46   0  22   2:16pm  NW  1011   78
17   57.1  70.4   4:40pm  46.2   8:00am    9    1  0.00   0   6   1:48pm  NW  1014   63
18   57.2  70.0   2:49pm  43.7   7:45am    9    1  0.00   0   7  10:40am ENE  1017   66
19   55.1  58.5  12:28am  53.0   9:29am   10    0  1.58   0  21   5:12pm ENE  1015   86
20   66.2  81.2   4:12pm  55.4  12:04am    3    5  0.01   0  13  12:12am  NW  1012   82
21   67.2  78.5   3:46pm  57.0   7:50am    2    4  0.00   0   1  11:37am ESE  1016   84
22   68.0  73.4   3:48pm  57.7  11:41pm    1    4  0.01   0  11   9:13am  NW  1014   67
23   58.2  70.8   4:23pm  46.6   8:17am    8    1  0.00   0   3  12:00am  NW  1022   59
24   58.2  72.3   3:33pm  44.6   7:57am    8    1  0.00   0   2   1:17pm  NE  1026   68
25   65.1  69.7   4:39pm  60.3   8:36am    2    2  0.00   0   2  10:05am   E  1023   74
26   71.6  78.0   4:38pm  65.9   8:32am    0    7  0.00   0   9  12:43pm   E  1016   84
27   69.4  76.6   4:40pm  59.8  11:57pm    1    5  0.15   0  18   3:49am WNW  1013   77
28   63.6  79.2   4:58pm  50.6   8:09am    5    4  0.00   0   1   1:11pm   N  1019   78
29   63.0  70.5   2:19pm  55.6   5:03am    3    1  0.07   0   3   6:43pm ENE  1022   89
30   67.7  72.2  11:42pm  64.8  11:14am    0    3  0.30   0   9  10:31am   E  1020   92
31   65.8  77.0  11:40am  42.7  11:57pm    5    5  0.69   2  23   1:42pm SSW  1015   87
---------------------------------------------------------------------------------------
TOT  68.2  99.2  10/3/19  42.7 10/31/19   76  175  3.34   0  23 10/31/19 SSW  1018   75

HEAT BASE: 65.0
COOL BASE: 65.0