NOAA-Style Climate Reports


Report for 2019 September
                  MONTHLY CLIMATOLOGICAL SUMMARY FOR 9/2019
                                        HEAT  COOL        
     MEAN                               DEG   DEG       WIND SPEED       DOM MEAN  MEAN
DAY  TEMP  HIGH   TIME     LOW   TIME   DAYS  DAYS RAIN AVG  HI  TIME    DIR BAROM HUM
---------------------------------------------------------------------------------------
1    79.3  88.5   4:54pm  70.1   7:18am    0   14  0.00   0   6   1:31pm ENE  1020   71
2    79.8  90.9   6:06pm  68.3   7:32am    0   15  0.00   0   3   2:42pm   E  1018   70
3    81.2  92.4   5:32pm  70.3   7:12am    0   16  0.00   0   1  11:49am   E  1016   72
4    82.4  94.2   5:14pm  70.7   7:38am    0   17  0.00   0   8   3:31pm ENE  1015   69
5    83.1  94.0   5:49pm  74.5   6:16am    0   18  0.00   0   5   7:15pm WNW  1011   66
6    81.8  93.5   4:24pm  70.3   7:32am    0   17  0.00   0   9   4:46pm WNW  1012   57
7    83.3  95.1   3:41pm  71.5   7:01am    0   18  0.00   0  10   5:55pm  NW  1013   57
8    80.4  95.3   5:59pm  66.8   7:38am    0   15  0.00   0   2   3:45pm  NW  1016   60
9    82.8  98.6   5:01pm  68.5   7:17am    0   18  0.00   0   1   2:42pm   N  1019   61
10   82.6  96.0   5:12pm  72.3   7:33am    0   18  0.03   0   8   7:29pm   E  1023   71
11   82.5  96.0   5:07pm  70.9   7:12am    0   17  0.00   0   0  12:00am   N  1023   68
12   84.4  98.2   5:24pm  71.5   7:42am    0   19  0.00   0   1   3:42pm ENE  1020   63
13   82.8  97.9   3:09pm  72.5   7:21am    0   18  0.80   0  26   8:35pm ENE  1021   68
14   77.0  86.9   5:15pm  72.4   4:42am    0   12  0.01   0   3  12:43am ENE  1023   85
15   78.6  89.5   5:11pm  69.5   7:05am    0   14  0.00   0   2   1:28pm   E  1020   78
16   81.1  94.6   4:53pm  70.3   7:38am    0   16  0.00   0   2   2:45pm ENE  1018   69
17   82.4  96.4   4:30pm  69.8   6:52am    0   17  0.00   0   2   4:06pm WNW  1015   67
18   75.8  81.0   3:32pm  71.2  10:12pm    0   11  0.00   0   8   9:36am ENE  1018   76
19   72.9  79.2   5:04pm  67.7  11:53pm    0    8  0.00   0   8   4:07pm ENE  1023   64
20   70.9  83.2   5:05pm  60.2   7:30am    1    7  0.00   0   5   2:10pm ENE  1025   64
21   72.6  87.3   5:25pm  59.2   6:54am    1    9  0.00   0   2  12:54pm SSW  1025   68
22   73.9  88.3   5:57pm  60.9   7:38am    0    9  0.00   0   2   1:52pm SSW  1023   67
23   75.5  90.5   4:35pm  60.2   7:33am    1   11  0.00   0   4  12:50pm  NW  1018   64
24   80.9  92.3   5:14pm  72.2   7:51am    0   16  0.00   0   4   2:53pm   S  1013   63
25   77.9  92.3   4:55pm  65.2   7:35am    0   13  0.00   0   5   4:09pm  NW  1012   62
26   80.5  94.9   4:01pm  67.5   7:18am    0   16  0.00   0   9  12:57pm  NW  1013   62
27   83.0  96.7   4:07pm  71.3   7:36am    0   18  0.00   0   2   9:07pm NNE  1015   64
28   80.5  89.5   4:38pm  73.5   7:33am    0   15  0.00   0   1   1:47am   N  1019   77
29   81.9  94.6   4:44pm  71.3   7:23am    0   17  0.00   0   2   1:13pm SSE  1022   69
30   83.3  97.1   5:34pm  71.7   6:35am    0   18  0.00   0   1   4:03pm ENE  1020   67
---------------------------------------------------------------------------------------
TOT  79.8  98.6   9/9/19  59.2  9/21/19    3  448  0.84   0  22  9/13/19 ENE  1018   67

HEAT BASE: 65.0
COOL BASE: 65.0