NOAA-Style Climate Reports


Report for 2019 August
                  MONTHLY CLIMATOLOGICAL SUMMARY FOR 8/2019
                                        HEAT  COOL        
     MEAN                               DEG   DEG       WIND SPEED       DOM MEAN  MEAN
DAY  TEMP  HIGH   TIME     LOW   TIME   DAYS  DAYS RAIN AVG  HI  TIME    DIR BAROM HUM
---------------------------------------------------------------------------------------
1    79.5  93.3   1:35pm  70.5  11:44pm    0   14  0.03   0   9   6:38pm  SW  1018   74
2    77.2  89.5   2:08pm  69.7   2:58am    0   12  0.27   0  10   7:09pm   E  1018   80
3    80.4  91.1   2:34pm  71.4   5:21am    0   15  0.00   0   1  10:47am   E  1016   75
4    76.6  87.3   6:41pm  70.2  10:47am    0   12  2.53   0   1   9:55am ESE  1015   85
5    76.0  89.7   4:08pm  70.3   6:49pm    0   11  1.06   0  15   6:32pm SSW  1015   86
6    79.1  92.1   5:33pm  68.6   6:39am    0   14  0.00   0   3   4:57pm ESE  1014   78
7    82.6  93.9   5:17pm  73.3   5:53am    0   18  0.05   0   7   9:13pm WNW  1012   70
8    82.4  92.6   6:01pm  72.7   6:56am    0   17  0.00   0   8   1:29pm  NW  1013   71
9    84.3  95.6   6:29pm  73.2   6:37am    0   19  0.00   0   9  11:31am WNW  1013   66
10   82.9  92.7   4:01pm  75.7   7:11am    0   18  0.02   0   3   4:24pm  SW  1013   76
11   84.3  93.7   4:17pm  75.3   7:09am    0   19  0.00   0   3  10:42am   E  1014   76
12   84.8  94.2   3:17pm  75.7   7:08am    0   20  0.00   0   0  12:00am   N  1014   74
13   86.1  97.0   4:19pm  77.3  11:59pm    0   21  0.14   0  16  11:38pm SSW  1012   74
14   81.3  93.9   4:25pm  73.2   6:25am    0   16  0.63   0  13  12:00am  NW  1013   79
15   83.8  93.3   4:46pm  75.0   6:57am    0   19  0.00   0   3   3:26pm   W  1013   71
16   82.7  95.4   4:57pm  71.7   7:16am    0   18  0.00   0   5   1:21pm  NW  1014   65
17   83.6  95.8   5:48pm  71.7   6:55am    0   19  0.00   0   6   2:50pm  NW  1015   68
18   83.9  96.9   4:26pm  73.7   7:09am    0   19  0.00   0   4   6:42pm  SW  1016   71
19   80.5  94.9   5:44pm  71.9   7:29pm    0   15  0.87   0  12   6:36pm   E  1018   81
20   79.0  89.9   7:01pm  70.7   5:37am    0   14  0.01   0   1   4:05am ENE  1019   80
21   82.7  93.7   5:02pm  73.3   7:18am    0   17  0.00   0   6  12:55pm  SW  1018   72
22   83.9  94.4   4:48pm  75.0   7:15am    0   19  0.00   0   5   4:17pm  SW  1017   68
23   81.7  94.5   3:30pm  71.0   8:51pm    0   17  1.10   0   8   6:48pm   E  1016   74
24   77.0  88.3   4:07pm  69.7  11:54pm    0   12  0.01   0  11   6:55pm   E  1017   86
25   71.9  78.8   4:22pm  66.4   8:12am    0    7  0.00   0   8  12:52pm   E  1019   79
26   74.8  80.8   4:16pm  68.8   8:38am    0   10  0.02   0   6  10:38am ENE  1018   79
27   74.1  81.2   5:03pm  70.9   8:22am    0    9  1.43   0   3   4:12pm   N  1015   91
28   78.7  92.3   5:00pm  70.1   7:26am    0   14  0.00   0   4   5:23pm WNW  1014   75
29   76.1  87.5   5:05pm  63.8   7:25am    0   11  0.00   0   1  11:19am ENE  1017   67
30   76.1  88.5   4:48pm  63.3   6:55am    0   11  0.00   0   2   3:39pm ENE  1020   67
31   77.4  88.9   3:51pm  66.7   7:29am    0   12  0.00   0   9   3:10pm ENE  1021   71
---------------------------------------------------------------------------------------
TOT  80.2  97.0  8/13/19  63.3  8/30/19    0  470  8.19   0  13   8/5/19  NW  1016   75

HEAT BASE: 65.0
COOL BASE: 65.0