NOAA-Style Climate Reports


Report for 2019 July
                  MONTHLY CLIMATOLOGICAL SUMMARY FOR 7/2019
                                        HEAT  COOL        
     MEAN                               DEG   DEG       WIND SPEED       DOM MEAN  MEAN
DAY  TEMP  HIGH   TIME     LOW   TIME   DAYS  DAYS RAIN AVG  HI  TIME    DIR BAROM HUM
---------------------------------------------------------------------------------------
1    85.0  95.6   5:36pm  74.1   6:41am    0   20  0.00   0   5  12:05pm  NW  1015   65
2    85.9  96.9   6:23pm  74.5   5:49am    0   21  0.00   0   2   4:24pm  NW  1015   65
3    85.4  95.1   5:48pm  75.4   6:04am    0   20  0.00   0   1   6:11pm NNW  1014   66
4    85.1  96.0   5:22pm  76.3   6:45am    0   20  0.00   0   4   3:40pm  SW  1016   67
5    82.5  94.1   4:50pm  74.0   6:35am    0   18  0.00   0   5  12:40pm  SW  1018   74
6    80.9  93.8   5:11pm  72.5   7:10am    0   16  0.03   0   2  12:00am   E  1017   80
7    83.9  94.1   2:29pm  75.8   6:45am    0   19  0.00   0   9   3:18pm  SW  1013   75
8    84.2  96.0   2:49pm  74.8   6:38am    0   19  0.23   0   8  10:43pm ENE  1011   74
9    80.6  90.4   3:22pm  74.7   5:46am    0   16  0.00   0   5   2:58pm ENE  1015   84
10   83.0  92.6   4:29pm  75.8   3:11am    0   18  0.00   0   3   2:44pm ENE  1016   77
11   82.1  91.1   4:56pm  75.3   5:06am    0   17  0.03   0   7   6:12pm  SW  1014   80
12   83.9  94.3   6:15pm  74.9   6:53am    0   19  0.01   0  10   3:15pm  SW  1014   73
13   81.6  92.1   3:19pm  75.4   6:38am    0   17  0.00   0  11   4:35pm  SW  1018   76
14   82.1  93.1   3:19pm  74.2   5:56am    0   17  0.00   0  10   1:45pm WNW  1020   71
15   84.3  95.9   4:46pm  73.3   6:42am    0   19  0.00   0   2   3:17pm  NW  1020   66
16   86.2  96.7   5:17pm  75.6   6:51am    0   21  0.00   0   5   2:05pm  SW  1019   65
17   82.1  96.1   3:30pm  71.0   5:34pm    0   17  0.25   0  24   5:02pm  SW  1018   74
18   82.1  92.1   2:06pm  74.3   6:45am    0   17  0.00   0  12   3:49pm WNW  1017   78
19   80.4  94.6   4:37pm  74.6  11:56pm    0   15  0.09   0  17   4:59pm  SW  1017   82
20   79.5  91.2   5:48pm  72.8   5:21am    0   14  0.00   0   4  10:48pm  SW  1017   84
21   81.9  92.4   5:31pm  72.8   6:25am    0   17  0.00   0   6  12:57pm  SW  1017   73
22   82.1  91.5   2:50pm  73.8   6:37am    0   17  0.09   0   8  11:55am  SW  1015   72
23   77.2  84.0  12:13pm  70.8  11:57pm    0   12  0.23   0   1   9:32am  SW  1012   87
24   75.6  87.1   5:03pm  65.7   6:42am    0   11  0.00   0   1  11:20am ENE  1016   68
25   76.2  87.8   3:55pm  64.1   7:04am    0   11  0.00   0   2  12:51pm   E  1020   62
26   77.1  89.4   4:41pm  65.2   6:33am    0   12  0.00   0   1  11:25am   N  1023   67
27   79.3  91.9   5:41pm  66.8   6:23am    0   14  0.00   0   3   1:22pm   N  1025   63
28   78.7  89.8   1:16pm  69.8   6:56am    0   14  0.00   0   7   6:16pm WNW  1022   70
29   80.9  93.2   3:34pm  70.3   6:54am    0   16  0.00   0   4   4:00pm  SW  1019   66
30   81.7  95.9   4:48pm  69.2   7:08am    0   17  0.00   0   2   9:13pm  NW  1017   66
31   79.5  91.1   5:08pm  72.8   4:49am    0   15  0.04   0   2   5:10pm   N  1018   72
---------------------------------------------------------------------------------------
TOT  81.6  96.9   7/2/19  64.1  7/25/19    0  516  1.00   0  18  7/17/19  NW  1017   72

HEAT BASE: 65.0
COOL BASE: 65.0