NOAA-Style Climate Reports


Report for 2019 June
                  MONTHLY CLIMATOLOGICAL SUMMARY FOR 6/2019
                                        HEAT  COOL        
     MEAN                               DEG   DEG       WIND SPEED       DOM MEAN  MEAN
DAY  TEMP  HIGH   TIME     LOW   TIME   DAYS  DAYS RAIN AVG  HI  TIME    DIR BAROM HUM
---------------------------------------------------------------------------------------
1    78.4  89.7   5:30pm  64.5   6:26am    0   13  0.00   0   7  11:47am  NW  1012   54
2    78.7  90.0   5:17pm  67.5   6:44am    0   14  0.00   0   9   2:06pm  NW  1012   58
3    80.2  91.7   4:57pm  68.0   6:37am    0   15  0.00   0   5  12:56pm  NW  1014   57
4    78.3  88.7   5:18pm  71.0   7:05am    0   13  0.00   0  10  11:36am   E  1018   56
5    78.6  84.8   1:14pm  74.4   3:19am    0   14  0.00   0   2   5:23pm   N  1016   79
6    75.2  79.2   2:58pm  71.8  11:02am    0   10  0.02   0   7   3:42pm  SW  1013   83
7    75.4  88.3   4:23pm  70.2  11:27pm    0   10  0.82   0  10   5:25pm  SW  1009   88
8    70.2  72.1   9:14am  68.4   1:02pm    0    5  4.68   0  10  12:52pm WNW  1011   96
9    73.4  79.5   5:00pm  69.5   1:10am    0    8  0.43   0   2  12:21pm ESE  1013   93
10   74.7  81.4   1:34pm  70.3   8:11pm    0   10  0.66   0   8   7:38pm  NE  1014   91
11   77.1  87.3   4:52pm  68.7   6:35am    0   12  0.01   0   7   7:26pm   E  1016   77
12   69.2  74.0  12:00am  64.9  11:58pm    0    4  0.00   0  14   7:48am   E  1016   77
13   71.6  81.3   4:41pm  63.4   3:29am    0    7  0.00   0  13  12:25pm  NW  1015   67
14   71.2  83.7   5:24pm  56.9   6:10am    1    8  0.00   0   4   4:21pm  SW  1021   55
15   74.0  86.4   5:05pm  59.7   6:36am    1   10  0.00   0   4  12:44pm  SW  1021   65
16   79.4  90.9   4:58pm  67.0   6:48am    0   14  0.00   0   7   1:21pm  SW  1017   69
17   82.3  93.2   3:40pm  71.9   6:32am    0   17  0.00   0   5   2:27pm  SW  1016   72
18   77.6  86.0   3:23pm  72.3  11:44pm    0   13  0.13   0   6   5:22pm  NW  1015   85
19   78.3  87.0   4:36pm  71.8   3:47am    0   13  0.00   0   6  12:25pm  SW  1011   82
20   79.7  86.9   7:02pm  73.4   5:18am    0   15  0.27   0  21   2:13pm  SW  1010   78
21   81.7  91.9   6:03pm  71.8   6:39am    0   17  0.00   0  13  11:57am  NW  1015   68
22   78.5  90.3   2:57pm  68.0   6:45am    0   13  0.09   0  22   2:09am  NW  1017   80
23   78.4  91.0   4:59pm  70.3   6:20am    0   13  0.00   0   7   3:31pm WNW  1017   75
24   78.3  90.2   4:52pm  70.1   6:47am    0   13  0.19   0  28   7:44pm  SW  1014   80
25   78.2  87.2   5:09pm  69.7   6:30am    0   13  0.00   0   8   2:18pm  NW  1017   75
26   79.5  89.0   2:34pm  70.0   6:47am    0   15  0.00   0   0  12:00am   N  1021   70
27   80.4  89.2   5:28pm  72.9   5:37am    0   15  0.00   0   1   1:09pm   N  1022   75
28   77.3  83.8   9:46am  74.1   6:41am    0    5  0.00   0   0  12:00am   N  1016   80
---------------------------------------------------------------------------------------
TOT  77.3  83.8   7/1/19  74.1   7/1/19    3  332  0.00   0   0   7/1/19   N  1016   80

HEAT BASE: 65.0
COOL BASE: 65.0