NOAA-Style Climate Reports


Report for 2019 May
                  MONTHLY CLIMATOLOGICAL SUMMARY FOR 5/2019
                                        HEAT  COOL        
     MEAN                               DEG   DEG       WIND SPEED       DOM MEAN  MEAN
DAY  TEMP  HIGH   TIME     LOW   TIME   DAYS  DAYS RAIN AVG  HI  TIME    DIR BAROM HUM
---------------------------------------------------------------------------------------
1    74.3  85.1   5:56pm  65.2   5:55am    0    9  0.00   0   4   8:55am SSW  1024   74
2    74.3  85.6   4:53pm  64.4   7:01am    0    9  0.00   0   5   5:14pm  SW  1022   70
3    74.4  85.3   5:27pm  67.7   7:01am    0    9  0.00   0   6   4:04pm  SW  1017   76
4    73.5  84.3  12:11pm  67.3   7:01am    0    8  0.15   0   7   4:05pm SSW  1012   84
5    72.7  81.3   5:57pm  67.1   6:01am    0    8  0.00   0  15   4:21pm  NW  1008   77
6    71.4  83.2   4:23pm  59.6   6:55am    1    7  0.00   0   6  11:22am ENE  1015   70
7    70.8  83.3   5:21pm  61.4   6:00am    1    6  0.00   0   3   1:33pm NNE  1020   81
8    75.2  85.5   4:58pm  66.7   4:27am    0   10  0.00   0   2   3:26pm   E  1019   75
9    73.3  83.2   3:34pm  66.1   6:56am    0    8  0.23   0  13   8:06pm  SW  1018   76
10   74.9  86.2   4:15pm  67.7   1:48am    0   10  0.15   0  14  12:06am  NW  1017   80
11   72.4  84.6   4:11pm  68.4   6:41am    0    7  0.60   0  13   5:37pm SSW  1014   90
12   69.3  75.7   4:52pm  66.3   6:27am    0    4  0.16   0   7   2:34pm  SW  1010   92
13   68.8  75.6   4:29pm  60.8  11:58pm    0    4  0.01   0  15   2:45pm  NW  1011   69
14   64.0  75.9   6:30pm  51.7   6:49am    4    3  0.00   0   4   1:52pm  NW  1016   60
15   65.8  75.8   4:08pm  52.8   6:32am    3    4  0.00   0   7   9:54am   E  1018   64
16   72.6  87.2   5:29pm  58.6   5:29am    1    9  0.00   0   5   4:29pm  SW  1017   68
17   77.2  89.9   4:06pm  65.6   6:02am    0   12  0.00   0   4   3:43pm  NW  1015   72
18   79.5  91.6   5:27pm  66.8   6:46am    0   15  0.00   0   2   2:28pm SSW  1016   67
19   79.5  90.3   4:28pm  70.0   6:17am    0   14  0.00   0   6   5:42pm  SW  1016   68
20   77.8  89.0   4:39pm  68.0   6:37am    0   13  0.00   0  10   4:23pm  NW  1016   67
21   79.1  92.9   5:50pm  64.0   6:41am    0   14  0.00   0   3   4:16pm WNW  1015   59
22   79.1  90.5   3:01pm  68.5   6:03am    0   14  0.00   0   5   9:13am ENE  1019   68
23   80.4  91.3   5:16pm  71.2   5:34am    0   15  0.00   0   7   8:59am SSW  1023   73
24   83.3  94.5   5:53pm  72.9   6:49am    0   18  0.00   0   4   2:27pm  NW  1020   65
25   84.5  95.6   3:03pm  72.0   6:30am    0   19  0.00   0   4   6:21pm WNW  1020   64
26   84.6  96.8   5:10pm  71.1   6:27am    0   20  0.00   0  10   5:25pm  NW  1019   58
27   82.6  94.2   4:26pm  69.4   6:35am    0   18  0.00   0  11  12:04pm WNW  1016   61
28   84.4  97.0   5:18pm  71.4   6:54am    0   19  0.00   0  11   1:59pm  SW  1014   55
29   84.8  97.0   5:44pm  72.8   6:05am    0   20  0.00   0   7   5:00pm  SW  1013   50
30   84.4  94.6   4:09pm  73.8   6:52am    0   19  0.00   0  12   2:11pm  SW  1012   52
31   81.2  89.6   3:36pm  73.2   6:53am    0   16  0.00   0  15   5:23pm  NW  1012   57
---------------------------------------------------------------------------------------
TOT  76.5  97.0  5/28/19  51.7  5/14/19   10  365  1.30   0  15   5/5/19  NW  1016   69

HEAT BASE: 65.0
COOL BASE: 65.0