NOAA-Style Climate Reports


Report for 2019 April
                  MONTHLY CLIMATOLOGICAL SUMMARY FOR 4/2019
                                        HEAT  COOL        
     MEAN                               DEG   DEG       WIND SPEED       DOM MEAN  MEAN
DAY  TEMP  HIGH   TIME     LOW   TIME   DAYS  DAYS RAIN AVG  HI  TIME    DIR BAROM HUM
---------------------------------------------------------------------------------------
1    49.8  61.4   6:09pm  38.9   7:41am   15    0  0.00   0  10  12:48pm   E  1024   44
2    53.6  64.2   5:20pm  44.7   8:00am   11    0  0.00   0  10  10:36am  NW  1022   44
3    58.1  75.0   5:08pm  40.8   7:18am    9    2  0.00   0   2   5:09pm  NE  1027   50
4    61.7  73.9   2:32pm  46.3   7:48am    6    2  0.04   0  10   1:45pm   E  1027   56
5    61.5  69.7   4:14pm  56.3   1:00am    4    1  0.17   0   3   3:29am   E  1020   89
6    64.6  75.7   3:45pm  57.0   6:49am    3    3  0.00   0   1   1:47am  NE  1022   82
7    69.6  80.9   4:49pm  62.5   7:11am    1    5  0.25   0  16   3:16am SSW  1022   83
8    69.3  76.9   1:11pm  64.0   6:32am    0    4  0.09   0   9  12:05pm SSW  1015   90
9    68.5  78.0   4:47pm  64.7   9:14am    0    4  0.11   0   3   9:01am SSW  1009   88
10   70.2  84.5   6:00pm  56.8   7:26am    2    7  0.00   0   3  10:51am ENE  1010   68
11   71.2  83.8   3:33pm  60.5   6:41am    1    7  0.00   0  10   1:25pm   E  1014   69
12   72.7  81.3   4:36pm  66.8  11:56pm    0    8  0.00   0   9   3:09am SSW  1016   76
13   72.8  85.8   5:21pm  63.8   4:09am    0    8  0.00   0   7   3:45pm SSW  1016   74
14   71.3  77.0   5:53pm  59.4  11:54pm    0    7  0.47   0  31   3:44pm SSW  1007   86
15   58.1  67.3   6:13pm  47.5   7:28am    7    0  0.00   0  18  10:36am  NW  1016   54
16   61.2  77.7   5:31pm  44.7   6:45am    7    3  0.00   0   2   2:08pm  SW  1024   55
17   66.4  82.1   5:26pm  49.9   6:25am    4    6  0.00   0   9   4:03pm SSW  1021   65
18   70.3  81.5   5:04pm  60.7   6:50am    1    6  0.00   0  10   1:05pm SSW  1014   72
19   66.3  72.9   4:02pm  51.5  11:59pm    2    3  1.75   0  19  11:45am SSW  1002   82
20   49.4  53.5   4:12pm  46.4   5:33am   16    0  0.09   0  17   8:34am SSW  1009   82
21   58.7  74.2   5:29pm  45.6   6:15am    8    2  0.00   0  12   9:59am WNW  1019   63
22   65.2  81.6   5:37pm  48.2   6:42am    5    5  0.00   0   1   7:23am SSW  1022   61
23   70.9  84.8   3:17pm  54.4   7:02am    3    8  0.00   0  10   1:52pm  SW  1019   61
24   73.5  85.2   4:05pm  61.9   7:18am    0    9  0.00   0  11   6:24pm  SW  1015   57
25   69.8  76.7   2:20pm  63.0   7:24am    0    5  0.00   0   9   4:38pm SSW  1013   72
26   67.1  75.3   4:03pm  60.6   7:00am    1    3  0.05   0  24   4:27pm  NW  1010   63
27   65.4  79.3   5:32pm  50.2   7:17am    4    4  0.00   0   7   3:45pm SSW  1016   45
28   70.9  83.2   3:41pm  58.5   5:25am    1    7  0.00   0   8   2:07pm  SW  1017   60
29   72.7  86.2   5:19pm  61.5   6:25am    0    8  0.00   0   5   1:47pm ENE  1022   71
30   74.6  87.3   4:26pm  61.9   7:16am    0   10  0.00   0   3   2:14pm  SW  1024   69
---------------------------------------------------------------------------------------
TOT  65.9  87.3  4/30/19  38.9   4/1/19  113  138  3.02   0  29  4/14/19 SSW  1017   68

HEAT BASE: 65.0
COOL BASE: 65.0