NOAA-Style Climate Reports


Report for 2019 March
                  MONTHLY CLIMATOLOGICAL SUMMARY FOR 3/2019
                                        HEAT  COOL        
     MEAN                               DEG   DEG       WIND SPEED       DOM MEAN  MEAN
DAY  TEMP  HIGH   TIME     LOW   TIME   DAYS  DAYS RAIN AVG  HI  TIME    DIR BAROM HUM
---------------------------------------------------------------------------------------
1    63.2  68.1   4:07pm  60.5  12:00am    2    0  0.02   0  10   5:40pm SSW  1017   91
2    61.1  68.7   5:13pm  52.8   7:28am    5    1  0.00   0   5   9:51am SSW  1018   81
3    57.6  65.0  12:32pm  49.1  11:57pm    7    0  1.06   0  14   5:16pm WNW  1012   89
4    44.2  51.2   3:58pm  38.5  11:58pm   21    0  0.00   0  17   6:18am  NW  1017   68
5    39.7  49.0   3:24pm  31.6   7:05am   25    0  0.00   0  19   5:48pm  NW  1022   48
6    39.0  50.4   4:18pm  29.8   7:03am   26    0  0.00   0  12   1:54pm  NW  1029   35
7    47.7  61.6   4:14pm  32.1   6:53am   17    0  0.00   0   4   4:23pm   S  1028   34
8    52.6  58.0  11:47am  46.8  11:47pm   12    0  0.09   0   6   8:37pm ENE  1023   60
9    51.9  60.0   3:25pm  46.7  12:05am   13    0  0.02   0   9   4:08pm   E  1021   92
10   59.2  71.2   5:23pm  49.7   7:45am    7    1  0.01   0   4   3:27pm SSW  1021   80
11   60.0  71.8   1:48pm  52.3  11:41pm    6    1  0.07   0   4   4:23pm  NW  1024   76
12   58.0  71.0   5:21pm  45.9   8:14am    8    1  0.01   0   2   3:43pm   E  1026   69
13   59.5  68.9   4:05pm  48.8   7:48am    6    1  0.00   0  10  11:45am   E  1025   54
14   64.3  74.9   5:11pm  53.4   7:52am    4    4  0.00   0  11   2:02pm SSW  1021   78
15   63.5  69.3   2:04am  56.2   2:24pm    2    1  0.37   0  12  12:37pm WNW  1018   81
16   52.0  58.3   4:16pm  45.4   8:06am   13    0  0.00   0  15   1:50am  NW  1024   49
17   51.7  64.3   4:20pm  39.9   8:09am   13    0  0.00   0   5  10:23am ENE  1025   49
18   51.2  64.1   3:55pm  38.8   5:48am   14    0  0.00   0  17   3:08pm  NW  1025   45
19   49.3  58.7   4:59pm  40.9   7:45am   16    0  0.00   0  14  10:07am   E  1029   41
20   49.2  63.6   5:30pm  35.3   5:55am   16    0  0.00   0  11  12:13pm   E  1025   53
21   52.5  64.5   2:51pm  42.8   7:23am   13    0  0.00   0  19   4:33pm WNW  1015   57
22   54.7  67.7   4:43pm  40.7   7:49am   11    0  0.00   1  17   3:09pm  NW  1017   45
23   57.3  72.1   5:04pm  42.2   8:17am    9    1  0.00   0   1  11:13am ENE  1024   46
24   59.3  75.2   4:24pm  42.2   7:38am    8    3  0.00   0   6  11:55am SSW  1025   55
25   60.9  71.6   2:36pm  55.6  11:58pm    5    1  0.18   0   9   1:40pm SSW  1017   70
26   56.8  62.4   4:32pm  50.2   7:42am    8    0  0.01   0  10  10:01pm   E  1020   79
27   53.2  62.5   4:58pm  44.2   7:56am   12    0  0.00   0  15   9:39am   E  1029   54
28   54.0  71.3   5:04pm  37.3   7:19am   12    1  0.00   0   6   1:04pm SSW  1029   53
29   60.7  77.0   3:53pm  43.2   7:03am    8    3  0.00   0   8  12:33pm SSW  1023   56
30   66.6  77.5   6:02pm  55.7   7:31am    3    4  0.00   0  14   3:09pm SSW  1017   56
31   57.3  67.3  12:22am  48.0  11:54pm    8    0  0.11   0  15   1:52pm  NW  1016   59
---------------------------------------------------------------------------------------
TOT  55.1  77.5  3/30/19  29.8   3/6/19  329   23  1.95   0  19   3/5/19  NW  1022   61

HEAT BASE: 65.0
COOL BASE: 65.0