NOAA-Style Climate Reports


Report for 2019 February
                  MONTHLY CLIMATOLOGICAL SUMMARY FOR 2/2019
                                        HEAT  COOL        
     MEAN                               DEG   DEG       WIND SPEED       DOM MEAN  MEAN
DAY  TEMP  HIGH   TIME     LOW   TIME   DAYS  DAYS RAIN AVG  HI  TIME    DIR BAROM HUM
---------------------------------------------------------------------------------------
1    44.1  63.1   4:17pm  30.0   6:26am   21    0  0.00   0   2   3:39pm  SW  1029   60
2    51.9  67.7   2:15pm  35.6   5:34am   13    0  0.00   0   6   2:56pm   S  1026   63
3    56.3  64.7   4:09pm  47.9  11:53pm    9    0  0.03   0   3   1:55pm   E  1021   72
4    54.5  67.9   2:00pm  40.6   7:40am   11    0  0.00   0   2  12:50pm   S  1020   78
5    64.4  76.1   3:26pm  54.8   5:00am    3    3  0.00   0   7   2:56pm   S  1020   79
6    64.2  72.1   4:09pm  56.9   6:06am    3    2  0.01   0   8   2:54pm SSW  1020   90
7    70.7  81.4   3:38pm  63.3   7:06am    0    6  0.00   0  14   2:41pm SSW  1019   74
8    59.0  66.8  12:00am  46.3  11:54pm    6    0  0.00   0  17  12:07pm  NW  1025   50
9    48.8  53.5   4:08pm  45.0   2:38am   16    0  0.00   0  10   9:49pm   E  1036   39
10   40.1  46.0  12:00am  37.3   2:59pm   25    0  0.14   0  10  10:51am   E  1035   66
11   45.6  52.5   5:02pm  37.9  12:00am   19    0  0.37   0   0  12:00am   N  1024   94
12   56.6  70.1   2:20pm  51.3  12:05am    9    0  0.50   0  24   2:39pm WNW  1015   93
13   48.4  58.6   4:15pm  38.8   7:47am   17    0  0.00   0  13  12:00am  NW  1021   46
14   49.8  62.6   1:48pm  34.6   7:42am   15    0  0.00   0   6   3:59pm SSW  1021   50
15   55.7  61.8   2:27pm  48.6   6:04am    9    0  0.20   0   6   1:02pm SSW  1014   75
16   62.2  70.6   2:21pm  52.9  11:55pm    4    1  0.08   0  11  12:32pm SSW  1009   79
17   47.1  52.9  12:00am  42.2  11:44pm   18    0  0.11   0   7   7:24am   E  1016   91
18   53.1  64.4   4:16pm  42.1  12:09am   12    0  0.06   0  13   4:35pm  NW  1022   65
19   44.1  51.3  12:00am  38.2   6:25pm   21    0  1.03   0  16   7:03pm   E  1031   79
20   41.0  42.9   4:55pm  38.9   1:56am   24    0  0.36   0   8   9:00am   E  1025   95
21   51.7  64.4   5:00pm  41.4  12:30am   13    0  0.44   0   6   6:23am NNW  1021   94
22   55.5  60.8  12:56am  51.0  11:42pm    9    0  0.01   0  12  12:29pm   E  1024   96
23   48.0  51.0  12:00am  46.0  11:20pm   17    0  0.04   0   7   3:58am   E  1024   95
24   54.7  67.7   3:00pm  45.9  12:19am   11    0  0.19   0  24   5:53am  NW  1017   63
25   52.6  66.9   4:51pm  40.7   7:04am   12    0  0.00   0   8  12:09am  NW  1029   33
26   56.0  69.3   2:44pm  43.5   3:47am   10    1  0.00   0   7   2:16pm SSW  1028   61
27   60.4  68.1   4:58pm  56.9   7:35am    5    0  0.06   0   1   5:09pm  SW  1022   83
28   58.6  62.9   4:00pm  54.8   2:43am    6    0  0.31   0   1  10:53pm   N  1018   94
---------------------------------------------------------------------------------------
TOT  53.4  81.4   2/7/19  30.0   2/1/19  338   14  3.94   0  24  2/24/19  NW  1023   73

HEAT BASE: 65.0
COOL BASE: 65.0