NOAA-Style Climate Reports


Report for 2019 January
                  MONTHLY CLIMATOLOGICAL SUMMARY FOR 1/2019
                                        HEAT  COOL        
     MEAN                               DEG   DEG       WIND SPEED       DOM MEAN  MEAN
DAY  TEMP  HIGH   TIME     LOW   TIME   DAYS  DAYS RAIN AVG  HI  TIME    DIR BAROM HUM
---------------------------------------------------------------------------------------
1    64.2  67.1  10:33am  59.3  11:51pm    1    0  0.03   0  10  12:10am SSW  1020   87
2    55.5  61.3   1:07pm  51.5   6:07pm   10    0  0.52   0   1   8:43am   N  1022   91
3    53.9  56.4   3:51pm  51.5   3:33am   11    0  0.16   0   2   4:34pm  NW  1018   96
4    56.3  66.5   4:10pm  48.1  11:49pm    9    0  1.71   0  16   4:44pm SSW  1011   90
5    52.0  61.4   3:32pm  46.0   8:02am   13    0  0.00   0  17   3:21am WNW  1016   66
6    55.0  71.7   3:57pm  40.2   8:05am   11    1  0.00   0   0  12:00am   N  1023   64
7    54.6  69.5   2:49pm  42.4   7:53am   11    1  0.00   0   4   2:49pm SSW  1025   71
8    56.1  65.2   4:30pm  47.5   7:46am    9    0  0.00   0  11   1:33pm  SW  1021   83
9    49.0  57.3  12:03am  41.0  11:58pm   16    0  0.00   0  18   1:14pm  NW  1020   43
10   41.0  51.2   3:09pm  32.8   7:37am   24    0  0.00   0   5   1:36am  NW  1022   52
11   41.2  54.7   3:54pm  30.1   6:03am   24    0  0.00   0   2  11:36pm SSE  1027   60
12   39.6  42.6  12:00am  36.1  11:04pm   25    0  0.49   0   9   4:00pm   E  1029   67
13   40.1  44.9   8:37pm  35.6   3:44am   25    0  0.47   0   6  12:36am ENE  1023   92
14   43.6  49.3   1:54pm  36.7   7:30am   21    0  0.00   0   6  10:45pm  NW  1025   87
15   43.3  54.1   4:20pm  36.2  11:51pm   22    0  0.00   0   5   1:02am  NW  1025   73
16   43.5  59.6   4:24pm  30.3   6:51am   21    0  0.00   0   7   2:34pm  NW  1025   71
17   42.8  52.3   1:24pm  35.5   7:34am   22    0  0.09   0   4   5:19pm ENE  1025   86
18   49.5  56.5   4:20pm  45.2  12:00am   15    0  0.01   0   0  12:00am   N  1021   93
19   53.4  61.3   4:04pm  46.9  12:04am   12    0  1.23   0  13   6:11pm ESE  1012   96
20   41.1  56.1  12:00am  31.4  11:55pm   24    0  0.01   1  27   4:15pm  NW  1013   68
21   35.0  45.7   3:53pm  26.7   7:45am   30    0  0.00   0   4   1:58am  NW  1030   51
22   37.3  44.2   4:39pm  29.1   8:04am   27    0  0.00   0   9  10:13am   E  1036   43
23   50.7  69.4   3:52pm  40.9   6:47am   15    0  0.96   0  11   2:42pm   E  1021   69
24   47.1  60.8   2:26am  36.7  11:53pm   18    0  0.38   0  18   7:26am WNW  1012   78
25   40.0  50.1   4:10pm  31.9   6:42am   25    0  0.00   0  11   3:00pm  NW  1025   56
26   40.2  53.6   4:06pm  29.2   6:42am   25    0  0.00   0  10  11:46am  NW  1026   56
27   41.7  51.7   2:06pm  31.7   5:45am   23    0  0.00   0   0  12:00am   N  1022   74
28   46.9  59.9   2:34pm  32.5   7:14am   18    0  0.00   0  13   2:37pm SSW  1017   66
29   44.0  50.8  12:00am  30.1  11:58pm   21    0  0.09   0  15  12:39pm  NW  1016   67
30   34.9  45.3   3:04pm  26.1   7:10am   30    0  0.00   0  19   2:40pm WNW  1025   48
31   39.3  52.6   3:52pm  28.7   7:41am   26    0  0.00   0   8   3:54pm  NW  1030   52
---------------------------------------------------------------------------------------
TOT  46.2  71.7   1/6/19  26.1  1/30/19  584    2  6.15   0  26  1/20/19  NW  1022   71

HEAT BASE: 65.0
COOL BASE: 65.0