NOAA-Style Climate Reports


Report for 2018 December
                  MONTHLY CLIMATOLOGICAL SUMMARY FOR 12/2018
                                        HEAT  COOL        
     MEAN                               DEG   DEG       WIND SPEED       DOM MEAN  MEAN
DAY  TEMP  HIGH   TIME     LOW   TIME   DAYS  DAYS RAIN AVG  HI  TIME    DIR BAROM HUM
---------------------------------------------------------------------------------------
1    55.7  58.2  10:16pm  50.5   9:02am    9    0  2.16   0   9   9:41am   E  1014   88
2    65.5  75.1   2:48pm  57.3  11:57pm    2    3  0.01   0  10   2:15pm  SW  1009   78
3    56.8  67.7   3:29pm  48.1   5:16am    8    0  0.00   0   8  11:03am  NW  1014   60
4    45.5  53.9   3:06pm  39.4  11:57pm   20    0  0.00   0  11   3:57pm  NW  1020   62
5    38.6  46.9   1:58pm  32.3  11:57pm   26    0  0.00   0  13   3:21pm  NW  1025   62
6    38.5  50.9   2:17pm  27.8   7:19am   27    0  0.00   0   2  11:37am   E  1031   64
7    42.8  48.9   1:15pm  36.9   5:28am   22    0  0.01   0   1   5:49pm SSE  1031   77
8    41.7  44.9  12:00am  38.8  11:59pm   23    0  2.06   0  20  11:59pm   E  1030   91
9    37.3  39.0  11:20pm  35.6   8:22am   28    0  1.52   0  21   2:18am   E  1020   93
10   41.1  44.2   2:37pm  38.6   2:32am   24    0  0.23   0  10  11:22am ENE  1021   94
11   44.1  57.7   2:57pm  36.4   5:42am   21    0  0.01   0   1   9:10am  NW  1026   71
12   42.8  55.0   3:52pm  32.6   7:38am   22    0  0.00   0   4   3:39pm SSW  1025   63
13   45.1  53.4  12:53pm  35.9   7:18am   20    0  0.00   0   3   8:35pm   E  1025   74
14   47.9  50.4  12:00am  45.6   3:54am   17    0  0.77   0  10   8:08am   E  1020   92
15   51.2  59.5   1:21pm  47.8  12:06am   14    0  0.15   0   8  12:46am  SW  1016   86
16   51.3  57.8   3:21pm  47.0   7:33am   14    0  0.00   0  16  12:51pm  NW  1019   82
17   53.6  65.7   2:53pm  45.5   7:17am   11    0  0.00   0   7  10:19am  NW  1021   65
18   50.7  64.5   3:56pm  38.8   7:58am   14    0  0.00   0   1   1:49pm   E  1020   60
19   48.9  58.1   1:51pm  40.1   5:34am   16    0  0.00   0   7   8:44pm ENE  1020   74
20   50.8  54.5   8:35pm  47.0   6:28am   14    0  1.22   0   7   9:40am ENE  1006   91
21   48.7  53.5  12:00am  43.8  11:32pm   16    0  0.84   0  20   5:57pm WNW   998   91
22   45.0  54.7   4:04pm  37.3  11:59pm   20    0  0.00   0  12  12:34am  NW  1019   68
23   47.2  62.3   4:14pm  32.9   7:18am   18    0  0.09   0  13   6:00pm SSW  1023   83
24   45.9  57.9   4:13pm  36.7  11:57pm   19    0  0.00   0   4   8:44am  NW  1026   74
25   44.9  59.0   3:42pm  32.1   6:20am   20    0  0.00   0   0  12:00am   N  1028   76
26   46.9  58.1   3:08pm  36.6   7:07am   18    0  0.00   0   6   3:37pm   E  1032   74
27   48.5  53.1   2:49pm  45.7   6:29am   17    0  0.43   0  10  10:11am   E  1028   75
28   54.7  60.6   3:17pm  47.4   3:41am   10    0  1.10   0   7   3:16am  NW  1019   96
29   57.0  65.6   4:10pm  51.8   7:14am    8    0  0.00   0   2  12:16pm   W  1023   86
30   54.0  55.4   3:28pm  51.9   7:40am   11    0  0.53   0   0  12:00am   N  1023   95
31   59.7  67.0  10:14pm  54.6   5:21am    6    0  0.05   0   6  10:12pm SSW  1021   96
---------------------------------------------------------------------------------------
TOT  48.5  75.1  12/2/18  27.8  12/6/18  516    3 11.18   0  21  12/9/18  NW  1021   79

HEAT BASE: 65.0
COOL BASE: 65.0