NOAA-Style Climate Reports


Report for 2018 November
                  MONTHLY CLIMATOLOGICAL SUMMARY FOR 11/2018
                                        HEAT  COOL        
     MEAN                               DEG   DEG       WIND SPEED       DOM MEAN  MEAN
DAY  TEMP  HIGH   TIME     LOW   TIME   DAYS  DAYS RAIN AVG  HI  TIME    DIR BAROM HUM
---------------------------------------------------------------------------------------
1    64.5  75.0   3:26pm  58.5   4:58am    2    2  0.55   0  12  12:26pm  SW  1013   88
2    59.7  63.6   8:59am  47.1  11:53pm    5    0  0.27   0  10   7:49pm  NW  1010   89
3    52.0  67.4   5:09pm  42.6   7:36am   13    0  0.00   0   4  12:05am  NW  1022   75
4    55.2  65.0   4:08pm  43.8   7:08am   10    0  0.00   0   8  10:18am   E  1027   77
5    59.5  62.8  11:46pm  55.5   7:32am    6    0  0.01   0   1   2:00pm  SE  1020   92
6    66.5  73.5   1:41pm  57.5  11:57pm    1    3  0.54   0  13   9:34am  NW  1016   87
7    60.4  74.9   2:07pm  48.5   7:18am    6    2  0.48   0   1   8:18am   N  1019   86
8    59.1  63.4   1:07pm  56.3  11:22pm    6    0  0.07   0   6   2:02pm ENE  1020   89
9    54.8  56.7   1:01am  50.5  11:56pm   10    0  0.92   0   8  10:31pm WNW  1019   95
10   47.3  56.9   3:44pm  39.8   7:24am   18    0  0.00   0   9   2:43am  NW  1024   68
11   45.9  55.5   3:12pm  36.6   7:04am   19    0  0.00   0   9   8:15am   E  1029   60
12   44.4  48.6  12:00am  42.3   1:06pm   21    0  2.42   0   8   8:27am   E  1024   88
13   49.9  55.3   3:23pm  45.2  12:02am   15    0  0.16   0   1   8:19am  NW  1021   95
14   48.4  53.0   3:50am  43.6  11:54pm   17    0  0.58   0  14  10:32pm   E  1026   93
15   41.9  47.0   4:42pm  36.7  10:09pm   23    0  0.66   0  21   4:30am   E  1021   92
16   44.5  59.9   3:55pm  33.6   4:57am   20    0  0.00   0  10   9:40am  NW  1022   71
17   49.4  65.9   3:10pm  36.1   7:25am   16    0  0.00   0   1  11:26am  NE  1025   75
18   50.6  66.9   3:47pm  38.4   6:52am   15    0  0.00   0   0  12:00am   N  1025   82
19   54.0  67.4   2:50pm  43.3   5:36am   11    0  0.00   0   1   1:59pm   N  1022   83
20   55.4  62.0   3:20pm  43.5  11:57pm   10    0  0.00   0  13  12:54pm  NW  1020   70
21   47.3  62.1   3:06pm  35.3   7:06am   18    0  0.00   0   2  12:20pm   N  1026   70
22   46.2  59.1   2:33pm  35.1   7:24am   19    0  0.00   0   7  10:42am   E  1028   76
23   43.0  47.5   2:42pm  39.2  11:59pm   22    0  0.21   0  15   9:13am   E  1027   81
24   42.7  50.9   4:28pm  37.0   5:48am   22    0  0.45   0   2   1:33am   E  1015   94
25   44.9  47.7  11:47pm  41.6   8:00am   20    0  0.04   0   2   9:13pm   N  1017   96
26   46.2  50.3   8:10am  38.0  11:49pm   19    0  0.03   0  20  10:05am  NW  1012   80
27   38.6  46.2   2:12pm  33.0  11:58pm   26    0  0.00   0  19   8:56pm  NW  1015   60
28   37.2  47.7   3:56pm  28.9   7:08am   27    0  0.00   0  11  11:28am  NW  1020   53
29   46.5  57.1   2:46pm  32.0   7:07am   19    0  0.00   0   1  12:08pm   N  1022   61
30   56.4  65.7   4:07pm  50.4   6:17am    9    0  0.02   0   4  11:20am SSW  1020   76
---------------------------------------------------------------------------------------
TOT  50.4  75.0  11/1/18  28.9 11/28/18  444    6  7.41   0  18 11/15/18  NW  1021   80

HEAT BASE: 65.0
COOL BASE: 65.0