NOAA-Style Climate Reports


Report for 2018 October
                  MONTHLY CLIMATOLOGICAL SUMMARY FOR 10/2018
                                        HEAT  COOL        
     MEAN                               DEG   DEG       WIND SPEED       DOM MEAN  MEAN
DAY  TEMP  HIGH   TIME     LOW   TIME   DAYS  DAYS RAIN AVG  HI  TIME    DIR BAROM HUM
---------------------------------------------------------------------------------------
1    75.0  85.1   3:33pm  68.2   7:12am    0   10  0.00   0   5   1:27pm ENE  1026   74
2    74.9  87.5   4:51pm  63.8   7:40am    0   10  0.00   0   1  11:47am ESE  1024   71
3    76.7  90.3   5:09pm  66.0   6:43am    0   12  0.00   0   1  12:57pm NNW  1020   74
4    78.5  90.8   5:19pm  67.9   7:19am    0   13  0.00   0   3   2:17pm  NW  1019   73
5    80.4  94.2   4:01pm  69.4   7:45am    0   15  0.00   0   1   8:44am  NW  1018   71
6    80.9  93.5   3:25pm  70.1   8:00am    0   16  0.00   0   1   5:55pm   N  1019   69
7    80.4  91.3   5:20pm  71.7   6:09am    0   15  0.00   0   5   1:20pm   E  1021   70
8    76.6  85.4   3:59pm  71.7   7:06am    0   12  0.05   0  17   4:55pm   E  1022   82
9    74.1  80.7   4:17pm  70.9   5:15am    0    9  0.00   0  11   2:58pm   E  1020   87
10   76.6  85.3   2:32pm  72.2   4:53am    0   12  0.29   0  18  11:02pm ENE  1011   89
11   75.6  83.3   2:44pm  63.1  11:58pm    0   11  1.24   1  23  12:27pm  NW  1003   79
12   64.5  76.7   4:10pm  53.7   7:48am    3    3  0.18   0  10  12:40am WNW  1012   65
13   64.5  76.1   4:33pm  56.8   3:22am    3    3  0.09   0   7   2:49pm  NW  1015   65
14   67.0  79.7   4:08pm  58.0   6:35am    2    4  0.08   0   1   1:31am   E  1020   75
15   70.3  81.5   4:09pm  60.9   6:57am    1    6  0.06   0   1   1:58am   E  1021   84
16   74.2  84.8   4:47pm  66.7   7:22am    0    9  0.05   0   2   6:38pm WNW  1020   84
17   70.8  79.9   2:58pm  61.7  11:56pm    0    6  0.05   0   6   9:26pm  NW  1022   74
18   62.6  71.5   3:58pm  56.6   7:54am    3    1  0.03   0   9   9:57am   E  1028   64
19   61.1  71.1   2:49pm  50.0   7:09am    5    1  0.00   0   1  11:06am ENE  1026   71
20   65.2  71.5   1:41pm  59.1  11:59pm    1    2  0.00   0  10   2:19pm  NW  1017   80
21   55.7  65.2   4:30pm  46.7  11:57pm    9    0  0.00   0   5   1:00am   E  1023   55
22   53.0  69.4   5:03pm  39.6   7:39am   12    0  0.00   0   2   1:30pm   E  1027   68
23   57.2  70.3   2:54pm  46.7   5:56am    9    1  0.00   0   2   3:27pm  NW  1024   73
24   57.8  72.6   3:22pm  44.2   7:53am    9    1  0.00   0   5  11:38am ENE  1023   70
25   54.2  58.8   4:11pm  50.3   7:51am   11    0  0.03   0   7   3:07pm   E  1022   72
26   49.2  50.8   6:00pm  46.7   8:16am   16    0  1.49   0  11   7:54am   E  1011   94
27   54.8  60.7   3:07pm  50.7  12:00am   10    0  0.01   0  12  11:52am  NW  1012   86
28   58.9  72.8   3:52pm  47.0   7:51am    8    1  0.00   0  11   4:39pm  SW  1018   76
29   60.9  70.9   4:54pm  50.7   7:58am    5    1  0.00   0   8   2:17pm  NW  1019   58
30   56.3  70.8   3:49pm  44.1   7:50am   10    1  0.00   0   2  10:32am ENE  1024   69
31   60.4  77.6   4:09pm  46.9   6:40am    7    3  0.00   0   3  12:47pm  SW  1022   78
---------------------------------------------------------------------------------------
TOT  66.7  94.2  10/5/18  39.6 10/22/18  125  179  3.65   0  23 10/11/18  NW  1020   74

HEAT BASE: 65.0
COOL BASE: 65.0