NOAA-Style Climate Reports


Report for 2018 September
                  MONTHLY CLIMATOLOGICAL SUMMARY FOR 9/2018
                                        HEAT  COOL        
     MEAN                               DEG   DEG       WIND SPEED       DOM MEAN  MEAN
DAY  TEMP  HIGH   TIME     LOW   TIME   DAYS  DAYS RAIN AVG  HI  TIME    DIR BAROM HUM
---------------------------------------------------------------------------------------
1    81.9  94.2   5:06pm  72.2   7:12am    0   17  0.00   0   1   2:06pm  SW  1021   73
2    81.2  93.1   5:17pm  72.8   7:26am    0   16  0.01   0  10   8:31pm ENE  1022   74
3    80.6  91.9   4:00pm  72.4   7:24am    0   16  0.00   0   8   2:22pm   E  1024   75
4    80.6  90.6   4:30pm  73.9   3:50am    0   16  0.00   0   2   9:50am   E  1023   76
5    81.7  92.9   5:22pm  73.1   7:09am    0   17  0.00   0   5   4:06pm   N  1022   74
6    82.2  92.2   3:59pm  74.8   7:20am    0   17  0.00   0   7   1:30pm   E  1021   74
7    81.6  95.0   4:32pm  72.7   7:10am    0   17  0.00   0   2   5:10pm ENE  1018   74
8    81.9  93.6   3:43pm  72.5   7:19am    0   17  0.00   0   3   2:30pm  SW  1014   73
9    81.2  92.6   3:25pm  72.0   7:13am    0   16  0.00   0   7   5:35pm SSW  1012   74
10   80.0  91.6   2:25pm  72.6   7:18am    0   15  0.13   0  10   2:30pm  SW  1014   80
11   79.5  89.7   5:50pm  73.3   6:14am    0   15  0.00   0   1   7:11am   N  1017   81
12   80.5  89.4   5:27pm  72.2   7:25am    0   15  0.00   0   2   2:27pm   N  1018   79
13   81.3  91.4   4:26pm  74.4   5:59am    0   16  0.48   0   5   2:14pm ENE  1018   79
14   82.4  94.5   5:43pm  73.2   5:55am    0   17  0.00   0   7   5:10pm  NW  1014   74
15   80.4  89.1   1:51pm  73.0   7:46am    0   15  0.00   0  18  10:57am   N  1012   73
16   73.7  79.4  12:14am  70.6   7:58am    0    9  0.22   0  13   4:29am  NW  1009   90
17   78.6  90.6   4:48pm  69.1   7:27am    0   14  0.05   0   6   2:11pm SSW  1013   81
18   80.2  92.1   5:55pm  70.2   7:18am    0   15  0.00   0   5   7:01pm   N  1014   74
19   81.0  93.4   4:24pm  70.1   7:32am    0   16  0.00   0   1   4:28pm   N  1015   70
20   81.4  93.5   2:53pm  70.4   7:35am    0   16  0.00   0   2   4:20pm ENE  1019   67
21   79.3  91.2   4:48pm  68.5   7:29am    0   14  0.00   0   1   1:20pm   N  1021   71
22   80.0  92.5   4:21pm  69.4   7:29am    0   15  0.00   0   1  10:32am   N  1019   70
23   78.6  89.8   4:20pm  68.8   7:13am    0   14  0.00   0   1   8:16am   N  1018   68
24   74.5  81.8   3:11pm  69.0   6:55am    0   10  0.30   0  11   3:14pm   E  1020   84
25   77.4  86.9   5:07pm  71.6   1:09am    0   12  0.05   0   4   2:46pm  NE  1021   83
26   76.8  88.3   3:14pm  71.0  11:20pm    0   12  0.19   0  21   6:08pm WNW  1018   84
27   74.4  87.3   4:10pm  70.5   5:22am    0    9  0.48   0  25   5:37pm  SW  1016   90
28   76.0  82.9   5:51pm  70.5  12:17am    0   11  0.00   0   4   1:08pm   N  1019   87
29   78.0  87.9   4:23pm  70.3   7:55am    0   13  0.00   0   1   6:50pm   N  1021   80
30   75.6  83.6   4:38pm  71.0   3:58am    0   11  0.00   0   2   1:37pm  NE  1024   87
---------------------------------------------------------------------------------------
TOT  79.4  95.0   9/7/18  68.5  9/21/18    0  432  1.91   0  21  9/26/18  NW  1018   77

HEAT BASE: 65.0
COOL BASE: 65.0