NOAA-Style Climate Reports


Report for 2018 August
                  MONTHLY CLIMATOLOGICAL SUMMARY FOR 8/2018
                                        HEAT  COOL        
     MEAN                               DEG   DEG       WIND SPEED       DOM MEAN  MEAN
DAY  TEMP  HIGH   TIME     LOW   TIME   DAYS  DAYS RAIN AVG  HI  TIME    DIR BAROM HUM
---------------------------------------------------------------------------------------
1    74.0  80.3   1:21pm  70.8   2:16am    0    9  0.50   0  11   1:15pm  SW  1018   93
2    72.9  75.4   4:33pm  71.7  11:47pm    0    8  0.50   0   5   8:11pm   E  1019   96
3    77.3  86.1   6:28pm  71.6  12:02am    0   12  0.34   0   1   4:50am   E  1019   87
4    80.2  90.2   5:52pm  72.1   7:01am    0   15  0.18   0   0  12:00am   N  1022   81
5    83.0  93.7   5:34pm  74.3   7:04am    0   18  0.10   0   3   8:53pm  NW  1023   75
6    84.1  93.8   5:16pm  74.4   6:36am    0   19  0.05   0   4   3:25pm  NW  1021   73
7    80.7  92.5   2:28pm  74.0   6:41am    0   16  0.04   0  10   6:33pm  SW  1019   79
8    80.3  91.8   3:50pm  73.1  10:26pm    0   15  0.03   0  21   7:14pm  NW  1018   78
9    77.6  91.2   3:58pm  71.9  11:43pm    0   13  0.22   0   6  12:54pm  SW  1017   85
10   78.2  89.5   4:42pm  71.0   5:56am    0   13  0.10   0   6  11:52am  NW  1015   84
11   80.3  88.7   4:12pm  73.9   6:29am    0   15  0.01   0  10   1:50pm NNW  1014   79
12   80.4  90.9   3:42pm  71.6   7:24am    0   15  0.00   0  14   3:50pm  NW  1016   77
13   80.1  89.9   5:43pm  70.6   6:18am    0   15  0.00   0   1   2:36pm WNW  1017   72
14   79.6  90.1   6:15pm  67.7   7:26am    0   15  0.00   0   6   4:22pm  NW  1017   68
15   80.4  91.5   6:26pm  68.6   7:06am    0   15  0.00   0   1  12:53pm   S  1018   70
16   81.8  93.6   4:23pm  71.0   7:11am    0   17  0.00   0   4   3:14pm  SW  1020   74
17   78.8  89.0   3:04pm  73.2   6:08am    0   14  0.08   0   7  11:37am  SW  1021   83
18   76.7  87.7   4:03pm  72.6   5:33am    0   12  0.71   0   8   2:53pm  SW  1017   89
19   77.8  86.7   5:09pm  73.4   4:34am    0   13  0.11   0   7   2:02pm  SW  1015   88
20   77.7  84.8   5:26pm  72.8   7:00am    0   13  0.00   0   5   7:06pm  SW  1017   87
21   78.7  87.7   4:32pm  73.5   6:24am    0   14  0.01   0  11   3:41pm  SW  1016   85
22   78.3  86.5   4:03pm  70.9   7:09am    0   13  0.00   0  13   2:29pm  NW  1015   78
23   75.6  84.9   4:03pm  66.7   7:12am    0   11  0.00   0  10  10:28am   E  1018   71
24   73.0  82.3   5:30pm  63.2   7:19am    0    8  0.00   0   9  10:36am   E  1021   66
25   75.1  86.6   3:41pm  62.9   6:43am    0   10  0.00   0   3   9:16am ENE  1023   70
26   78.9  90.8   4:09pm  67.2   6:59am    0   14  0.00   0   1  11:25am WSW  1023   72
27   81.7  94.0   5:32pm  70.3   7:15am    0   17  0.00   0   1   4:48pm  SW  1021   72
28   82.1  94.1   3:12pm  71.5   7:15am    0   17  0.00   0   0  12:00am   N  1021   72
29   81.7  91.3   5:02pm  73.5   6:38am    0   17  0.03   0   7   9:50pm  SW  1020   75
30   82.1  93.4   5:03pm  71.0   7:18am    0   17  0.00   0   3  10:45pm  SW  1020   70
31   80.5  91.4   5:09pm  72.8   7:15am    0   15  0.00   0   2  12:00am  SW  1020   75
---------------------------------------------------------------------------------------
TOT  79.0  94.1  8/28/18  62.9  8/25/18    0  435  3.01   0  20   8/8/18  SW  1019   78

HEAT BASE: 65.0
COOL BASE: 65.0