NOAA-Style Climate Reports


Report for 2018 July
                  MONTHLY CLIMATOLOGICAL SUMMARY FOR 7/2018
                                        HEAT  COOL        
     MEAN                               DEG   DEG       WIND SPEED       DOM MEAN  MEAN
DAY  TEMP  HIGH   TIME     LOW   TIME   DAYS  DAYS RAIN AVG  HI  TIME    DIR BAROM HUM
---------------------------------------------------------------------------------------
1    80.5  89.6   5:44pm  74.4   6:13am    0   16  0.07   0   7   6:13pm  SW  1017   80
2    81.5  90.1   6:16pm  75.2   4:40am    0   16  0.00   0   2   6:19pm ESE  1018   81
3    82.3  93.5   4:47pm  73.4   8:06pm    0   17  0.07   0  29   7:23pm   E  1020   76
4    80.7  90.5   5:30pm  72.5   6:51am    0   16  0.11   0   9   2:48pm   E  1022   79
5    82.5  90.9   5:22pm  75.4   5:39am    0   18  0.00   0   6   4:30pm   E  1024   76
6    80.6  92.8   3:56pm  74.8   6:06am    0   16  0.02   0   9   5:31pm  NW  1021   80
7    76.9  86.0   3:49pm  72.5   6:47am    0   12  0.28   0   9   6:04pm   E  1020   86
8    76.5  85.9   6:20pm  70.4   4:25am    0   11  0.00   0   9   9:35am   E  1024   69
9    78.3  90.6   7:11pm  65.9   6:45am    0   13  0.00   0   1   2:15pm   N  1024   67
10   83.1  94.8   5:11pm  71.6   6:39am    0   18  0.00   0   1   7:17pm SSW  1019   65
11   85.2  95.8   5:09pm  74.4   6:55am    0   20  0.00   0   0  12:00am   N  1016   68
12   84.6  95.9   5:49pm  76.3   6:28am    0   20  0.00   0   3   3:44pm  SW  1017   73
13   81.0  90.6   3:20pm  75.4   6:14am    0   16  0.00   0   9   3:58pm   E  1020   81
14   79.2  85.2   1:00pm  76.0   6:41am    0   14  0.00   0   5   1:40pm   E  1020   85
15   80.7  89.1   6:23pm  75.6   7:52am    0   16  0.00   0   2   3:20pm  SW  1018   83
16   78.7  89.9   3:43pm  74.6   6:35am    0   14  0.05   0   6   4:47pm  NW  1017   88
17   81.6  93.1   6:43pm  72.7   6:43am    0   17  0.10   0   8  12:24am WNW  1015   80
18   82.9  93.0   3:58pm  74.4   6:49am    0   18  0.00   0   1   1:07pm   N  1014   75
19   80.2  89.7   4:13pm  74.2   6:31am    0   15  0.00   0  12   4:59pm   E  1015   81
20   79.1  88.2   5:22pm  73.1   6:27am    0   14  0.07   0   7  12:21am ENE  1015   78
21   77.3  88.5   5:39pm  69.5   9:30pm    0   12  0.90   0  29   8:54pm  SW  1011   84
22   77.0  88.9   4:54pm  68.5   8:58pm    0   12  0.97   0  28   7:50pm  NW  1009   79
23   75.6  87.3   4:05pm  68.1   4:38am    0   11  0.00   0   2   7:39pm   E  1010   83
24   76.2  86.0   3:19pm  71.5   6:50am    0   11  0.22   0   6  11:26pm SSW  1014   86
25   78.8  89.4   5:06pm  69.3   5:28am    0   14  0.04   0   3  12:00am   N  1014   79
26   80.9  92.0   4:37pm  70.9   6:37am    0   16  0.00   0   0  12:00am   N  1015   74
27   80.3  91.6   4:30pm  68.4   7:02am    0   15  0.00   0   6   5:37pm WNW  1016   70
28   81.7  92.2   4:50pm  71.9   6:50am    0   17  0.00   0   1   3:28pm  NW  1017   68
29   79.4  91.6   3:10pm  69.7   4:22am    0   14  2.13   0   5   8:53pm   E  1017   73
30   78.6  89.5   5:14pm  71.8   7:07am    0   14  0.38   0   1   4:53pm   N  1017   84
31   75.8  82.1   5:02pm  71.0   6:59pm    0   11  0.79   0  10   5:43pm  NW  1017   90
---------------------------------------------------------------------------------------
TOT  79.9  95.9  7/12/18  65.9   7/9/18    0  462  6.20   0  27  7/22/18   E  1017   78

HEAT BASE: 65.0
COOL BASE: 65.0