NOAA-Style Climate Reports


Report for 2018 June
                  MONTHLY CLIMATOLOGICAL SUMMARY FOR 6/2018
                                        HEAT  COOL        
     MEAN                               DEG   DEG       WIND SPEED       DOM MEAN  MEAN
DAY  TEMP  HIGH   TIME     LOW   TIME   DAYS  DAYS RAIN AVG  HI  TIME    DIR BAROM HUM
---------------------------------------------------------------------------------------
1    73.5  89.4   3:29pm  67.2   6:11am    0    9  1.63   0  16   4:14pm  NW  1015   88
2    77.5  89.1   5:08pm  68.1   4:44am    0   13  0.01   0   7   5:22pm  NW  1011   82
3    81.2  92.2   5:33pm  71.1   6:24am    0   16  0.00   0   7   5:40pm SSW  1011   74
4    77.6  86.4   6:33pm  67.6   6:49am    0   13  0.00   0   8   4:15pm  NW  1012   62
5    73.7  83.1   4:50pm  64.0   6:49am    0    9  0.00   0   6  11:04am   E  1012   66
6    78.1  91.4   6:18pm  63.6   6:26am    0   13  0.00   0   3   3:36pm   W  1011   62
7    79.5  91.7   6:18pm  67.9   6:38am    0   14  0.00   0   6   9:04am   E  1015   67
8    79.8  90.4   4:40pm  70.6   6:42am    0   15  0.00   0   8  11:24am   E  1020   74
9    80.4  91.8   4:41pm  70.3   6:45am    0   15  0.94   0  12  10:30pm WNW  1019   73
10   79.2  91.3   3:51pm  69.5   6:09am    0   14  0.07   0   3   2:25pm  SW  1015   76
11   75.7  88.4   1:27pm  70.6   6:22am    0   11  0.10   0  10   2:41pm  SW  1014   85
12   73.2  79.7   5:42pm  69.7  11:08am    0    8  0.05   0   7   7:36am   E  1018   88
13   76.4  85.5   4:44pm  69.7   5:42am    0   11  0.00   0   4   4:50pm SSW  1018   83
14   79.4  87.8   4:04pm  71.8   6:26am    0   14  0.00   0   2  11:11am  SW  1016   79
15   80.1  92.5   3:40pm  72.6   6:23am    0   15  0.21   0   1   3:26am SSE  1015   82
16   82.1  93.8   5:06pm  72.9   6:22am    0   17  0.00   0   3  10:22pm SSW  1016   77
17   82.0  92.2   5:23pm  73.2   6:08am    0   17  0.00   0   1   2:49pm SSW  1019   73
18   84.0  94.5   4:54pm  73.1   6:31am    0   19  0.00   0   1   2:53pm   N  1019   70
19   85.1  96.0   5:31pm  75.0   6:33am    0   20  0.00   0   5   6:36pm WNW  1015   69
20   85.4  94.5   4:05pm  76.1   6:25am    0   20  0.00   0  11   4:22pm  NW  1012   64
21   81.0  89.9   1:21pm  74.8  11:58pm    0   16  0.52   0  13   2:07pm SSW  1011   75
22   78.2  91.0   3:47pm  71.3  11:38pm    0   13  0.98   0  14   7:13pm  SW  1010   81
23   78.5  87.5   2:09pm  70.8  12:33am    0   13  0.02   0   7  11:21am  SW  1012   81
24   81.6  93.1   5:43pm  72.6   5:59am    0   17  0.15   0   9  12:35pm  NW  1015   78
25   80.3  93.9   3:35pm  73.3   6:27am    0   15  0.00   0  22   6:01pm  NW  1018   79
26   80.4  94.5   6:08pm  69.3   6:25am    0   15  1.69   0  16  10:46pm   E  1019   75
27   76.9  90.5   5:06pm  70.3   6:51am    0   12  2.63   0  23   7:01pm WNW  1018   86
28   72.6  80.5   4:45pm  69.6  11:57am    0    8  0.48   0  10  10:47am  NW  1016   91
29   78.5  90.2   2:52pm  68.5   5:31am    0   14  0.02   0   1   8:42am   E  1016   83
30   82.3  91.4   4:57pm  73.1   6:32am    0   17  0.00   0   5   3:26pm ESE  1017   77
---------------------------------------------------------------------------------------
TOT  79.1  96.0  6/19/18  63.6   6/6/18    0  424  9.51   0  23  6/27/18  NW  1015   77

HEAT BASE: 65.0
COOL BASE: 65.0