NOAA-Style Climate Reports


Report for 2018 April
                  MONTHLY CLIMATOLOGICAL SUMMARY FOR 4/2018
                                        HEAT  COOL        
     MEAN                               DEG   DEG       WIND SPEED       DOM MEAN  MEAN
DAY  TEMP  HIGH   TIME     LOW   TIME   DAYS  DAYS RAIN AVG  HI  TIME    DIR BAROM HUM
---------------------------------------------------------------------------------------
1    62.1  78.1   5:41pm  44.0   7:20am    7    4  0.00   0   7   4:21pm SSW  1021   56
2    70.8  82.9   5:28pm  58.5   7:33am    1    7  0.00   0  11   2:10pm SSW  1016   45
3    70.3  82.3   5:21pm  57.4   6:34am    2    7  0.00   0  13   2:18pm SSW  1015   62
4    63.5  72.1  12:00am  51.7  11:56pm    3    1  0.01   1  17   2:11pm  NW  1015   57
5    55.1  69.3   5:51pm  39.3   7:18am   10    0  0.00   0   8  12:00am  NW  1023   43
6    60.8  74.7   4:09pm  46.9   7:15am    7    2  0.00   0  15   4:57pm SSW  1017   59
7    58.9  65.9   4:36pm  47.8  11:59pm    6    0  0.18   0  13   9:34pm  NW  1009   81
8    47.9  53.7   5:44pm  43.0   7:58am   17    0  0.12   0   7   6:14am   E  1016   82
9    50.4  53.2   4:56pm  46.9   5:24am   15    0  0.09   0   0  12:00am   N  1019   89
10   58.4  70.5   5:51pm  49.7   6:01am    7    1  0.00   0   5   8:59pm SSW  1021   71
11   59.2  72.5   4:54pm  45.5   6:50am    7    1  0.00   0   4   3:25pm WNW  1022   48
12   62.8  78.2   4:55pm  47.4   7:18am    6    4  0.00   0   8  12:35pm SSW  1022   54
13   67.0  80.5   5:04pm  52.7   7:18am    3    5  0.00   0  11  12:52pm SSW  1020   64
14   70.8  83.1   4:32pm  59.1   6:57am    1    7  0.00   0   9   1:04pm SSW  1016   69
15   62.7  70.4  12:29am  48.9  11:59pm    4    1  2.16   0  15   2:37pm  NW  1009   87
16   45.9  52.5   6:08pm  41.1   7:31am   19    0  0.00   0  21  12:50am  NW  1015   68
17   55.6  75.8   6:14pm  36.8   5:47am   12    2  0.00   0  15   1:55pm SSW  1018   57
18   70.4  84.0   5:45pm  54.4   7:26am    2    7  0.00   0  20  12:39pm SSW  1014   46
19   64.5  69.9  12:00am  52.6  11:58pm    2    1  0.00   0  22  11:03am  NW  1016   54
20   56.0  69.4   4:30pm  44.3   7:19am   10    1  0.00   0  16  10:10am   E  1027   48
21   59.2  73.2   5:28pm  42.3   6:54am    8    2  0.00   0  12  12:23pm   E  1028   57
22   61.1  65.7  12:45pm  58.2   7:18am    4    0  0.35   0  13  10:17pm   E  1024   80
23   60.8  64.3   3:55pm  58.0   3:06am    4    0  1.66   0  15   1:28am   E  1017   94
24   65.1  71.7   5:01pm  62.0  11:59pm    1    1  0.12   0  11  12:00am  NW  1011   84
25   63.8  73.2   5:03pm  55.7   6:49am    3    2  0.03   0  13   9:45am  NW  1012   73
26   60.2  69.5   1:50pm  52.6   6:48am    5    1  0.01   0   2   5:01pm ENE  1012   82
27   63.3  75.2   5:15pm  53.8   7:41am    4    3  0.01   0  10   2:35pm  NW  1011   69
28   66.3  79.4   6:00pm  51.4   6:53am    4    5  0.00   0  13  12:05pm  NW  1014   54
29   63.3  73.4   6:17pm  51.6   7:19am    4    2  0.00   0   1   9:24am ENE  1020   48
30   62.4  77.7   5:47pm  45.4   7:07am    6    3  0.00   0   1  10:12am   E  1025   53
---------------------------------------------------------------------------------------
TOT  61.3  84.0  4/18/18  36.8  4/17/18  183   72  4.74   0  22  4/19/18 SSW  1017   64

HEAT BASE: 65.0
COOL BASE: 65.0