NOAA-Style Climate Reports


Report for 2018 March
                  MONTHLY CLIMATOLOGICAL SUMMARY FOR 3/2018
                                        HEAT  COOL        
     MEAN                               DEG   DEG       WIND SPEED       DOM MEAN  MEAN
DAY  TEMP  HIGH   TIME     LOW   TIME   DAYS  DAYS RAIN AVG  HI  TIME    DIR BAROM HUM
---------------------------------------------------------------------------------------
1    59.4  74.4  12:47pm  52.8  12:00am   13    2  0.26   1  18  12:01pm SSW  1013   91
2    54.4  64.1   3:34pm  46.3   6:02am   21    0  0.00   0  15  10:53am SSW  1021   49
3    53.7  69.7   4:51pm  37.9   7:25am   24    1  0.00   0   7  12:23pm SSW  1024   38
4    51.9  67.1   4:29pm  36.3   7:13am   26    0  0.00   0   1  10:11am SSW  1024   45
5    52.5  64.5   3:58pm  39.1   6:36am   25    0  0.00   0   2   5:18pm SSW  1020   58
6    52.4  56.4   1:36pm  49.3  11:58pm   25    0  0.75   0   9   2:15pm SSW  1012   83
7    46.8  54.8   3:47pm  38.4  11:52pm   36    0  0.00   0  21   8:50am  NW  1014   52
8    41.7  50.2   4:30pm  34.5   7:17am   47    0  0.00   0  18  11:34am  NW  1018   54
9    45.7  61.0   4:22pm  30.9   5:39am   39    0  0.00   0  12   1:49pm  NW  1021   48
10   46.2  66.9   3:40pm  27.9   7:20am   37    0  0.06   0   8  11:30am  NW  1025   68
11   53.3  57.5   3:05pm  47.2  11:57pm   11    0  0.34   0   9   9:04pm ENE  1014   94
12   47.3  54.8   4:37pm  40.6  11:16am   18    0  0.14   1  24   4:09pm  NW  1012   75
13   45.8  55.6   5:28pm  36.8   7:59am   19    0  0.00   0  14   5:06pm WNW  1019   51
14   44.5  53.3   4:54pm  36.6   7:57am   20    0  0.00   1  17   1:30am  NW  1020   40
15   52.0  68.7   4:50pm  36.3   6:03am   13    0  0.00   0  17   4:08pm WNW  1019   38
16   60.5  74.0   3:49pm  44.1   7:47am    6    2  0.00   0  11  11:27am  NW  1017   40
17   62.7  75.8   4:26pm  53.0   7:57am    5    3  0.32   0  14   2:36pm SSW  1015   74
18   68.7  79.4   3:47pm  58.3   8:30am    1    5  0.01   0   5  12:53am SSW  1012   54
19   60.6  67.2  12:00am  57.1   8:51am    5    0  0.30   0   5  11:32pm ESE  1009   89
20   62.2  71.8   2:56pm  52.2  11:59pm    4    1  0.50   0  29   6:05pm WNW  1002   78
21   44.6  52.2  12:00am  39.4   5:36am   20    0  0.00   1  25  11:00pm WNW  1012   62
22   47.3  60.2   5:02pm  36.9   7:43am   18    0  0.00   0  18   2:27pm  NW  1024   47
23   52.3  65.0   4:54pm  37.2   7:28am   13    0  0.00   0  10   2:32pm  NW  1025   49
24   59.7  72.1   6:31pm  52.9   6:28am    6    1  0.00   0  10   3:31pm SSW  1019   53
25   46.7  54.3  12:04am  42.2   6:09am   18    0  0.09   0  14   8:19pm ENE  1021   83
26   48.3  51.2  11:40pm  45.0   8:23am   17    0  0.00   0  19   6:50am   E  1032   59
27   50.7  54.6   5:37pm  46.4   9:41am   14    0  0.00   0   9   8:06am ENE  1031   75
28   62.2  78.7   4:02pm  47.7   5:24am    7    4  0.00   0  12   3:04pm SSW  1022   73
29   67.1  77.4   4:34pm  57.8   7:46am    2    4  0.47   0  20   1:57pm SSW  1016   71
30   63.0  67.6   4:33pm  54.2  11:56pm    2    0  0.09   0  16   5:54pm WNW  1018   71
31   56.7  69.9   5:30pm  42.7   7:55am    9    1  0.00   0  10  12:21pm   E  1026   53
---------------------------------------------------------------------------------------
TOT  48.1  79.4  3/18/18  16.4   1/2/18  521   24  3.33   0  29  3/20/18  NW  1023   61

HEAT BASE: 65.0
COOL BASE: 65.0