NOAA-Style Climate Reports


Report for 2018 February
                  MONTHLY CLIMATOLOGICAL SUMMARY FOR 2/2018
                                        HEAT  COOL        
     MEAN                               DEG   DEG       WIND SPEED       DOM MEAN  MEAN
DAY  TEMP  HIGH   TIME     LOW   TIME   DAYS  DAYS RAIN AVG  HI  TIME    DIR BAROM HUM
---------------------------------------------------------------------------------------
1    49.5  62.9   3:30pm  33.8   4:03am   31    0  0.00   0   2   8:31pm SSW  1022   70
2    43.4  58.2  12:00am  33.2  11:50pm   43    0  0.03   0  15  10:37am SSW  1027   52
3    39.3  49.0   4:28pm  32.2   7:36am   51    0  0.00   0   1   5:28am SSW  1031   41
4    41.9  48.3   8:06pm  34.6   7:39am   46    0  1.53   0  12   9:33am SSW  1018   82
5    46.2  57.7   4:24pm  39.0  11:58pm   38    0  0.00   0   5   9:48am SSW  1023   69
6    51.0  68.5   4:17pm  36.4   2:23am   28    1  0.00   0   1   1:30pm SSW  1027   69
7    58.3  62.0   4:43pm  48.1  11:57pm   13    0  1.31   0  10   6:53pm SSW  1021   90
8    49.4  63.4   5:01pm  39.0   7:52am   31    0  0.00   0   4  12:12am SSW  1029   62
9    49.8  63.1   2:36pm  35.1   6:59am   30    0  0.00   0   6  12:35pm SSW  1030   69
10   55.0  65.2  11:53pm  50.9   4:05am   20    0  1.31   0   2  11:54pm SSW  1022   96
11   65.9  68.8  12:40pm  62.9  11:57pm    0    2  0.18   0  15   2:23pm SSW  1018   92
12   64.4  69.7  12:54pm  60.4  11:57pm    3    2  0.05   0  13  12:25pm SSW  1025   86
13   52.6  61.2   1:38am  47.2   9:22am   25    0  0.01   0  18   4:33am SSW  1036   74
14   55.6  64.3   4:03pm  48.7   5:31am   19    0  0.00   0   4   3:38pm SSW  1032   84
15   64.8  71.6   1:48pm  58.7   2:13am    4    4  0.00   0  10   2:57pm SSW  1024   85
16   68.8  78.8   2:32pm  62.3  11:48pm    1    8  0.00   0  19   4:16pm  SW  1018   78
17   57.6  62.3  12:00am  54.2   9:52pm   15    0  0.00   0   6   9:33pm  SW  1021   85
18   61.2  70.5   2:55pm  53.3   7:33am    9    2  0.07   0   5  10:57am  SW  1025   79
19   59.0  62.1   5:18pm  57.1   8:22am   12    0  0.04   0   6   7:26pm  SW  1028   95
20   65.1  76.0   3:28pm  58.1   2:55am    6    6  0.00   0   1  12:16am  SW  1029   90
21   71.3  78.2   4:02pm  67.8   1:37am    0   13  0.00   0   5   3:34pm  SW  1029   84
22   70.7  80.2   4:02pm  65.0   4:54am    0   11  0.00   0   2  10:54am  SW  1030   82
23   67.4  78.6   4:30pm  58.1   6:44am    3    8  0.01   0   1   1:13pm  SW  1028   81
24   69.8  81.1   4:07pm  61.3   7:22am    2   11  0.00   0  16   3:10pm SSW  1021   74
25   66.2  71.7  12:00am  63.0  11:38pm    0    3  0.19   0   9  10:34am SSW  1020   82
26   61.0  69.4   3:43pm  55.0  11:59pm    9    1  0.48   0   7   2:16pm SSW  1023   82
27   55.3  64.9   4:01pm  45.4   7:29am   19    0  0.00   0  10   9:18am SSW  1029   64
28   53.1  55.2  12:01am  51.6   9:48am   24    0  0.17   0   0  12:00am SSW  1021   82
---------------------------------------------------------------------------------------
TOT  57.6  81.1  2/24/18  32.2   2/3/18  483   71  5.38   0  19  2/16/18  NW  1025   78

HEAT BASE: 65.0
COOL BASE: 65.0