NOAA-Style Climate Reports


Report for 2017 December
                  MONTHLY CLIMATOLOGICAL SUMMARY FOR 12/2017
                                        HEAT  COOL        
     MEAN                               DEG   DEG       WIND SPEED       DOM MEAN  MEAN
DAY  TEMP  HIGH   TIME     LOW   TIME   DAYS  DAYS RAIN AVG  HI  TIME    DIR BAROM HUM
---------------------------------------------------------------------------------------
1    59.3  68.4   4:35pm  53.4  11:34pm    6    0  0.01   0   0  12:00am   N  1021   91
2    56.8  67.9   4:03pm  50.0   5:00am    8    0  0.00   0   1  10:37am   N  1022   89
3    57.2  67.1   2:26pm  49.0  11:58pm    8    0  0.01   0   0  12:00am   N  1023   84
4    54.8  66.9   3:57pm  43.0   7:57am   10    0  0.00   0   6  12:13pm   E  1026   79
5    59.8  68.4   4:55pm  55.5   7:43am    5    0  0.17   0  12   6:26pm  NW  1022   87
6    48.0  58.5  12:04am  42.2   6:57pm   17    0  0.09   0   4   4:30am  NW  1021   87
7    46.3  50.1   2:14pm  43.6  12:00am   19    0  0.00   0   0  12:00am   N  1022   74
8    40.8  45.5  12:06am  36.9   5:33pm   24    0  0.65   0   6  12:01pm NNE  1017   90
9    37.7  44.0   3:01pm  33.5  11:55pm   27    0  0.09   0  13   5:05pm WNW  1017   82
10   37.3  48.2   3:19pm  28.8   7:50am   28    0  0.00   0   9   3:39pm  NW  1026   62
11   45.5  61.5   3:34pm  33.3   6:55am   19    0  0.00   0   6   2:55pm SSW  1022   63
12   44.7  53.4  11:51am  37.9  11:58pm   20    0  0.00   0  19   1:47pm WNW  1014   63
13   39.8  50.3   3:09pm  30.3   7:32am   25    0  0.00   0   1  12:00am WNW  1017   38
14   47.3  60.0   2:28pm  37.5   3:11am   18    0  0.00   0   5   1:40pm SSW  1015   55
15   42.3  49.8  12:09pm  33.7  11:59pm   23    0  0.00   0   5   1:13pm WNW  1020   67
16   39.7  54.6   4:39pm  29.5   7:30am   25    0  0.00   0   0  12:00am   N  1027   64
17   41.9  52.9   1:12pm  32.5   4:32am   23    0  0.06   0   0  12:00am   N  1026   82
18   54.3  65.0   2:19pm  47.2  12:01am   11    0  0.00   0   1   2:45pm  NW  1023   85
19   58.0  69.1   2:46pm  49.0   6:59am    7    0  0.01   0   2   1:36am SSW  1022   82
20   60.8  65.2  10:17am  56.8  11:53pm    4    0  1.18   0  15  11:08am SSW  1014   94
21   54.3  56.8  12:00am  53.0   8:19am   11    0  0.00   0   7  12:52am   E  1020   89
22   53.6  56.0  11:49pm  49.5   5:01am   11    0  0.00   0   0  12:00am   N  1024   90
23   60.2  68.4   2:33pm  52.3  11:56pm    5    0  0.35   1  17   2:00pm SSW  1018   90
24   48.2  52.3  12:00am  43.8   6:37am   17    0  0.01   0  15  10:59pm WNW  1020   87
25   38.9  45.1  12:00am  34.5   7:57am   26    0  0.00   0  20   1:00am  NW  1028   53
26   40.9  50.8   2:16pm  32.9   7:50am   24    0  0.00   0   0  12:00am   N  1032   49
27   40.3  48.4   4:54pm  34.3   1:02am   25    0  0.09   0   1  12:30pm   N  1031   78
28   39.2  44.5   4:27pm  33.4   8:58am   26    0  0.00   0   4   9:47am ENE  1033   58
29   42.1  54.3   3:50pm  34.3   8:14am   23    0  0.00   0   1   2:14pm   N  1028   54
30   41.9  53.5   2:36pm  32.6   7:08am   23    0  0.00   0   6   1:16pm WNW  1021   67
31   37.5  41.7   3:17pm  31.1   7:35am   28    0  0.00   0   1  10:03am   E  1024   68
---------------------------------------------------------------------------------------
TOT  47.4  69.1 12/19/17  28.8 12/10/17  548    2  2.72   0  19 12/25/17 WNW  1022   74

HEAT BASE: 65.0
COOL BASE: 65.0