NOAA-Style Climate Reports


Report for 2017 November
                  MONTHLY CLIMATOLOGICAL SUMMARY FOR 11/2017
                                        HEAT  COOL        
     MEAN                               DEG   DEG       WIND SPEED       DOM MEAN  MEAN
DAY  TEMP  HIGH   TIME     LOW   TIME   DAYS  DAYS RAIN AVG  HI  TIME    DIR BAROM HUM
---------------------------------------------------------------------------------------
1    59.8  74.0   2:53pm  46.5   7:46am    7    2  0.00   0   7   2:14pm SSW  1022   75
2    66.1  77.2   3:57pm  58.2   8:21am    2    3  0.00   0   1   9:29am ENE  1024   76
3    67.5  80.0   5:14pm  56.7   7:24am    3    5  0.00   0   3   4:02pm  NW  1022   80
4    67.8  79.0   5:04pm  59.1   8:16am    1    4  0.00   0   1   9:50am  NW  1020   86
5    69.4  79.2   3:59pm  64.1   7:11am    0    5  0.00   0   3   3:05pm   S  1020   83
6    68.4  80.3   2:37pm  60.3   7:27am    1    5  0.00   0   7   2:31pm SSW  1019   86
7    70.9  81.3   2:36pm  64.4   7:01am    0    6  0.02   0  11   1:27pm SSW  1017   86
8    58.3  67.8  12:00am  50.4  10:40pm    7    0  0.05   0   9   1:02pm ENE  1018   93
9    50.8  53.9   6:14pm  48.7   5:42am   14    0  0.53   0   2   1:19am   E  1021   94
10   52.8  66.4   3:04pm  42.8   7:31am   12    0  0.01   0   0  12:00am   N  1024   81
11   47.1  50.9   3:00pm  41.1   7:38am   18    0  0.00   0  23   8:26am ENE  1031   70
12   46.2  48.2  12:00am  42.4   9:26am   19    0  0.24   0   8   5:05am   E  1030   85
13   53.8  65.2   2:25pm  47.0   4:18am   11    0  0.01   0   2   4:16am   N  1027   87
14   51.1  58.8   1:58pm  46.2   7:14am   14    0  0.00   0   8   1:28am ESE  1026   79
15   51.2  60.5   3:54pm  45.2   7:36am   14    0  0.00   0   3   8:52am ENE  1023   73
16   56.5  70.6   3:32pm  46.6   7:06am    9    1  0.00   0   3   8:58am WNW  1020   68
17   51.9  67.7   3:38pm  38.6   6:46am   13    0  0.00   0   3   9:45am ENE  1022   69
18   55.7  69.2   3:01pm  40.7   7:02am   10    1  0.18   0  17  11:02pm SSW  1015   80
19   51.1  61.6  12:00am  41.3  11:58pm   14    0  0.01   0  17   3:26am  NW  1015   65
20   45.7  61.1   2:37pm  32.1   7:31am   19    0  0.00   0   0  12:00am   N  1025   66
21   53.5  64.3   4:22pm  44.3  12:00am   11    0  0.00   0   0  12:00am   N  1021   76
22   56.6  66.9   3:04pm  49.2   7:09am    9    0  0.00   0   0  12:00am   N  1018   72
23   49.7  59.0   3:34pm  41.5  11:59pm   15    0  0.00   0   4  10:33am   E  1020   63
24   47.3  64.1   3:33pm  35.2   7:05am   18    0  0.00   0   0  12:00am   N  1018   76
25   51.7  66.7   4:05pm  38.4   6:10am   13    0  0.00   0  10   1:17pm  SW  1017   72
26   53.8  67.0   3:20pm  39.9   7:32am   11    0  0.00   0   4  12:41pm WNW  1021   52
27   48.5  65.1   3:41pm  34.4   7:29am   16    0  0.00   0   3  11:17am ENE  1024   57
28   49.2  66.3   3:18pm  34.4   7:30am   16    0  0.00   0   5  12:23pm ENE  1028   64
29   58.4  70.9   3:49pm  50.5  12:00am    7    1  0.00   0   2   2:29pm SSW  1026   77
30   59.4  70.1   2:02pm  50.3   2:11am    6    1  0.03   0   0  12:00am   N  1022   89
---------------------------------------------------------------------------------------
TOT  55.7  81.3  11/7/17  32.1 11/20/17  313   34  1.08   0  20 11/11/17  NW  1022   76

HEAT BASE: 65.0
COOL BASE: 65.0