NOAA-Style Climate Reports


Report for 2017 October
                  MONTHLY CLIMATOLOGICAL SUMMARY FOR 10/2017
                                        HEAT  COOL        
     MEAN                               DEG   DEG       WIND SPEED       DOM MEAN  MEAN
DAY  TEMP  HIGH   TIME     LOW   TIME   DAYS  DAYS RAIN AVG  HI  TIME    DIR BAROM HUM
---------------------------------------------------------------------------------------
1    64.3  73.2   4:21pm  56.4   7:56am    3    2  0.00   0  18   9:20am ENE  1024   56
2    66.3  79.1   3:42pm  55.7   5:45am    3    5  0.00   0  11  11:44am   E  1027   67
3    69.4  79.3   3:59pm  60.4   7:57am    1    5  0.00   0  15  12:08pm   E  1031   68
4    69.8  81.1   4:53pm  60.3   7:06am    1    6  0.00   0  11  11:13am   E  1030   64
5    69.6  83.6   4:38pm  56.9   7:18am    2    7  0.00   0   2  12:14pm   E  1024   71
6    72.5  84.7   4:18pm  59.7   6:37am    1    9  0.00   0   6  12:47pm ENE  1020   72
7    75.9  83.1   3:42pm  70.3   8:20am    0   11  0.00   0   1   8:01pm ENE  1017   84
8    75.2  79.3  12:25pm  72.4   4:03pm    0   10  1.28   0  14   2:46pm SSW  1012   93
9    74.8  75.5   2:51am  73.5  10:31am    0   10  1.27   0   4  12:37pm SSW  1015   95
10   78.0  87.5   5:29pm  73.3   6:12am    0   13  0.00   0   1  10:24am SSW  1019   89
11   79.4  88.6   3:46pm  72.6   7:47am    0   14  0.00   0   3   4:58pm WNW  1018   82
12   77.2  90.4   4:36pm  68.3   6:50am    0   12  0.00   0   2   1:43pm  SW  1018   70
13   73.3  80.9   3:45pm  66.3   2:29am    0    8  0.00   0   8   6:43pm ENE  1023   87
14   71.1  78.2   4:49pm  65.7  11:59pm    0    6  0.00   0   1   1:13am  NE  1024   84
15   70.8  83.0   5:17pm  63.3   4:14am    0    6  0.07   0   2  11:00am   E  1021   88
16   69.4  75.9   5:10pm  58.1  11:56pm    0    5  0.01   0  11   8:58pm WNW  1018   74
17   58.8  69.2   4:14pm  49.6   7:20am    7    1  0.00   0  13  10:29am ENE  1027   61
18   57.2  70.9   4:39pm  45.6   7:15am    9    1  0.00   0  10  12:39pm   E  1028   70
19   58.5  76.4   4:19pm  45.8   7:29am    9    2  0.00   0   1   9:26am   N  1027   71
20   61.5  81.1   4:27pm  45.8   7:21am    8    4  0.01   0   1   2:53pm SSW  1025   69
21   63.3  77.5   2:58pm  50.3   6:15am    5    4  0.00   0   3   2:52pm   E  1026   75
22   67.8  79.6   2:39pm  57.8   6:12am    2    5  0.00   0   9  10:35am   E  1024   79
23   68.4  74.0   4:49pm  60.4  11:55pm    0    4  1.62   0  18   1:01pm SSW  1014   85
24   59.2  68.7   4:29pm  51.4   7:20am    6    1  0.00   0  11   1:04pm WNW  1014   67
25   52.6  61.5   4:16pm  44.0   7:36am   12    0  0.00   0  12  11:22am  NW  1015   65
26   54.5  71.2   4:42pm  40.8   8:14am   11    1  0.00   0   7   3:39pm SSW  1017   66
27   58.5  73.8   4:36pm  45.1   7:46am    8    2  0.00   0   7   2:30pm SSW  1019   74
28   59.5  66.3   3:39pm  48.5  11:59pm    6    0  1.11   0   6   6:53pm SSW  1012   84
29   43.6  48.5  12:00am  38.5  11:58pm   21    0  0.03   1  25   5:04pm WNW  1009   78
30   48.6  64.9   4:53pm  35.6   5:31am   16    0  0.00   0   8   2:46pm  NW  1017   62
31   57.0  74.1   4:46pm  42.4   7:53am   10    2  0.00   0   1   3:28pm SSW  1022   72
---------------------------------------------------------------------------------------
TOT  65.4  90.4 10/12/17  35.6 10/30/17  143  154  5.40   0  23 10/29/17 WNW  1020   75

HEAT BASE: 65.0
COOL BASE: 65.0