NOAA-Style Climate Reports


Report for 2017 September
                  MONTHLY CLIMATOLOGICAL SUMMARY FOR 9/2017
                                        HEAT  COOL        
     MEAN                               DEG   DEG       WIND SPEED       DOM MEAN  MEAN
DAY  TEMP  HIGH   TIME     LOW   TIME   DAYS  DAYS RAIN AVG  HI  TIME    DIR BAROM HUM
---------------------------------------------------------------------------------------
1    77.2  85.7   3:53pm  71.0  11:56pm    0   12  0.01   0  18   3:36pm  SW  1013   81
2    72.6  83.4   4:33pm  62.8   7:23am    0    8  0.00   0  14   1:47pm  NW  1017   70
3    72.2  85.7   4:56pm  60.1   7:42am    1    8  0.00   0  11  12:41pm  NW  1019   68
4    73.8  88.2   5:43pm  58.5   7:22am    1   10  0.00   0   9   2:30pm  SW  1018   72
5    76.8  88.1   3:46pm  67.5   7:22am    0   12  0.54   0  18   8:34pm  SW  1014   76
6    68.4  75.4   5:53pm  62.4  11:58pm    0    4  0.07   0   9   5:54pm  NW  1014   84
7    66.1  78.9   5:47pm  54.7   7:09am    3    4  0.00   0   4   2:35pm NNW  1020   67
8    67.6  80.4   4:43pm  54.8   6:55am    3    6  0.00   0   7  11:16am   E  1022   70
9    69.6  79.8   4:36pm  59.9   4:27am    1    6  0.00   0  21  12:25pm   E  1023   64
10   64.8  68.1  11:09am  59.6   7:36am    1    1  0.00   0  22  11:19am   E  1024   63
11   60.9  65.1  11:57pm  57.7   6:54am    4    0  3.27   1  35   4:06pm   E  1011   89
12   63.8  66.1   1:08am  60.7  11:52pm    1    0  0.17   0  16  12:00am   E  1009   92
13   68.9  80.0   5:15pm  60.5  12:29am    1    5  0.00   0  12   3:33pm SSW  1014   78
14   72.5  80.9   2:31pm  66.9   7:13am    0    8  0.00   0   3   1:51pm SSW  1015   79
15   73.8  86.6   4:05pm  63.3   7:31am    0    9  0.00   0   0  12:00am   N  1019   78
16   75.3  87.4   4:11pm  64.5   7:10am    0   10  0.00   0   1   1:48pm   E  1020   75
17   76.1  88.2   5:00pm  65.3   7:41am    0   11  0.00   0   0  12:00am   N  1019   75
18   77.0  88.9   3:11pm  66.2   6:02am    0   12  0.00   0   2   2:27pm  NW  1017   73
19   77.3  90.5   5:30pm  65.9   7:29am    0   12  0.00   0   1   6:24pm  SE  1016   75
20   79.2  90.4   4:31pm  69.0   7:45am    0   14  0.00   0   1  12:04pm   N  1016   73
21   78.7  91.6   3:34pm  68.0   7:42am    0   14  0.00   0   6   6:42pm  NW  1017   73
22   78.2  88.7   3:14pm  69.3   5:40am    0   13  0.00   0   1   9:24am   N  1017   74
23   70.8  78.0   9:58am  67.9   7:40am    0    2  0.00   0   0  12:00am   N  1018   91
---------------------------------------------------------------------------------------
TOT  72.3  91.6  9/21/17  54.7   9/7/17   18  181  4.06   0  35  9/11/17   E  1017   75

HEAT BASE: 65.0
COOL BASE: 65.0