NOAA-Style Climate Reports


Report for 2017 July
                  MONTHLY CLIMATOLOGICAL SUMMARY FOR 7/2017
                                        HEAT  COOL        
     MEAN                               DEG   DEG       WIND SPEED       DOM MEAN  MEAN
DAY  TEMP  HIGH   TIME     LOW   TIME   DAYS  DAYS RAIN AVG  HI  TIME    DIR BAROM HUM
---------------------------------------------------------------------------------------
1    76.8  88.6   4:07pm  71.5  11:42pm    0   12  0.15   0  24   6:34pm SSW  1019   87
2    75.4  90.0   2:29pm  69.7   5:34am    0   10  0.11   0  13   3:21pm SSW  1020   88
3    77.0  88.0   6:30pm  70.8   2:28am    0   12  0.08   0  11   8:13pm WNW  1018   86
4    77.3  91.0   3:32pm  70.6   5:50am    0   12  0.07   0  21   4:36pm  NW  1018   84
5    81.2  92.8   4:21pm  71.6   6:32am    0   16  0.05   0   8   4:04pm SSW  1020   76
6    80.9  91.7   2:27pm  72.7   6:28am    0   16  0.04   0   9   3:20pm  NW  1019   78
7    79.9  89.3   3:36pm  73.1  11:12pm    0   15  0.02   0  14   4:24pm SSW  1017   80
8    79.6  91.0   4:35pm  72.2   6:35am    0   15  0.03   0  13   5:32pm SSW  1015   79
9    80.1  89.6   4:45pm  70.2   6:45am    0   15  0.01   0   1  10:07am   E  1017   73
10   80.1  90.1   5:53pm  72.8   6:49am    0   15  0.01   0   3   2:48pm WNW  1018   79
11   79.6  90.8   5:18pm  71.8   6:27am    0   15  0.01   0   3   3:31pm SSW  1019   81
12   82.2  92.6   5:03pm  72.1   6:53am    0   17  0.00   0   4   4:00pm SSW  1020   74
13   85.0  94.0   5:10pm  75.7   6:33am    0   20  0.00   0   3   2:27pm SSW  1021   72
14   84.4  93.6   4:05pm  76.1   6:49am    0   19  0.00   0  11   9:58pm SSW  1020   71
15   81.4  92.7   5:22pm  73.7   5:40am    0   16  0.00   0   5   2:49pm SSW  1017   75
16   78.9  86.8   6:07pm  73.6   4:29am    0   14  0.00   0   2  11:54am SSW  1015   80
17   78.9  88.5   3:54pm  72.2   4:51am    0   14  0.01   0   1   4:24am SSW  1016   80
18   82.0  92.6   4:31pm  73.5   5:58am    0   17  0.00   0   0  12:00am   N  1018   77
19   83.8  94.1   6:14pm  73.5   6:52am    0   19  0.00   0   2   3:28pm   N  1019   72
20   85.0  95.9   4:35pm  74.3   7:00am    0   20  0.00   0   1  12:14pm WNW  1017   69
21   86.0  98.8   5:23pm  74.7   7:02am    0   21  0.00   0   7  10:05pm SSW  1016   69
22   84.2  96.3   4:36pm  73.8   7:01am    0   19  0.00   0   5   8:17pm SSW  1015   73
23   83.4  94.7   5:42pm  72.9   8:44pm    0   18  0.49   0  24   8:02pm  NW  1013   76
24   79.9  92.0   1:40pm  73.4  12:33am    0   15  0.26   0  16   2:39pm SSW  1014   82
25   81.4  92.3   2:46pm  73.2   6:38am    0   16  0.00   0   6   3:56pm SSW  1018   81
26   81.7  93.1   2:43pm  75.8  11:51pm    0   17  0.01   0  11   3:48pm   E  1019   80
27   80.4  92.4   3:56pm  72.7   6:54am    0   15  0.13   0   9   7:06pm WNW  1017   80
28   80.2  89.0  12:20pm  73.0   6:41am    0   15  0.00   0  11   2:10pm  SW  1011   81
29   83.2  92.1   5:51pm  75.8   7:00am    0   18  0.00   0   8   2:46pm  NW  1008   67
30   78.4  87.7   5:21pm  69.9   7:04am    0   13  0.00   0  13   9:43am   E  1015   60
31   77.5  89.4   5:54pm  64.7   7:00am    0   12  0.00   0   9   2:16pm   E  1019   56
---------------------------------------------------------------------------------------
TOT  80.8  98.8  7/21/17  64.7  7/31/17    0  491  1.48   0  24   7/1/17 SSW  1017   76

HEAT BASE: 65.0
COOL BASE: 65.0