NOAA-Style Climate Reports


Report for 2017 June
                  MONTHLY CLIMATOLOGICAL SUMMARY FOR 6/2017
                                        HEAT  COOL        
     MEAN                               DEG   DEG       WIND SPEED       DOM MEAN  MEAN
DAY  TEMP  HIGH   TIME     LOW   TIME   DAYS  DAYS RAIN AVG  HI  TIME    DIR BAROM HUM
---------------------------------------------------------------------------------------
1    76.7  86.9   5:41pm  67.7   5:58am    0   12  0.00   0   4   4:55pm SSW  1019   72
2    78.7  89.7   4:51pm  68.0   6:43am    0   14  0.00   0   2   3:44pm WNW  1017   65
3    80.3  91.0   4:38pm  68.2   6:29am    0   15  0.00   0   3   3:52pm SSW  1017   66
4    75.8  82.2  11:21am  72.1  11:45pm    0   11  0.17   0   3  12:01pm  NW  1015   86
5    73.8  80.9   5:24pm  70.6   2:40am    0    9  0.70   0  10   6:13pm SSW  1011   91
6    74.8  81.0  12:58pm  70.8   5:58am    0   10  0.00   0   1   9:11am   W  1009   85
7    72.3  80.4   5:56pm  65.1   6:51am    0    7  0.00   0  16  11:41am   E  1010   76
8    71.8  81.3   6:07pm  62.6   6:12am    0    7  0.00   0  14   8:41am   E  1012   71
9    75.3  85.7   3:58pm  64.2   6:16am    0   10  0.00   0   4  12:48pm SSW  1014   68
10   77.9  87.9   5:40pm  66.4   6:15am    0   13  0.00   0   6   4:21pm SSW  1019   64
11   77.2  87.7   5:37pm  65.8   6:15am    0   12  0.00   0   1  12:07pm   E  1022   73
12   78.6  87.2   5:37pm  71.6   6:31am    0   14  0.00   0   5   4:51pm SSW  1021   78
13   80.3  90.9   5:44pm  70.6   6:17am    0   15  0.00   0   5   3:39pm SSW  1019   72
14   80.3  91.8   4:14pm  72.0   5:47am    0   15  0.09   0   9   3:44pm SSW  1017   74
15   78.1  92.4   3:29pm  70.6  11:57pm    0   13  0.65   0  12   7:04pm SSW  1014   82
16   76.8  87.2   4:20pm  69.3   6:04am    0   12  0.00   0   2   2:54pm SSW  1012   80
17   80.3  91.0   4:52pm  71.1   6:54am    0   15  0.00   0  12   6:02pm SSW  1011   73
18   77.7  85.9   2:46pm  71.7   6:25am    0   12  0.19   0   9  12:42pm SSW  1013   83
19   79.2  89.4   5:12pm  70.8   6:34am    0   14  0.01   0  12   6:07pm SSW  1015   79
20   73.2  74.9   2:02pm  70.7  11:44pm    0    8  1.00   0   5  12:30am SSW  1018   94
21   75.8  83.5   4:39pm  70.1   3:09am    0   11  0.01   0   1  12:00am   N  1019   88
22   75.6  83.9   4:48pm  71.1   5:48am    0   11  0.96   0  14   9:26pm SSW  1019   91
23   80.0  89.0   6:30pm  71.5   4:36am    0   15  0.09   0  17   5:12pm SSW  1015   80
24   75.7  85.6   5:39pm  71.5   9:10pm    0   11  0.88   0   9   6:48pm SSW  1016   91
25   75.5  83.8   4:24pm  70.2   6:39am    0   11  0.17   0   5   7:54pm WNW  1019   82
26   75.3  86.7   6:26pm  63.9   6:50am    0   10  0.00   0   2   1:17pm   E  1020   66
27   76.8  86.9   5:05pm  66.3   7:00am    0   12  0.00   0   2   1:10pm  NW  1018   61
28   76.7  87.0   4:42pm  64.8   6:45am    0   12  0.00   0   9   2:36pm   E  1020   67
29   75.3  84.8   1:27pm  70.2   6:18am    0   10  0.44   0   8   8:02pm   E  1021   85
30   74.2  80.3   6:03pm  70.5   1:41am    0    9  0.48   0  12   2:21pm SSW  1019   93
---------------------------------------------------------------------------------------
TOT  76.7  92.4  6/15/17  62.6   6/8/17    0  350  5.84   0  17  6/23/17 SSW  1016   78

HEAT BASE: 65.0
COOL BASE: 65.0