NOAA-Style Climate Reports


Report for 2017 May
                  MONTHLY CLIMATOLOGICAL SUMMARY FOR 5/2017
                                        HEAT  COOL        
     MEAN                               DEG   DEG       WIND SPEED       DOM MEAN  MEAN
DAY  TEMP  HIGH   TIME     LOW   TIME   DAYS  DAYS RAIN AVG  HI  TIME    DIR BAROM HUM
---------------------------------------------------------------------------------------
1    72.0  77.4  12:30pm  63.8  11:58pm    0    7  0.04   0  20  12:08pm SSW  1013   76
2    67.4  80.4   4:39pm  53.0   7:10am    3    5  0.00   0  14   2:03pm  NW  1016   48
3    71.3  85.2   4:20pm  53.9   6:23am    2    9  0.00   0   6   3:16pm SSW  1017   50
4    68.1  71.6  12:27am  59.4  11:55pm    0    3  0.51   0  22  11:35pm   E  1010   75
5    55.4  59.4  12:00am  51.7  11:59pm   10    0  0.03   0  16  12:00am SSW  1003   86
6    58.4  73.4   5:17pm  47.4   6:56am    8    1  0.10   0  18   3:21pm SSW  1008   69
7    60.7  71.7   5:55pm  49.6   5:39am    6    1  0.00   0  10   1:16pm  NW  1015   61
8    66.0  81.3   5:39pm  49.1   6:18am    4    5  0.00   0  13   4:15pm  NW  1018   55
9    73.8  86.9   5:13pm  58.4   6:11am    1   10  0.00   0  15   3:27pm  NW  1017   55
10   76.4  88.6   5:54pm  62.2   5:57am    0   12  0.00   0  12   3:10pm  NW  1016   58
11   77.5  88.4   5:36pm  67.1   7:02am    0   12  0.00   0  13   1:52pm SSW  1014   60
12   73.9  83.7   5:38pm  67.5   6:35am    0    9  0.00   0  20   7:33pm SSW  1010   71
13   68.7  77.4   5:11pm  64.1   6:53am    0    4  0.01   0   2   1:11pm ENE  1009   84
14   71.8  85.5   5:53pm  58.6   6:57am    1    8  0.01   0   3  10:37am ENE  1015   65
15   75.8  90.9   4:34pm  58.7   6:35am    1   12  0.00   0   3  10:47am   W  1016   59
16   78.4  92.2   4:51pm  63.8   6:33am    0   13  0.00   0   5   5:07pm SSW  1017   62
17   77.4  89.5   4:32pm  65.4   6:37am    0   12  0.00   0   9   4:32pm SSW  1018   64
18   78.1  89.3   5:30pm  70.6   4:56am    0   13  0.00   0   3   2:08pm ESE  1019   72
19   79.9  91.8   4:36pm  69.3   7:02am    0   15  0.00   0   6   4:53pm SSW  1019   65
20   76.2  91.5   3:52pm  68.3   6:26am    0   11  1.02   0  25   6:48pm SSW  1019   75
21   72.5  81.6   6:51pm  67.5   4:03am    0    8  2.21   0   5   2:51pm  NW  1019   88
22   72.5  81.6  12:19pm  68.4   6:28am    0    7  0.10   0   7   1:35pm SSW  1017   88
23   68.9  74.2   6:45pm  66.8  10:30pm    0    4  1.07   0   5   5:41pm SSW  1009   93
24   69.1  77.5   2:29pm  62.9  11:56pm    0    4  0.04   0   7   1:24pm SSW  1002   88
25   65.2  74.3   6:58pm  58.5   5:58am    2    2  0.00   0  17   1:49pm  NW  1007   71
26   71.0  84.2   5:34pm  56.0   6:52am    2    8  0.00   0  12  11:52am  NW  1016   65
27   76.6  85.8   4:02pm  65.1   6:32am    0   12  0.00   0  10   4:07pm SSW  1016   71
28   76.6  87.4   4:50pm  66.8   8:23am    0   12  0.14   0  15   2:03am SSW  1013   76
29   74.6  84.8   2:25pm  69.3   6:23am    0   10  0.25   0  15   4:17pm WNW  1016   81
30   72.6  77.4   1:45pm  68.7   6:59am    0    8  0.00   0   4  11:57am WNW  1019   86
31   75.4  86.1   5:15pm  67.2   6:08am    0   10  0.10   0  10   3:07pm  NW  1019   77
---------------------------------------------------------------------------------------
TOT  71.7  92.2  5/16/17  47.4   5/6/17   40  247  5.63   0  24  5/20/17 SSW  1014   71

HEAT BASE: 65.0
COOL BASE: 65.0