NOAA-Style Climate Reports


Report for 2017 April
                  MONTHLY CLIMATOLOGICAL SUMMARY FOR 4/2017
                                        HEAT  COOL        
     MEAN                               DEG   DEG       WIND SPEED       DOM MEAN  MEAN
DAY  TEMP  HIGH   TIME     LOW   TIME   DAYS  DAYS RAIN AVG  HI  TIME    DIR BAROM HUM
---------------------------------------------------------------------------------------
1    65.5  81.1   5:10pm  52.6   7:42am   13   14  0.00   0   9   4:17pm  NW  1016   59
2    67.4  81.8   5:00pm  56.0   7:54am    8   15  0.00   0   9   9:14am  NW  1019   56
3    65.2  69.3  12:52pm  61.3   3:02pm    1    2  0.87   0  16   1:52pm  NW  1013   85
4    70.9  82.9   5:51pm  61.9   1:37am    2   13  0.00   0  13   2:22pm  NW  1010   66
5    62.7  70.2  12:00am  60.2   4:22am    5    1  2.77   0  30  12:44pm  NW  1011   88
6    54.9  64.4   1:12am  47.1  11:56pm   20    0  0.24   1  31  12:01am  NW  1010   67
7    54.1  64.8   5:48pm  45.2   7:23am   22    0  0.00   0  20   4:24pm  NW  1017   52
8    57.3  72.6   5:05pm  40.8   7:23am   18    3  0.00   0   4   2:04pm  NW  1020   42
9    60.6  78.5   5:50pm  41.9   7:24am   17    8  0.00   0   7   3:00pm  NW  1022   52
10   65.6  80.7   5:37pm  49.9   7:23am    8   10  0.00   0   4   1:12pm  NW  1025   59
11   68.8  82.6   5:01pm  56.6   6:42am    5   12  0.00   0   7  10:26am  NW  1025   64
12   69.5  82.6   4:59pm  58.3   7:12am    3   12  0.00   0   1   3:04am  NW  1024   66
13   71.3  84.8   6:03pm  57.5   7:26am    3   16  0.00   0   1   1:09pm  NW  1024   66
14   73.2  84.5   4:57pm  64.3   7:26am    0   17  0.00   0   6   4:25pm  NW  1025   62
15   71.2  82.9   4:31pm  59.3   7:11am    2   14  0.00   0  13   2:17pm  NW  1026   66
16   70.9  82.0   6:17pm  62.0   6:57am    1   13  0.00   0  10  10:32am  NW  1024   67
17   71.2  84.7   4:06pm  59.0   7:16am    2   14  0.00   0   8   5:49pm  NW  1020   67
18   69.5  78.3   2:10pm  63.1   5:58am    0    9  0.00   0  10   1:50am  NW  1022   79
19   67.5  75.1   6:29pm  62.4   4:27am    1    6  0.00   0   1  12:00am  NW  1025   85
20   71.1  85.1   5:36pm  61.1   7:22am    2   14  0.00   0   7   3:24pm  NW  1022   75
21   71.6  86.5   4:35pm  63.1   5:58am    0   20  0.00   0  13   4:44pm  NW  1020   74
22   75.5  84.4   5:36pm  65.1   6:57am    0   10  0.00   0  19  12:39pm SSW  1012   57
23   61.1  71.0  12:00am  53.8  11:39pm    4    0  2.44   0  13   4:58pm   E  1011   88
24   56.9  65.0   4:35pm  52.6   4:25am    8    0  0.00   0   9   2:24am ENE  1009   89
25   66.8  80.3   6:06pm  55.4   4:50am    3    5  0.00   0   7  12:40pm  NW  1007   76
26   70.8  83.3   5:06pm  56.6   7:03am    2    7  0.00   0  11   1:44pm SSW  1009   69
27   69.6  79.1   5:17pm  61.7   5:58am    1    5  0.00   0  15   4:52pm SSW  1010   83
28   74.8  85.9   5:06pm  66.2   1:50am    0   10  0.00   0   4   1:22pm SSW  1017   81
29   77.7  88.0   5:34pm  67.9   6:23am    0   13  0.00   0   3   3:09pm SSW  1020   79
30   77.2  86.0   4:55pm  69.5   6:53am    0   12  0.00   0  13   2:44pm SSW  1018   72
---------------------------------------------------------------------------------------
TOT  60.6  88.0  4/29/17  28.1  3/16/17  152  276  6.32   0  38  3/21/17 SSW  1022   62

HEAT BASE: 65.0
COOL BASE: 65.0