NOAA-Style Climate Reports


Report for 2017 March
                  MONTHLY CLIMATOLOGICAL SUMMARY FOR 3/2017
                                        HEAT  COOL        
     MEAN                               DEG   DEG       WIND SPEED       DOM MEAN  MEAN
DAY  TEMP  HIGH   TIME     LOW   TIME   DAYS  DAYS RAIN AVG  HI  TIME    DIR BAROM HUM
---------------------------------------------------------------------------------------
1    68.1  78.8   4:08pm  58.4   4:07am    3    9  0.30   1  34   7:57pm SSW  1016   79
2    53.8  62.1  12:00am  44.7   7:27am   26    0  0.00   1  20   1:13am SSW  1023   38
3    49.5  60.9   4:01pm  38.1   7:15am   46    0  0.00   0  18   2:21pm SSW  1033   39
4    48.6  63.7   4:13pm  32.7   7:05am   33    0  0.00   0   1   9:50am SSW  1036   40
5    54.2  69.6   3:19pm  37.3   7:27am   34    2  0.00   0   5  12:49pm SSW  1034   50
6    61.2  70.3   3:29pm  52.4   7:27am   14    3  0.00   0  12   1:40pm SSW  1030   57
7    62.6  73.0   1:55pm  53.9   5:56am   16    7  0.28   0  20   7:31pm  NW  1026   76
8    62.2  73.5   4:16pm  51.8  11:58pm   14    5  0.01   0  17   5:18am  NW  1025   54
9    59.7  77.2   4:20pm  41.5   7:17am   25    9  0.00   0   8   4:00pm SSW  1024   42
10   61.1  72.7   2:40pm  50.2  11:59pm   21    5  0.23   1  24   4:29am  NW  1018   56
11   52.5  62.3   3:17pm  40.5   7:12am   50    0  0.02   0  11  12:28am  NW  1025   45
12   42.3  48.4  12:00am  37.6  11:56pm   87    0  0.34   0  16   9:29am  NW  1027   84
13   38.3  42.3   2:51pm  33.8   6:25am  107    0  0.03   0  11   2:39pm  NW  1023   87
14   42.7  50.7  12:46pm  34.6  11:46pm   98    0  0.00   1  21   5:37pm  NW  1015   74
15   36.4  44.5   3:35pm  30.1   7:40am  143    0  0.00   1  18   5:54am  NW  1026   41
16   40.6  56.7   5:58pm  28.1   6:38am  106    0  0.00   0   8   3:27pm  NW  1029   37
17   50.9  65.7   6:34pm  34.6   7:56am   56    0  0.00   0  12   4:57pm  NW  1029   45
18   62.4  71.4   5:04pm  55.5   7:57am   23    7  0.13   0  19   7:03pm  NW  1022   62
19   55.6  67.9   5:59pm  45.4   7:53am   35    1  0.00   0  15   2:02am  NW  1023   44
20   58.3  76.3   5:39pm  43.7   8:09am   28    8  0.00   0   4   3:51pm  NW  1023   50
21   70.0  87.8   5:40pm  57.2   7:52am    4   19  1.89   0  38   9:22pm  NW  1016   63
22   63.8  73.0   5:07pm  58.1   6:25am   11    6  0.00   0   8   5:20am  NW  1020   73
23   56.6  64.5   4:05pm  48.2   7:39am   25    0  0.00   0  14   9:51am  NW  1031   44
24   61.6  74.3   3:42pm  52.8   8:08am   22    8  0.00   0   7   2:51pm  NW  1031   59
25   66.4  77.2   5:02pm  56.8   7:56am    9   15  0.00   0  10   4:21pm  NW  1024   66
26   69.0  80.6   5:19pm  59.6   7:49am    5   21  0.07   0  12   2:41pm  NW  1020   69
27   67.7  77.9   4:08pm  61.5   7:12am    2   13  0.45   0   7   2:39pm  NW  1018   79
28   70.6  81.9   5:39pm  62.6   6:38am    2   24  0.00   0  12   5:07pm  NW  1015   73
29   70.2  84.5   5:59pm  56.0   7:02am    8   29  0.00   0   6   4:38pm  NW  1017   64
30   71.5  80.9   5:36pm  62.5   7:30am    1   27  0.05   0  10   3:57pm  NW  1014   64
31   67.4  74.5   5:16pm  61.4   7:46am    2   12  0.12   0  19   3:15pm  NW  1009   66
---------------------------------------------------------------------------------------
TOT  58.0  87.8  3/21/17  28.1  3/16/17 1057  230  0.69   0  38  3/21/17  NW  1023   59

HEAT BASE: 65.0
COOL BASE: 65.0