NOAA-Style Climate Reports


Report for 2017 February
                  MONTHLY CLIMATOLOGICAL SUMMARY FOR 2/2017
                                        HEAT  COOL        
     MEAN                               DEG   DEG       WIND SPEED       DOM MEAN  MEAN
DAY  TEMP  HIGH   TIME     LOW   TIME   DAYS  DAYS RAIN AVG  HI  TIME    DIR BAROM HUM
---------------------------------------------------------------------------------------
1    60.9  70.3   3:50pm  52.4   7:47am    5    1  0.00   0  17  12:33pm SSW  1020   58
2    58.8  70.9   1:51pm  46.7   7:25am    7    1  0.00   0  10  12:48pm WNW  1022   72
3    52.1  62.1   3:06pm  40.7  11:57pm   13    0  0.03   0  14   3:32pm WNW  1023   64
4    40.6  49.2   4:52pm  32.8   7:31am   24    0  0.00   0   8   8:37am   E  1031   34
5    45.4  57.5   3:44pm  36.1   6:57am   20    0  0.01   0   9  11:32am  SW  1025   69
6    53.3  65.0   5:12pm  42.9   7:22am   12    0  0.00   0   5   4:13am WNW  1023   78
7    57.5  67.4   3:18pm  48.0   7:33am    8    0  0.68   0  15  12:21pm SSW  1015   87
8    59.8  64.0   5:34pm  56.5   4:30am    5    0  0.00   1  13  11:59pm SSW  1010   94
9    49.2  63.6  12:34am  38.4  11:57pm   16    0  0.02   4  32   9:08am  NW  1019   57
10   46.2  60.5   5:15pm  32.6   7:14am   19    0  0.00   0   3   2:35am SSW  1030   43
11   57.5  70.0   2:45pm  40.2   5:37am    9    1  0.00   0  13  11:56am  SW  1024   69
12   68.3  74.4   4:08pm  63.8  11:58pm    0    3  0.00   1  13   9:16am SSW  1018   80
13   59.3  72.5   3:49pm  47.3   7:40am    7    1  0.00   0  12  12:00am  NW  1020   39
14   55.1  71.9   4:15pm  37.8   6:45am   11    1  0.00   0   8   3:48pm SSW  1015   50
15   55.3  63.1   3:03pm  45.2  11:59pm   10    0  0.44   1  25  11:40am  NW  1006   59
16   49.1  61.5   4:31pm  37.9   7:40am   16    0  0.00   0  15   3:37pm  NW  1016   41
17   55.6  72.0   4:29pm  38.4   6:00am   11    1  0.00   0  12  10:53am  NW  1018   40
18   53.8  58.8  11:45am  49.1   4:29am   11    0  0.02   0   7   3:31pm SSW  1017   67
19   59.5  72.3   4:29pm  48.4   7:38am    7    2  0.00   0  13  11:22am  NW  1019   72
20   60.4  73.8   2:35pm  44.6   7:33am    7    2  0.00   0   2   2:11pm   N  1022   65
21   62.7  71.1   2:13pm  54.9   7:08am    4    1  0.00   0   8   9:54pm ENE  1020   68
22   63.0  67.0   2:25pm  59.9  11:10pm    2    0  0.00   0   9   2:22am ENE  1014   85
23   65.6  77.4   4:32pm  55.2   7:02am    3    4  0.00   0   8  12:14pm   E  1012   69
24   65.9  79.7   3:58pm  52.5   7:19am    4    5  0.00   0   7   3:14pm SSW  1012   69
25   61.6  69.0  12:49pm  48.4  11:59pm    4    0  0.00   1  25   2:58pm WNW  1011   49
26   50.4  64.9   4:32pm  38.2   7:08am   15    0  0.00   0   7  12:06am  NW  1023   36
27   51.6  60.9   2:16pm  41.1   4:41am   23    0  0.03   0   7   4:06pm SSW  1028   65
28   61.4  74.1   3:09pm  48.7   6:58am   12    5  0.00   0   8   1:41pm SSW  1025   74
---------------------------------------------------------------------------------------
TOT  56.5  79.7  2/24/17  32.6  2/10/17  283   29  0.03   0  28   2/9/17  NW  1020   63

HEAT BASE: 65.0
COOL BASE: 65.0