NOAA-Style Climate Reports


Report for 2017 January
                  MONTHLY CLIMATOLOGICAL SUMMARY FOR 1/2017
                                        HEAT  COOL        
     MEAN                               DEG   DEG       WIND SPEED       DOM MEAN  MEAN
DAY  TEMP  HIGH   TIME     LOW   TIME   DAYS  DAYS RAIN AVG  HI  TIME    DIR BAROM HUM
---------------------------------------------------------------------------------------
1    45.3  49.7  11:49pm  42.0   1:05am   20    0  0.63   0   8   8:46pm ENE  1023   95
2    52.8  56.7  11:56pm  49.7  12:00am   12    0  1.32   1  13  11:00pm  NE  1022   96
3    59.2  65.3   4:12pm  54.2   7:23am    6    0  0.10   1  12  12:32am  SW  1012   91
4    52.6  56.9  12:18pm  42.5  11:57pm   12    0  0.01   2  18  12:04pm WNW  1013   72
5    45.7  58.4   3:19pm  33.7   8:11am   19    0  0.00   0   7   3:36pm  SW  1015   61
6    41.9  49.2  12:00am  38.3   5:51pm   23    0  0.55   0  12   2:21pm WNW  1017   77
7    34.7  40.1   3:27pm  26.9  11:56pm   30    0  0.16   2  17   3:29pm  NW  1026   72
8    30.2  41.3   4:19pm  21.2   7:58am   35    0  0.00   1  14   1:22am WNW  1039   46
9    35.2  44.2   3:30pm  28.0   8:01am   30    0  0.00   0   9   3:30pm   N  1041   45
10   44.0  57.4   3:51pm  30.6   7:24am   21    0  0.00   0   9   3:12pm SSW  1033   57
11   58.6  72.1   3:54pm  50.0   7:53am    8    1  0.00   0  16   3:22pm SSW  1027   66
12   60.8  74.0   4:08pm  48.8   8:06am    6    2  0.00   1  16  12:51pm SSW  1028   74
13   62.2  76.4   2:26pm  49.9   7:59am    6    3  0.00   0  12   1:38pm WNW  1032   80
14   60.8  72.9   2:11pm  52.1   6:40am    5    1  0.00   0   9   2:51pm ENE  1031   85
15   60.7  74.4   4:16pm  49.6   7:54am    7    2  0.00   0  11   1:50pm SSW  1027   77
16   56.5  64.2   2:40pm  49.8   6:20am    8    0  0.00   0   9   8:05pm ENE  1027   86
17   64.6  75.1   4:47pm  56.8   1:48am    3    3  0.00   2  18   1:33pm SSW  1023   78
18   67.4  76.2   2:59pm  60.7  11:55pm    1    3  0.00   1  20  11:54am  SW  1019   66
19   60.8  67.7   3:52pm  53.8   6:59am    4    0  0.00   0   7   2:19pm   E  1017   60
20   66.3  75.6   2:24pm  58.4   1:51am    2    3  0.14   1  18   3:06pm  SW  1011   76
21   60.4  61.8  10:48am  58.4   2:32pm    5    0  2.43   1  22   1:57pm WNW  1008   94
22   59.4  63.8   2:26pm  53.3  11:57pm    6    0  0.84   2  18   9:00pm   E   999   93
23   53.8  62.6   2:01pm  47.6   7:55am   11    0  0.02   2  30   3:34pm WNW   996   83
24   53.4  64.9   3:41pm  45.9   7:34am   12    0  0.00   2  17  10:08am WNW  1010   66
25   57.5  73.9   4:50pm  41.3   7:16am    9    2  0.00   1  17   1:43pm  SW  1013   56
26   57.2  63.7   2:20am  45.4  11:59pm    8    0  0.12   2  24  10:09am WNW  1013   59
27   42.6  48.6   3:16pm  36.4   7:21am   22    0  0.00   1  19  11:39am WNW  1019   59
28   42.9  53.7   4:30pm  32.8   7:00am   22    0  0.00   1  18  11:25am  SW  1018   49
29   44.1  53.2   1:45pm  35.6   7:23am   21    0  0.00   1  17   2:26pm  SW  1016   55
30   45.0  55.9   4:21pm  35.5   7:36am   20    0  0.00   0  19   3:56pm  NW  1020   51
31   55.0  72.4   3:44pm  37.3   8:04am   11    1  0.00   0  14   3:07pm SSW  1019   51
---------------------------------------------------------------------------------------
TOT  52.6  76.4  1/13/17  21.2   1/8/17  405   22  6.32   1  25  1/23/17 WNW  1020   70

HEAT BASE: 65.0
COOL BASE: 65.0