NOAA-Style Climate Reports


Report for 2016 December
                  MONTHLY CLIMATOLOGICAL SUMMARY FOR 12/2016
                                        HEAT  COOL        
     MEAN                               DEG   DEG       WIND SPEED       DOM MEAN  MEAN
DAY  TEMP  HIGH   TIME     LOW   TIME   DAYS  DAYS RAIN AVG  HI  TIME    DIR BAROM HUM
---------------------------------------------------------------------------------------
1    52.0  59.9   3:10pm  44.8  11:54pm   13    0  0.00   0  17   2:02pm WNW  1016   62
2    50.3  62.9   2:35pm  38.9   7:03am   15    0  0.00   0  14   2:35pm  NW  1024   55
3    49.6  57.1   2:26pm  40.9   7:37am   15    0  0.07   0   1  10:54am ENE  1026   64
4    45.8  47.9  12:00am  44.1  10:45pm   19    0  0.86   1  13   9:32am   E  1023   92
5    49.1  53.6  11:43pm  44.1  12:47am   16    0  0.97   0  14  10:30pm   E  1017   94
6    52.1  53.6  12:24am  50.9   8:48am   13    0  0.28   2  15   2:04am   E  1011   95
7    50.0  54.2   3:57pm  45.5   8:10am   15    0  0.01   0   7   1:20am WNW  1018   94
8    45.9  50.8  12:19pm  38.8  11:56pm   19    0  0.00   1  16  10:30am WNW  1024   65
9    38.2  48.1   4:23pm  30.7   7:37am   27    0  0.00   0   9  12:37am  NW  1032   50
10   37.3  49.7   4:03pm  27.0   7:45am   28    0  0.00   0   1  11:10am   N  1035   59
11   38.7  46.0   4:23pm  29.9   6:08am   26    0  0.00   0   2   3:37pm  NE  1031   62
12   49.7  63.9   4:39pm  39.3   4:46am   15    0  0.00   0   5   4:16pm NNW  1021   77
13   49.8  51.0   3:25pm  48.3   1:52am   15    0  0.06   0   5  11:19am   N  1019   94
14   51.1  57.8   3:49pm  42.6  11:56pm   14    0  0.00   0  11   7:31am NNW  1020   88
15   42.4  49.3   1:44pm  34.4  11:54pm   23    0  0.00   1  20  11:57am  NW  1024   50
16   35.6  41.3   2:54pm  29.6   7:45am   29    0  0.00   0   9   9:27am   E  1030   43
17   41.9  51.3   4:37pm  36.0   6:00am   23    0  0.00   0   5   3:00am  NE  1022   65
18   54.0  73.3  10:53am  41.4  11:43pm   11    0  0.19   1  26  10:54am WNW  1022   86
19   43.6  46.5   1:22pm  39.9   4:07am   21    0  0.01   0  16  10:21am ENE  1033   88
20   43.4  50.5   3:19pm  36.4  11:27pm   22    0  0.00   0   8  12:00am ENE  1033   81
21   44.9  62.0   4:07pm  30.5   8:04am   20    0  0.00   0   2  12:00am  SE  1027   75
22   55.7  66.9   2:12pm  47.0  11:58pm    9    0  0.00   0  14   1:43pm  NW  1025   56
23   50.8  59.3   3:22pm  42.9   1:36am   14    0  0.00   0  10  10:11am   E  1030   52
24   57.4  69.0   2:48pm  50.5   7:29am    8    0  0.00   0   1  11:56am   N  1027   66
25   60.7  74.8   2:46pm  46.9   8:01am    7    2  0.00   0   1   4:15pm  SE  1029   75
26   56.9  61.1  12:00am  54.3  11:30pm    8    0  0.05   0  10   8:33am   E  1032   90
27   61.4  73.4   2:52pm  54.1   4:41am    5    2  0.01   0  12   3:39pm WNW  1024   90
28   56.7  66.1   4:40pm  49.4   8:02am    8    0  0.00   0   9  12:35am WNW  1021   72
29   57.3  64.9   5:20am  45.5  11:56pm    8    0  0.23   2  33   1:49pm  NW  1016   55
30   44.4  52.1   4:02pm  37.4  11:39pm   21    0  0.00   1  16   2:41pm  NW  1024   39
31   41.5  48.7   2:14pm  34.1   3:54am   24    0  0.10   0   7  11:10am SSW  1025   60
---------------------------------------------------------------------------------------
TOT  48.7  74.8 12/25/16  27.0 12/10/16  512    5  2.84   0  33 12/29/16 WNW  1025   71

HEAT BASE: 65.0
COOL BASE: 65.0