NOAA-Style Climate Reports


Report for 2016 November
                  MONTHLY CLIMATOLOGICAL SUMMARY FOR 11/2016
                                        HEAT  COOL        
     MEAN                               DEG   DEG       WIND SPEED       DOM MEAN  MEAN
DAY  TEMP  HIGH   TIME     LOW   TIME   DAYS  DAYS RAIN AVG  HI  TIME    DIR BAROM HUM
---------------------------------------------------------------------------------------
1    69.2  83.0   4:25pm  59.1   5:02am    1    5  0.00   0   3  10:08am   E  1024   73
2    68.5  81.3   4:06pm  60.0   4:06am    1    5  0.00   0   3   6:50am  SE  1027   80
3    69.7  82.9   4:00pm  57.9   7:35am    2    7  0.00   0  10   2:39pm  NW  1023   72
4    68.6  78.5   2:54pm  59.9  11:57pm    1    4  0.00   0  15  11:54am   E  1021   60
5    60.3  71.2   4:15pm  49.9   8:44am    6    1  0.00   0   2   6:07am   E  1027   56
6    57.0  73.1   2:28pm  44.9   5:48am    9    1  0.00   0   0  12:00am   N  1028   69
7    58.0  72.4   3:24pm  46.3   5:49am    8    1  0.00   0  11  12:20pm   E  1029   61
8    55.9  69.3   4:29pm  44.1   5:38am   10    0  0.00   0   1   1:07pm WSW  1026   62
9    60.1  70.6   1:56pm  50.8  11:54pm    6    1  0.00   0  14   1:05pm  NW  1020   54
10   53.7  69.3   3:56pm  40.5   7:08am   12    1  0.00   0   1  10:01am SSW  1023   61
11   58.5  74.5   1:26pm  43.6   3:05am    8    2  0.00   0  13   1:38pm  NW  1018   45
12   57.4  62.6   3:39pm  52.8  11:54pm    8    0  0.00   0  21  10:17am   E  1025   49
13   47.1  52.9  12:07am  41.4  11:58pm   18    0  0.29   0   5   9:36am WNW  1026   81
14   51.2  68.6   3:20pm  37.7   6:17am   14    0  0.00   0   4  12:50am  NW  1020   75
15   53.3  68.9   3:45pm  40.5   7:33am   12    1  0.00   0   2  12:44pm  NW  1016   69
16   56.4  73.1   2:12pm  43.1   7:12am   10    1  0.00   0   6  12:32pm  NW  1017   68
17   57.8  77.8   4:24pm  42.6   6:22am   10    3  0.00   0   0  12:00am   N  1021   66
18   59.6  79.8   3:29pm  44.6   7:11am    9    3  0.00   0   1   9:04am WSW  1023   65
19   53.8  61.9  10:07am  43.6  11:25pm   11    0  0.00   1  23  12:47pm  NW  1022   58
20   46.5  59.3   3:03pm  36.3   7:24am   18    0  0.00   0  18   3:42pm  NW  1023   37
21   49.8  64.4   3:11pm  37.7   7:43am   15    0  0.00   0   8  12:28pm  NW  1022   30
22   48.7  64.8   2:25pm  33.9   7:26am   16    0  0.00   0   1  10:13am   N  1026   42
23   52.4  69.0   4:10pm  39.0   5:11am   13    0  0.00   0   1   2:51am   N  1026   58
24   60.9  74.6   2:57pm  51.5   6:22am    6    2  0.00   0   8  12:51pm SSW  1024   74
25   60.7  74.8   1:08pm  50.8   7:09am    6    2  0.00   0   9   9:31pm  NW  1024   68
26   53.5  67.6   3:06pm  42.7  11:58pm   12    0  0.00   0   6   1:37am  NW  1025   59
27   46.7  59.8   3:08pm  34.0   7:37am   18    0  0.00   0   2  10:15am ENE  1026   60
28   57.5  70.9   3:44pm  45.1   2:52am    8    1  0.00   0  16  10:19pm SSW  1018   67
29   64.9  69.0   4:26pm  59.8   8:49am    1    1  1.45   1  16   7:05am SSW  1012   90
30   66.3  72.5   2:26pm  57.2  11:57pm    1    2  0.57   2  22   3:35pm SSW  1011   90
---------------------------------------------------------------------------------------
TOT  57.5  83.0  11/1/16  33.9 11/22/16  272   46  2.31   0  22 11/30/16 SSW  1022   63

HEAT BASE: 65.0
COOL BASE: 65.0