NOAA-Style Climate Reports


Report for 2016 October
                  MONTHLY CLIMATOLOGICAL SUMMARY FOR 10/2016
                                        HEAT  COOL        
     MEAN                               DEG   DEG       WIND SPEED       DOM MEAN  MEAN
DAY  TEMP  HIGH   TIME     LOW   TIME   DAYS  DAYS RAIN AVG  HI  TIME    DIR BAROM HUM
---------------------------------------------------------------------------------------
1    67.1  81.9   5:43pm  53.1   7:36am    3    5  0.00   1  10   1:00pm SSW  1019   62
2    69.2  83.1   2:52pm  56.9   7:42am    2    7  0.00   1   8   4:30pm SSE  1018   66
3    73.0  86.1   4:09pm  61.9   7:22am    1    9  0.00   1  11   2:31pm   E  1016   66
4    72.9  83.1   2:57pm  63.9   7:47am    0    8  0.00   2  19   3:00pm ENE  1018   69
5    70.5  80.9   5:02pm  61.9   7:38am    1    6  0.00   2  16   1:14pm   E  1021   67
6    69.6  81.3   3:58pm  60.5   7:20am    1    6  0.00   2  15  11:42am ENE  1021   72
7    70.2  72.6   4:20pm  68.0   7:23am    0    5  0.00   2  14   1:57am ENE  1016   83
8    77.7  89.3   3:03pm  69.0  11:57pm    0   13  0.00   3  19   4:17pm  NW  1010   66
9    69.0  83.7   4:46pm  54.5   8:02am    2    6  0.00   1  11   4:37pm  NW  1020   51
10   63.0  76.8   4:17pm  49.1   7:49am    5    3  0.00   1  16  12:20pm   E  1026   56
11   61.4  74.6   4:17pm  50.2   6:01am    6    2  0.00   1  15  12:18pm ENE  1028   61
12   61.6  79.1   4:56pm  47.6   7:24am    7    3  0.00   0  10   1:03pm   E  1026   69
13   67.0  85.4   4:05pm  52.2   7:45am    4    6  0.00   0  12  12:36pm  SW  1022   65
14   68.0  80.1   4:12pm  56.9   7:15am    2    5  0.00   1  13   9:56am ENE  1025   72
15   66.4  73.7   2:20pm  62.6   6:05am    1    2  0.03   1  10   2:30pm   E  1026   85
16   70.6  84.5   4:15pm  61.9   8:00am    1    6  0.00   0  10   1:11pm  NE  1023   74
17   70.4  84.6   5:06pm  58.5   7:16am    2    7  0.00   1  10  12:08pm SSW  1019   73
18   72.2  86.6   5:04pm  61.1   7:54am    1    8  0.00   0  12   3:50pm  SW  1018   72
19   74.5  91.1   3:38pm  62.4   7:57am    0   10  0.00   0   8   4:05pm ESE  1019   68
20   74.6  88.6   4:37pm  62.6   7:53am    0   10  0.00   0   9   2:51pm WSW  1016   67
21   66.3  69.9  12:00am  56.2  11:57pm    1    2  0.00   4  29  12:19pm  NW  1012   60
22   57.5  67.8   3:33pm  49.0   6:40am    8    0  0.00   0  18   4:52pm  NW  1018   50
23   59.9  77.0   4:30pm  45.2   8:16am    8    3  0.00   0  12   3:31pm  NW  1024   49
24   63.9  81.5   4:19pm  47.8   7:18am    6    5  0.00   0  13   2:54pm  NW  1024   58
25   62.7  77.7   4:43pm  50.3   6:12am    5    3  0.00   0   8   9:31am ENE  1026   58
26   62.4  76.2   3:41pm  49.0   7:11am    5    3  0.00   0   3   4:53pm   E  1028   63
27   67.1  80.7   4:12pm  56.3   6:17am    3    5  0.00   0   7   1:05pm SSW  1026   70
28   70.5  86.8   4:32pm  58.5   8:07am    1    7  0.00   0   6  12:43pm  NW  1024   64
29   68.2  86.1   3:29pm  55.0   7:32am    3    6  0.00   0   5   3:44pm SSW  1024   66
30   68.9  84.6   3:08pm  55.1   8:08am    3    7  0.00   0  10   2:40pm  NW  1021   65
31   70.3  87.3   4:26pm  56.8   6:31am    2    8  0.00   0   2   1:29pm   E  1020   63
---------------------------------------------------------------------------------------
TOT  68.0  91.1 10/19/16  45.2 10/23/16   82  174  0.03   1  29 10/21/16   E  1021   66

HEAT BASE: 65.0
COOL BASE: 65.0