NOAA-Style Climate Reports


Report for 2016 September
                  MONTHLY CLIMATOLOGICAL SUMMARY FOR 9/2016
                                        HEAT  COOL        
     MEAN                               DEG   DEG       WIND SPEED       DOM MEAN  MEAN
DAY  TEMP  HIGH   TIME     LOW   TIME   DAYS  DAYS RAIN AVG  HI  TIME    DIR BAROM HUM
---------------------------------------------------------------------------------------
1    82.2  93.1   4:08pm  72.5   6:55am    0   17  0.00   1  13  11:36pm SSW  1012   73
2    74.4  77.8  12:00am  72.2  11:50pm    0    9  0.10   2  19  10:40am ENE  1012   86
3    74.6  86.1   5:22pm  63.8   7:18am    0   10  0.00   1  15  10:19am   S  1018   70
4    76.3  86.6   5:27pm  68.6   7:27am    0   11  0.00   1  10  11:22am   E  1022   75
5    78.0  89.6   4:18pm  67.6   6:58am    0   13  0.00   0   7   2:33pm   E  1023   70
6    78.9  93.0   5:49pm  66.2   7:25am    0   14  0.00   0  11  12:28pm  NW  1023   67
7    81.8  95.8   4:52pm  69.9   7:23am    0   17  0.00   0   9   3:33pm   W  1021   59
8    82.1  94.7   3:06pm  68.8   7:18am    0   17  0.00   1  10   3:49pm   W  1018   59
9    81.7  94.3   4:14pm  69.2   7:37am    0   17  0.00   1  11   2:58pm WNW  1017   62
10   82.0  92.6   3:28pm  70.1   7:05am    0   17  0.00   1  13   2:04pm SSW  1018   61
11   82.4  93.7   3:57pm  74.0   7:36am    0   17  0.00   2  16   6:21pm SSW  1018   63
12   79.0  91.3   4:10pm  71.5   6:01am    0   14  0.00   1  13   9:32pm   E  1019   77
13   78.3  88.7   2:58pm  69.6   7:26am    0   13  0.00   2  14   6:03pm ENE  1021   74
14   79.7  91.9   4:37pm  71.0   5:03am    0   15  0.00   2  15   1:46pm ENE  1019   71
15   81.3  95.0   4:16pm  69.7   6:51am    0   16  0.00   1   9  12:30pm   E  1018   66
16   79.4  90.1   4:22pm  70.6   7:29am    0   14  0.00   2  11   9:38am ENE  1020   69
17   78.2  89.4   3:53pm  68.3   6:54am    0   13  0.00   0   9  10:19am   E  1020   70
18   75.1  85.4   1:12pm  71.0   6:06am    0   10  0.95   0  12   2:41pm   E  1017   85
19   78.8  91.3   4:55pm  71.3   3:12am    0   14  0.00   1   9   4:50pm  NW  1015   78
20   79.4  90.7   5:02pm  69.9   7:48am    0   14  0.00   2  13   9:45am ENE  1017   69
21   79.2  90.4   4:09pm  68.4   7:10am    0   14  0.00   1  10   1:05pm ENE  1018   67
22   78.5  87.9   3:36pm  69.5   7:58am    0   13  0.00   1  14  10:48am ENE  1017   69
23   79.0  89.9   4:29pm  69.8   7:45am    0   14  0.00   1  10   3:39pm ENE  1018   72
24   80.4  94.3   4:41pm  69.3   7:16am    0   15  0.00   1   8   2:23pm ENE  1018   67
25   80.1  94.4   3:59pm  67.5   7:49am    0   15  0.00   1  11   5:58pm ESE  1018   65
26   78.9  90.1   5:01pm  70.1   7:33am    0   14  0.00   1  10  10:26am   S  1018   71
27   78.0  89.1   4:03pm  68.6   6:48am    0   13  0.00   1  13   6:34pm SSW  1014   74
28   78.1  88.8   4:38pm  69.9   7:41am    0   13  0.00   2  17   2:01pm SSW  1013   68
29   72.0  82.7   3:28pm  61.3   7:53am    0    7  0.00   2  17   5:02pm  NW  1014   55
30   65.5  77.0   3:37pm  53.6   7:53am    3    4  0.00   1  12   3:10pm  SW  1017   59
---------------------------------------------------------------------------------------
TOT  78.5  95.8   9/7/16  53.6  9/30/16    3  407  1.05   1  19   9/2/16 ENE  1018   69

HEAT BASE: 65.0
COOL BASE: 65.0