NOAA-Style Climate Reports


Report for 2016 August
                  MONTHLY CLIMATOLOGICAL SUMMARY FOR 8/2016
                                        HEAT  COOL        
     MEAN                               DEG   DEG       WIND SPEED       DOM MEAN  MEAN
DAY  TEMP  HIGH   TIME     LOW   TIME   DAYS  DAYS RAIN AVG  HI  TIME    DIR BAROM HUM
---------------------------------------------------------------------------------------
1    79.6  93.3   3:48pm  73.5   6:21pm    0   15  2.05   1  22   5:56pm  SW  1018   85
2    79.1  91.7   2:07pm  73.8   4:14am    0   14  0.11   1  18   4:09pm  SW  1018   86
3    81.6  92.8   5:04pm  74.2   5:00am    0   16  0.00   1   8  12:30pm ESE  1015   81
4    80.2  88.3   6:06pm  72.7  11:19pm    0   15  2.65   0  15  10:08pm  NE  1016   85
5    80.9  92.7   5:48pm  73.4  12:00am    0   16  0.01   0   8   5:51pm ENE  1015   84
6    84.7  96.9   4:38pm  74.9   7:03am    0   20  0.00   1  13   5:19pm WSW  1013   72
7    83.9  94.3   3:02pm  74.9   6:05am    0   19  0.00   0  17   4:39pm WSW  1012   74
8    80.9  88.4   3:29pm  75.8   6:30am    0   16  0.00   1  14   4:54pm ENE  1013   81
9    81.6  91.2   5:15pm  76.5   6:26am    0   17  0.00   1  15   7:19pm   E  1016   80
10   81.3  90.0   4:56pm  75.3   5:38am    0   16  0.00   1  14  12:21am   E  1020   80
11   81.7  91.4   5:30pm  74.8   6:34am    0   17  0.00   1  13   7:37pm   E  1019   81
12   80.5  91.4   2:45pm  76.9   3:49am    0   16  0.01   0  14   3:05pm   E  1016   86
13   82.8  93.2   5:26pm  74.3   7:10am    0   18  0.00   1  13   6:00pm SSW  1017   76
14   84.1  95.3   6:00pm  73.7   7:06am    0   19  0.00   1  13  11:52pm SSW  1019   70
15   81.7  94.0   6:04pm  72.3   7:01am    0   17  0.13   0  11   4:02pm SSW  1021   75
16   81.3  93.3   4:32pm  75.3   6:51am    0   16  0.09   1  10   3:00pm SSE  1022   81
17   82.6  97.1   5:51pm  72.1  10:35pm    0   18  2.38   1  23   7:49pm WSW  1021   77
18   78.5  95.4   3:54pm  72.1   6:40am    0   14  1.82   1  24   4:43pm SSW  1019   85
19   77.6  91.9   3:38pm  71.7   6:25am    0   13  0.58   1  25   5:06pm SSW  1017   87
20   78.2  86.9  12:24pm  73.9   6:33am    0   13  0.38   1  13   5:10pm SSW  1014   89
21   79.7  88.4   2:51pm  74.3   7:24am    0   15  0.02   1  14  10:03am  SW  1014   83
22   80.0  90.4   6:01pm  71.9   7:16am    0   15  0.00   1  11  10:59am WNW  1019   75
23   79.8  89.3   4:12pm  71.3   6:16am    0   15  0.00   1  12   4:50pm ENE  1023   78
24   78.0  83.3  12:13pm  74.6  11:46pm    0   13  0.14   0   8  11:48am SSW  1024   85
25   80.7  92.0   4:47pm  70.2   7:07am    0   16  0.00   0   7  12:46pm ENE  1021   77
26   82.4  94.8   4:32pm  73.9   7:07am    0   17  0.09   0  17   7:11pm ESE  1019   78
27   82.7  92.1   4:53pm  73.7   7:12am    0   18  0.01   1  11   2:25pm ENE  1019   77
28   82.0  91.3   4:05pm  74.4   6:19am    0   17  0.00   1  11   4:15pm ENE  1020   74
29   80.6  89.6   6:01pm  72.0   7:06am    0   16  0.00   1  16   4:38pm ENE  1019   71
30   80.2  90.2   5:07pm  70.3   6:30am    0   15  0.00   1  13   2:33pm   E  1018   71
31   81.9  92.3   5:24pm  71.2   7:05am    0   17  0.00   1  10  12:25pm ENE  1015   70
---------------------------------------------------------------------------------------
TOT  81.0  97.1  8/17/16  70.2  8/25/16    0  495 10.47   1  23  8/17/16   E  1018   79

HEAT BASE: 65.0
COOL BASE: 65.0