NOAA-Style Climate Reports


Report for 2016 July
                  MONTHLY CLIMATOLOGICAL SUMMARY FOR 7/2016
                                        HEAT  COOL        
     MEAN                               DEG   DEG       WIND SPEED       DOM MEAN  MEAN
DAY  TEMP  HIGH   TIME     LOW   TIME   DAYS  DAYS RAIN AVG  HI  TIME    DIR BAROM HUM
---------------------------------------------------------------------------------------
1    81.0  94.1   5:58pm  72.1   2:44am    0   16  0.01   1  10  12:17pm  SW  1016   74
2    84.5  95.8   5:45pm  71.7   6:41am    0   19  0.00   1  11   3:17pm WSW  1016   64
3    86.3  97.4   5:10pm  74.9   6:18am    0   21  0.00   2  16   3:51pm   S  1016   61
4    86.0  96.0   5:09pm  77.5   6:44am    0   21  0.00   3  16   3:06pm  SW  1016   67
5    80.0  90.2   1:11pm  75.5  10:07pm    0   15  0.10   3  21   1:15pm SSW  1017   84
6    77.4  88.6  12:57pm  72.6   3:54pm    0   12  0.13   3  18   1:42pm  SW  1018   88
7    82.8  93.2   5:05pm  73.2   2:00am    0   18  0.00   4  21  12:54pm  SW  1016   72
8    86.7  96.0   3:46pm  77.8   6:52am    0   22  0.00   2  17  12:20pm SSW  1016   65
9    85.3  94.8   5:54pm  76.6   7:06am    0   20  0.00   2  16   3:28pm  NW  1015   62
10   83.2  93.3   6:20pm  74.3   6:49am    0   18  0.00   2   9   8:05am WNW  1016   69
11   81.0  91.8   4:56pm  72.1  11:49pm    0   16  0.12   2  28   7:53pm SSE  1018   74
12   81.2  93.4   6:04pm  69.8   6:51am    0   16  0.01   2  17   9:57pm  SW  1019   74
13   84.2  95.1   4:59pm  73.9   6:02am    0   19  0.00   2  14   2:55pm WSW  1019   62
14   85.9  97.0   5:47pm  75.9   6:49am    0   21  0.00   2  15   5:04pm SSW  1017   61
15   84.5  93.4   5:18pm  75.3   6:40am    0   20  0.00   2  18   3:10pm WNW  1016   63
16   80.8  88.7  12:10pm  73.8   6:46am    0   16  0.07   2  11   4:29pm ENE  1018   78
17   82.0  94.9   4:26pm  71.1   6:45am    0   17  0.01   1  18   9:32pm SSW  1022   73
18   79.3  90.1   1:10pm  73.1   6:36am    0   14  0.84   1  21   2:29pm SSW  1023   84
19   82.9  97.6   5:41pm  74.3   6:26am    0   18  0.00   1  17   7:22pm   E  1022   74
20   84.8  97.9   6:30pm  72.9   6:46am    0   20  0.00   1  15  10:20pm  NW  1021   68
21   80.1  95.0   3:10pm  73.1  11:59pm    0   15  0.17   1  22   4:18pm SSW  1020   78
22   80.3  92.5   5:12pm  70.0   6:50am    0   15  0.00   1  12   2:25pm SSW  1019   78
23   81.3  92.7   2:26pm  76.2   6:45am    0   16  0.16   1  13   3:20pm  NW  1016   80
24   85.1  97.8   6:09pm  74.0   6:49am    0   20  0.00   1  10   5:16pm  SW  1016   70
25   87.0  98.6   3:38pm  76.4   6:36am    0   22  0.00   1  12   3:56pm SSW  1016   65
26   87.1  98.1   4:12pm  76.4   6:50am    0   22  0.00   2  13   3:57pm  SW  1016   61
27   85.0  94.1   5:04pm  76.4   7:22am    0   20  0.00   2  17   7:09pm  SW  1016   68
28   82.1  91.5   5:31pm  75.7   7:13am    0   17  0.09   1  18   4:12pm  SW  1015   71
29   81.7  93.1   4:08pm  74.9   6:44am    0   17  0.00   2  16   4:51pm  NW  1015   76
30   82.8  94.0   2:36pm  76.1   6:53am    0   18  0.03   1  13   3:14pm  SW  1015   75
31   82.6  97.8   5:58pm  73.8   6:54am    0   18  0.27   1  14   7:07pm SSW  1017   74
---------------------------------------------------------------------------------------
TOT  83.1  98.6  7/25/16  69.8  7/12/16    0  560  2.01   2  25  7/11/16  SW  1017   71

HEAT BASE: 65.0
COOL BASE: 65.0