NOAA-Style Climate Reports


Report for 2016 June
                  MONTHLY CLIMATOLOGICAL SUMMARY FOR 6/2016
                                        HEAT  COOL        
     MEAN                               DEG   DEG       WIND SPEED       DOM MEAN  MEAN
DAY  TEMP  HIGH   TIME     LOW   TIME   DAYS  DAYS RAIN AVG  HI  TIME    DIR BAROM HUM
---------------------------------------------------------------------------------------
1    77.5  95.2   4:01pm  69.5   6:27am    0   12  0.66   2  15   5:11pm  NE  1016   77
2    77.5  89.5   2:20pm  68.9   6:24am    0   13  0.01   1  19  10:09pm SSW  1017   80
3    80.8  93.2   5:01pm  68.8   6:10am    0   16  0.00   1  11  12:33pm  SW  1017   69
4    81.8  92.1   3:12pm  72.5   6:33am    0   17  0.00   2  19   4:10pm  SW  1015   68
5    77.7  84.8   3:55pm  72.9   7:48am    0   13  0.43   2  20   4:55pm SSW  1012   81
6    75.9  81.0  12:54pm  73.2   6:31am    0   11  0.00   1  11   2:04pm SSW  1011   89
7    80.2  90.5   4:54pm  70.0   7:02am    0   15  0.00   3  21   4:19pm  NW  1008   64
8    76.9  88.2   4:36pm  62.5   6:38am    0   12  0.00   2  13   8:48am  NW  1012   49
9    76.4  90.8   6:34pm  61.2   5:58am    0   12  0.00   1  11   9:16am WNW  1016   53
10   80.7  95.0   5:04pm  65.6   6:48am    0   16  0.00   1  10   5:49pm  SE  1018   58
11   84.0  98.0   5:41pm  69.9   6:31am    0   19  0.00   1  11   1:39pm SSW  1019   59
12   84.4  93.8   1:48pm  74.3   3:39pm    0   19  0.27   2  23   3:17pm  NW  1017   66
13   85.5  98.8   5:22pm  72.2   6:23am    0   21  0.00   1   9  11:53am  NW  1013   62
14   80.3  97.1   1:04pm  74.0  11:53pm    0   15  1.74   1  28   3:15pm SSW  1013   78
15   81.1  89.7   6:18pm  72.8   6:18am    0   16  0.00   1  13   4:16pm  SW  1014   77
16   84.5  95.2   6:08pm  74.4   5:45am    0   20  0.00   2  17   1:05pm  NW  1011   58
17   83.9  95.5   2:38pm  76.1  11:58pm    0   19  0.00   1  20   3:11pm  NW  1009   68
18   76.1  81.2   5:46pm  70.8   6:36am    0   11  0.00   2  17   8:29am   E  1020   72
19   76.4  84.9   5:00pm  67.1   7:32am    0   11  0.00   1  14   2:10pm ENE  1027   55
20   76.5  89.1   5:56pm  62.5   6:40am    0   12  0.00   1   9   1:17pm  SW  1025   59
21   81.5  93.3   5:11pm  66.9   6:28am    0   17  0.00   1  13   4:36pm  SW  1019   53
22   85.1  95.1   6:06pm  76.7   5:59am    0   20  0.00   1  16  11:45am  SW  1018   57
23   85.5  95.2   3:34pm  74.4   6:51am    0   20  0.00   1  14   1:27pm  SW  1017   54
24   87.4  96.4   4:25pm  80.1   6:19am    0   22  0.00   2  15   2:02pm  SW  1016   56
25   87.9 100.8   4:39pm  75.3   6:41am    0   23  0.00   1  13   1:30pm  NW  1017   53
26   84.9  94.6   5:01pm  76.0   6:57am    0   20  0.00   2  12   7:57am ENE  1020   63
27   81.3  95.1   3:04pm  72.4   9:18pm    0   16  1.47   2  15   6:19pm  SW  1018   73
28   76.2  87.5   1:43pm  71.7   5:42am    0   11  0.47   1   9   1:35pm SSW  1016   90
29   81.3  94.0   3:46pm  70.3   6:15am    0   16  0.03   1  16   9:33pm SSW  1014   73
30   77.6  92.2   5:24pm  71.8   6:00am    0   13  1.40   1  27   6:13pm SSW  1015   84
---------------------------------------------------------------------------------------
TOT  80.9 100.8  6/25/16  61.2   6/9/16    1  478  6.48   1  26  6/14/16  SW  1016   67

HEAT BASE: 65.0
COOL BASE: 65.0