NOAA-Style Climate Reports


Report for 2016 May
                  MONTHLY CLIMATOLOGICAL SUMMARY FOR 5/2016
                                        HEAT  COOL        
     MEAN                               DEG   DEG       WIND SPEED       DOM MEAN  MEAN
DAY  TEMP  HIGH   TIME     LOW   TIME   DAYS  DAYS RAIN AVG  HI  TIME    DIR BAROM HUM
---------------------------------------------------------------------------------------
1    73.3  82.9   2:10pm  67.7   3:24am    0    8  0.25   1   9   9:19am ESE  1016   88
2    74.8  84.7   2:19pm  68.8   6:31am    0   10  0.16   1  15   2:56pm  SW  1015   82
3    72.5  79.5   5:10pm  66.2  11:58pm    0    7  0.00   3  18   3:36pm  NW  1011   73
4    64.3  72.0   4:57pm  55.6   6:59am    3    2  0.00   3  22  10:20pm  NW  1008   61
5    55.9  63.6  12:54pm  50.6   4:33pm    9    0  0.13   4  26   8:10pm  NW  1008   72
6    59.4  71.3   4:43pm  47.2   6:23am    7    1  0.00   2  16  12:50pm  NW  1013   58
7    67.2  81.8   6:02pm  51.4   7:03am    4    6  0.00   2  18   3:00pm  NW  1014   55
8    74.9  87.8   5:43pm  62.7   6:08am    0   10  0.00   1  19  10:44am  NW  1015   51
9    73.0  85.0   3:09pm  61.6   5:35am    1    9  0.00   1  19   2:54pm  SW  1018   56
10   75.0  86.3   3:26pm  64.6   5:19am    0   10  0.00   2  16  11:40am  SW  1020   58
11   76.0  87.9   4:45pm  65.4   6:54am    0   11  0.00   2  12  12:45pm  SW  1021   68
12   77.5  89.1   4:02pm  68.9   6:49am    0   12  0.00   2  16   5:12pm  SW  1019   66
13   73.9  82.6   6:08pm  67.1   4:46am    0    9  0.00   3  17  12:51pm  NW  1016   65
14   70.8  82.7   5:09pm  57.5   6:52am    1    7  0.00   4  24   3:33pm  NW  1014   53
15   63.3  74.9   4:24pm  51.6   6:53am    4    3  0.00   4  14  12:03am  NW  1019   45
16   65.1  78.3   5:14pm  50.3   6:47am    4    4  0.00   2  15   9:13am ENE  1023   51
17   67.9  72.1   5:06pm  64.7  11:34am    0    3  0.34   2   9  12:54pm ENE  1020   83
18   72.8  81.1   5:48pm  65.9   6:53am    0    8  0.00   1  10   5:28pm   E  1016   78
19   67.9  72.0  12:00am  63.8  11:52pm    0    3  2.22   2  15   4:18pm ENE  1017   91
20   62.3  63.8  12:00am  60.6   8:06am    3    0  0.04   2  13   6:11am ENE  1020   95
21   68.2  79.9   5:09pm  60.3   7:29am    2    5  0.06   2  19   4:54pm  NW  1016   83
22   69.7  81.2   5:22pm  58.1   6:39am    1    6  0.00   3  16  10:43am  NW  1014   59
23   70.8  83.3   5:40pm  56.4   6:55am    2    8  0.00   1  12   4:30am  NW  1015   56
24   72.9  85.8   5:13pm  59.5   6:33am    1    9  0.00   1  13   4:18pm SSE  1020   58
25   76.1  88.2   4:50pm  61.5   6:46am    0   11  0.00   1  13   2:49pm  SW  1023   59
26   77.5  89.2   4:34pm  66.7   6:12am    0   13  0.00   1  14   3:29pm   S  1021   65
27   77.4  86.6   5:03pm  69.8   6:07am    0   12  0.00   1  10   1:56pm SSW  1019   63
28   76.1  86.7   4:19pm  64.4   6:55am    0   11  0.00   1  11   6:21pm   E  1020   65
29   74.4  80.3   4:06pm  69.9   6:58am    0    9  0.00   1  11   2:03pm   E  1019   73
30   78.3  92.1   4:43pm  64.9   6:45am    0   13  0.00   1  10   6:45pm  NW  1015   64
31   79.7  91.3   3:58pm  69.2   6:53am    0   15  0.00   2  11   4:32pm ENE  1014   67
---------------------------------------------------------------------------------------
TOT  71.3  92.1  5/30/16  47.2   5/6/16   42  236  3.20   2  26   5/5/16  NW  1017   67

HEAT BASE: 65.0
COOL BASE: 65.0