NOAA-Style Climate Reports


Report for 2016 April
                  MONTHLY CLIMATOLOGICAL SUMMARY FOR 4/2016
                                        HEAT  COOL        
     MEAN                               DEG   DEG       WIND SPEED       DOM MEAN  MEAN
DAY  TEMP  HIGH   TIME     LOW   TIME   DAYS  DAYS RAIN AVG  HI  TIME    DIR BAROM HUM
---------------------------------------------------------------------------------------
1    66.7  70.8   3:36pm  63.2   7:30am    0    2  0.94   2  15   1:03am SSW  1010   94
2    61.2  66.7   5:47pm  55.6   8:46am    4    0  0.16   3  24   3:10pm  NW  1010   62
3    59.4  73.4   5:18pm  48.7   7:49am    7    1  0.00   2  19   9:47am  NW  1019   38
4    62.3  78.5   5:37pm  44.2   7:26am    7    4  0.00   2  15   2:53pm   W  1019   52
5    63.0  73.8   5:15pm  53.4   7:39am    4    2  0.00   2  17   9:34am  NW  1022   35
6    55.6  66.0   6:33pm  42.7   7:23am    9    0  0.00   1  13   2:48pm ENE  1023   56
7    60.6  71.4   4:00pm  50.4   7:29am    6    1  0.29   3  23   3:14pm  SW  1011   66
8    57.4  65.0   3:44pm  52.4   7:46am    8    0  0.00   3  25   1:59pm  NW  1013   52
9    54.5  63.5   4:11pm  45.1   6:35am   10    0  0.00   4  27   9:43am  NW  1019   36
10   50.2  61.2   6:04pm  38.9   5:51am   15    0  0.00   1  11   8:40am   E  1028   50
11   59.6  74.0   3:23pm  48.0   2:41am    7    2  0.11   1  20   2:21pm ENE  1025   74
12   66.7  76.4   5:33pm  59.8   6:52am    2    3  0.17   2  19   2:32am  SW  1019   77
13   62.0  67.7   2:58pm  56.2   7:14am    3    0  0.00   2  17   8:30am   E  1023   68
14   62.5  70.3   3:56pm  56.1   6:34am    3    1  0.01   2  17  11:40am   E  1022   65
15   59.7  68.4   4:38pm  50.8   8:03am    6    0  0.00   3  23  11:42am ENE  1024   54
16   63.0  72.9   5:12pm  56.5   8:30am    4    2  0.00   2  15   9:28am   E  1027   46
17   61.5  75.7   5:14pm  45.9   6:52am    7    3  0.00   1  13   1:49pm ENE  1029   50
18   65.7  84.9   4:40pm  47.7   6:43am    6    6  0.00   1  14   3:19pm ENE  1027   53
19   69.3  85.0   3:43pm  51.6   6:41am    4    8  0.00   1  12  11:16am  SW  1022   54
20   73.0  85.0   5:26pm  62.6   4:45am    0    8  0.00   1  14   4:32pm   E  1019   50
21   69.4  80.5   3:49pm  57.8   7:18am    1    6  0.00   2  17   5:07pm  SW  1019   64
22   67.1  72.0   5:29pm  63.6  11:57pm    0    2  0.04   1  14  12:46pm SSW  1016   82
23   68.0  80.7   4:48pm  56.1   7:11am    2    5  0.00   2  13   2:46pm  NW  1014   68
24   68.0  81.9   5:22pm  53.0   6:56am    3    6  0.00   1  13   9:31am   E  1018   61
25   70.8  82.8   4:59pm  59.7   5:21am    1    7  0.00   2  14   2:47pm SSW  1017   69
26   73.2  84.1   4:36pm  62.3   6:33am    0    9  0.00   2  14   4:19pm SSW  1014   68
27   74.7  84.8   5:13pm  62.3   6:54am    0   10  0.00   2  17   4:46pm SSW  1012   68
28   75.7  86.7   5:24pm  66.7   5:31am    0   11  0.00   3  16   1:34pm  SW  1013   68
29   76.5  90.7   4:35pm  61.5   6:47am    0   12  0.00   1  10   2:22pm  SW  1015   56
30   73.3  86.3  12:56pm  65.3   7:17am    0    8  0.40   1  14   1:35pm SSW  1015   76
---------------------------------------------------------------------------------------
TOT  65.0  90.7  4/29/16  38.9  4/10/16  119  120  2.12   2  27   4/9/16  SW  1019   60

HEAT BASE: 65.0
COOL BASE: 65.0