NOAA-Style Climate Reports


Report for 2016 March
                  MONTHLY CLIMATOLOGICAL SUMMARY FOR 3/2016
                                        HEAT  COOL        
     MEAN                               DEG   DEG       WIND SPEED       DOM MEAN  MEAN
DAY  TEMP  HIGH   TIME     LOW   TIME   DAYS  DAYS RAIN AVG  HI  TIME    DIR BAROM HUM
---------------------------------------------------------------------------------------
1    60.0  73.0   3:07pm  46.8   6:02am    7    2  0.41   3  24   3:30pm SSW  1017   71
2    48.4  56.4  12:00am  41.8   8:07am   17    0  0.00   3  19   9:10am  NW  1019   63
3    42.1  52.2  12:29pm  38.0   7:03am   23    0  0.77   1  13   9:54am ENE  1021   73
4    48.8  60.9   4:21pm  39.6   2:06am   16    0  0.00   1  14   9:47am  NW  1019   73
5    51.9  64.0   3:37pm  38.2   7:09am   13    0  0.00   1  11   3:07pm  SW  1022   61
6    54.4  66.5   4:30pm  43.0   7:34am   11    0  0.00   1  14  12:02am  NW  1025   54
7    54.2  70.1   4:15pm  38.3   6:59am   11    1  0.00   1  13  10:39am SSW  1027   64
8    60.1  75.0   3:54pm  44.7   7:03am    7    2  0.00   1  13   3:01pm SSW  1026   70
9    65.3  78.3   4:08pm  54.2   6:40am    3    4  0.00   1  15   1:36pm SSW  1024   71
10   68.7  79.5   4:05pm  59.4   6:27am    2    5  0.00   3  18   2:37pm SSW  1023   71
11   70.9  81.2   4:42pm  62.4   7:18am    0    6  0.00   2  15   1:02am SSW  1022   73
12   71.2  81.3   2:41pm  59.7   6:23am    1    7  0.00   1  16   1:43pm SSW  1020   69
13   71.2  78.8   6:07pm  64.7   7:13am    0    6  0.17   3  21   4:14pm SSW  1013   71
14   67.6  78.7   5:31pm  56.8   7:40am    2    5  0.00   3  23   4:53pm  SW  1011   70
15   71.6  85.3   5:50pm  56.0   7:59am    1    8  0.00   2  15   2:22pm SSW  1012   59
16   72.5  83.5   3:47pm  62.0   7:15am    0    8  0.00   3  21   3:58pm SSW  1013   48
17   67.4  79.8   5:00pm  51.5   7:32am    3    6  0.00   1  16   1:54pm  NW  1014   38
18   66.9  78.6   4:14pm  52.6   8:10am    2    4  0.00   0   9  12:23pm SSW  1014   38
19   67.0  74.8   1:37pm  60.0   8:00am    1    3  0.00   2  16  11:48am  NW  1012   66
20   53.7  61.4  12:00am  44.3  11:56pm   11    0  0.00   3  23   7:08pm  NW  1015   58
21   48.6  59.3   4:57pm  38.7   7:31am   16    0  0.00   4  20  11:37am  NW  1024   49
22   54.6  69.6   6:01pm  38.1   7:32am   11    1  0.00   2  15   2:54pm SSW  1026   47
23   60.5  75.4   5:44pm  45.6   8:05am    7    2  0.00   1  16  12:15pm SSW  1023   53
24   64.8  77.2   4:11pm  52.3   7:46am    3    3  0.16   2  20   4:55pm  SW  1016   69
25   66.2  71.7   4:40pm  62.1  11:56pm    1    2  0.00   3  15   1:11pm SSW  1012   80
26   61.6  63.8   3:36pm  59.9   5:03am    3    0  0.20   1   9   7:45pm  NE  1020   95
27   62.6  65.0   4:14pm  60.8  12:00am    2    0  0.16   1   7  12:02pm ENE  1020   97
28   66.3  75.4   3:44pm  58.2  11:58pm    2    3  0.01   2  21   1:44pm  NW  1016   64
29   58.9  70.8   6:00pm  44.4   7:24am    7    1  0.00   1  11  10:18am   E  1021   51
30   61.4  73.7   4:11pm  48.4   6:08am    6    2  0.00   1  17   3:17pm ESE  1024   58
31   67.0  74.7   2:43pm  63.2  12:08am    0    2  0.31   2  16   1:02pm  SW  1015   86
---------------------------------------------------------------------------------------
TOT  61.5  85.3  3/15/16  38.0   3/3/16  192   83  2.19   2  24   3/1/16 SSW  1019   65

HEAT BASE: 65.0
COOL BASE: 65.0