NOAA-Style Climate Reports


Report for 2016 February
                  MONTHLY CLIMATOLOGICAL SUMMARY FOR 2/2016
                                        HEAT  COOL        
     MEAN                               DEG   DEG       WIND SPEED       DOM MEAN  MEAN
DAY  TEMP  HIGH   TIME     LOW   TIME   DAYS  DAYS RAIN AVG  HI  TIME    DIR BAROM HUM
---------------------------------------------------------------------------------------
1    59.8  67.9   4:31pm  55.1   6:51am    5    0  0.04   2  13   3:10pm SSW  1017   88
2    62.2  75.3   3:24pm  56.2   8:27am    4    1  0.14   1  17   2:08pm   E  1019   91
3    63.2  68.7   8:05am  54.3  11:51pm    3    1  1.27   2  21   7:09am   S  1015   93
4    51.1  60.7   2:56pm  41.8  11:56pm   14    0  0.00   3  18  11:39pm  NW  1018   61
5    42.5  53.3   4:27pm  33.6   7:41am   23    0  0.00   3  21   1:35am  NW  1029   44
6    42.2  52.7   3:29pm  32.4   4:03am   23    0  0.00   1  11   3:15pm ENE  1029   52
7    45.2  58.3   3:46pm  32.4   7:40am   20    0  0.00   2  13   4:23pm NNW  1020   48
8    45.3  54.9   2:19pm  38.7   7:40am   20    0  0.00   3  28  10:56pm   W  1012   49
9    35.0  39.0  12:00am  28.8  11:58pm   30    0  0.01   3  26  12:03am  NW  1013   67
10   31.3  38.3   4:39pm  24.6   7:39am   34    0  0.00   5  25   3:08am  NW  1021   51
11   42.1  56.4   4:27pm  31.1   7:36am   23    0  0.00   0  12   2:12pm  NW  1024   46
12   45.5  61.4   4:09pm  35.0   3:31am   19    0  0.00   1  23   9:03pm  NW  1022   57
13   39.5  47.7   3:52pm  32.3   7:45am   25    0  0.00   3  21  12:44am  NW  1027   41
14   36.4  45.5   3:48pm  29.6   7:53am   29    0  0.00   1  16   9:14am   E  1030   37
15   36.4  44.5   4:06pm  32.1   6:55am   29    0  0.40   2  16   7:03pm   E  1022   62
16   49.4  62.0   4:54pm  37.0   3:14am   16    0  0.03   2  16   1:41pm  NW  1012   73
17   50.0  60.9   3:24pm  41.3  11:56pm   15    0  0.00   3  14   9:37am  NW  1021   68
18   47.1  61.7   4:42pm  33.2   7:29am   18    0  0.00   0  11  10:39am  NW  1031   62
19   51.0  65.0   4:48pm  36.9   7:38am   14    0  0.00   1  15   4:09pm SSW  1031   57
20   54.3  63.6   3:35pm  44.4   3:59am   11    0  0.00   1  10  11:48am SSW  1025   78
21   60.1  69.4   3:13pm  52.3   5:36am    5    0  0.09   1  14  11:44am  SW  1020   88
22   61.0  63.7  12:48pm  58.8  11:58pm    4    0  0.54   1   9  12:49pm SSW  1015   94
23   52.8  58.9  12:01am  50.1   8:02pm   12    0  0.81   2  16   8:59pm ENE  1013   97
24   56.5  67.6   9:32am  43.7  11:57pm    9    0  0.45   4  33   9:36am SSW  1004   80
25   45.8  51.6   2:58pm  41.5   6:20am   19    0  0.00   4  26  12:20pm  NW  1017   61
26   45.0  55.5   4:57pm  38.0   7:23am   20    0  0.00   2  20  10:02am WNW  1024   54
27   47.9  61.6   4:16pm  35.2   7:31am   17    0  0.00   1  13   1:44pm WNW  1025   52
28   53.7  69.3   3:57pm  35.7   7:23am   12    1  0.00   2  18   1:49pm SSW  1023   51
29   60.6  72.7   4:03pm  50.1   7:36am    6    2  0.00   2  20   2:34pm  SW  1019   55
---------------------------------------------------------------------------------------
TOT  48.7  75.3   2/2/16  24.6  2/10/16  478    5  3.78   2  33  2/24/16  NW  1021   64

HEAT BASE: 65.0
COOL BASE: 65.0